136.243.228.178 - - [28/Jul/2026:05:54:37 +0530] "GET /?k=381363027 HTTP/1.1" 200 77811 "-" "Mozilla/5.0 (compatible; DataForSeoBot/1.0; +https://dataforseo.com/dataforseo-bot)"
136.243.228.178 - - [28/Jul/2026:05:54:41 +0530] "GET /?z=42459772349 HTTP/1.1" 200 77811 "-" "Mozilla/5.0 (compatible; DataForSeoBot/1.0; +https://dataforseo.com/dataforseo-bot)"
136.243.228.178 - - [28/Jul/2026:05:54:45 +0530] "GET /?g=273424893 HTTP/1.1" 200 77811 "-" "Mozilla/5.0 (compatible; DataForSeoBot/1.0; +https://dataforseo.com/dataforseo-bot)"
136.243.228.178 - - [28/Jul/2026:05:54:49 +0530] "GET /?p=1905935608 HTTP/1.1" 404 41071 "-" "Mozilla/5.0 (compatible; DataForSeoBot/1.0; +https://dataforseo.com/dataforseo-bot)"
136.243.228.178 - - [28/Jul/2026:05:54:53 +0530] "GET /?u=197476647 HTTP/1.1" 200 77811 "-" "Mozilla/5.0 (compatible; DataForSeoBot/1.0; +https://dataforseo.com/dataforseo-bot)"
136.243.228.178 - - [28/Jul/2026:05:54:57 +0530] "GET /?o=82194333073 HTTP/1.1" 200 77811 "-" "Mozilla/5.0 (compatible; DataForSeoBot/1.0; +https://dataforseo.com/dataforseo-bot)"
136.243.228.178 - - [28/Jul/2026:05:55:01 +0530] "GET /?o=75435813964 HTTP/1.1" 200 77811 "-" "Mozilla/5.0 (compatible; DataForSeoBot/1.0; +https://dataforseo.com/dataforseo-bot)"
136.243.228.178 - - [28/Jul/2026:05:55:05 +0530] "GET /?g=3307397914 HTTP/1.1" 200 77811 "-" "Mozilla/5.0 (compatible; DataForSeoBot/1.0; +https://dataforseo.com/dataforseo-bot)"
136.243.228.178 - - [28/Jul/2026:05:55:09 +0530] "GET /?w=152388462 HTTP/1.1" 404 41071 "-" "Mozilla/5.0 (compatible; DataForSeoBot/1.0; +https://dataforseo.com/dataforseo-bot)"
136.243.228.178 - - [28/Jul/2026:05:55:13 +0530] "GET /?f=4544071190 HTTP/1.1" 200 77811 "-" "Mozilla/5.0 (compatible; DataForSeoBot/1.0; +https://dataforseo.com/dataforseo-bot)"
136.243.228.178 - - [28/Jul/2026:05:55:17 +0530] "GET /?i=4750676772 HTTP/1.1" 200 77811 "-" "Mozilla/5.0 (compatible; DataForSeoBot/1.0; +https://dataforseo.com/dataforseo-bot)"
136.243.228.178 - - [28/Jul/2026:05:55:21 +0530] "GET /?i=250267666 HTTP/1.1" 200 77811 "-" "Mozilla/5.0 (compatible; DataForSeoBot/1.0; +https://dataforseo.com/dataforseo-bot)"
136.243.228.178 - - [28/Jul/2026:05:55:25 +0530] "GET /?l=1706925960 HTTP/1.1" 200 77811 "-" "Mozilla/5.0 (compatible; DataForSeoBot/1.0; +https://dataforseo.com/dataforseo-bot)"
136.243.228.178 - - [28/Jul/2026:05:55:29 +0530] "GET /?s=404045407 HTTP/1.1" 200 51860 "-" "Mozilla/5.0 (compatible; DataForSeoBot/1.0; +https://dataforseo.com/dataforseo-bot)"
136.243.228.178 - - [28/Jul/2026:05:55:33 +0530] "GET /?u=64268633345 HTTP/1.1" 200 77811 "-" "Mozilla/5.0 (compatible; DataForSeoBot/1.0; +https://dataforseo.com/dataforseo-bot)"
136.243.228.178 - - [28/Jul/2026:05:55:37 +0530] "GET /?k=64795630733 HTTP/1.1" 200 77811 "-" "Mozilla/5.0 (compatible; DataForSeoBot/1.0; +https://dataforseo.com/dataforseo-bot)"
136.243.228.178 - - [28/Jul/2026:05:55:41 +0530] "GET /?k=2588167411 HTTP/1.1" 200 77811 "-" "Mozilla/5.0 (compatible; DataForSeoBot/1.0; +https://dataforseo.com/dataforseo-bot)"
136.243.228.178 - - [28/Jul/2026:05:55:45 +0530] "GET /?l=5275111657 HTTP/1.1" 200 77811 "-" "Mozilla/5.0 (compatible; DataForSeoBot/1.0; +https://dataforseo.com/dataforseo-bot)"
136.243.228.178 - - [28/Jul/2026:05:55:49 +0530] "GET /?x=3635159408 HTTP/1.1" 200 77811 "-" "Mozilla/5.0 (compatible; DataForSeoBot/1.0; +https://dataforseo.com/dataforseo-bot)"
136.243.228.178 - - [28/Jul/2026:05:55:53 +0530] "GET /?u=280823689 HTTP/1.1" 200 77811 "-" "Mozilla/5.0 (compatible; DataForSeoBot/1.0; +https://dataforseo.com/dataforseo-bot)"
136.243.228.178 - - [28/Jul/2026:05:55:57 +0530] "GET /?m=43262461958 HTTP/1.1" 404 41071 "-" "Mozilla/5.0 (compatible; DataForSeoBot/1.0; +https://dataforseo.com/dataforseo-bot)"
136.243.228.178 - - [28/Jul/2026:05:56:01 +0530] "GET /?y=2620872305 HTTP/1.1" 200 77811 "-" "Mozilla/5.0 (compatible; DataForSeoBot/1.0; +https://dataforseo.com/dataforseo-bot)"
136.243.228.178 - - [28/Jul/2026:05:56:05 +0530] "GET /?x=375029750 HTTP/1.1" 200 77811 "-" "Mozilla/5.0 (compatible; DataForSeoBot/1.0; +https://dataforseo.com/dataforseo-bot)"
136.243.228.178 - - [28/Jul/2026:05:56:09 +0530] "GET /?y=548676583 HTTP/1.1" 200 77811 "-" "Mozilla/5.0 (compatible; DataForSeoBot/1.0; +https://dataforseo.com/dataforseo-bot)"
136.243.228.178 - - [28/Jul/2026:05:56:13 +0530] "GET /?d=454901083 HTTP/1.1" 200 77811 "-" "Mozilla/5.0 (compatible; DataForSeoBot/1.0; +https://dataforseo.com/dataforseo-bot)"
136.243.228.178 - - [28/Jul/2026:05:56:17 +0530] "GET /?z=61697087682 HTTP/1.1" 200 77811 "-" "Mozilla/5.0 (compatible; DataForSeoBot/1.0; +https://dataforseo.com/dataforseo-bot)"
136.243.228.178 - - [28/Jul/2026:05:56:21 +0530] "GET /?g=513541272 HTTP/1.1" 200 77811 "-" "Mozilla/5.0 (compatible; DataForSeoBot/1.0; +https://dataforseo.com/dataforseo-bot)"
136.243.228.178 - - [28/Jul/2026:05:56:25 +0530] "GET /?q=4485214808 HTTP/1.1" 200 77811 "-" "Mozilla/5.0 (compatible; DataForSeoBot/1.0; +https://dataforseo.com/dataforseo-bot)"
136.243.228.178 - - [28/Jul/2026:05:56:29 +0530] "GET /?k=409766592 HTTP/1.1" 200 77811 "-" "Mozilla/5.0 (compatible; DataForSeoBot/1.0; +https://dataforseo.com/dataforseo-bot)"
136.243.228.178 - - [28/Jul/2026:05:56:33 +0530] "GET /?x=315045712 HTTP/1.1" 200 77811 "-" "Mozilla/5.0 (compatible; DataForSeoBot/1.0; +https://dataforseo.com/dataforseo-bot)"
136.243.228.178 - - [28/Jul/2026:05:56:37 +0530] "GET /?v=3237825293 HTTP/1.1" 200 77811 "-" "Mozilla/5.0 (compatible; DataForSeoBot/1.0; +https://dataforseo.com/dataforseo-bot)"
136.243.228.178 - - [28/Jul/2026:05:56:41 +0530] "GET /?h=92740342706 HTTP/1.1" 200 77811 "-" "Mozilla/5.0 (compatible; DataForSeoBot/1.0; +https://dataforseo.com/dataforseo-bot)"
136.243.228.178 - - [28/Jul/2026:05:56:45 +0530] "GET /?s=41291310879 HTTP/1.1" 200 51876 "-" "Mozilla/5.0 (compatible; DataForSeoBot/1.0; +https://dataforseo.com/dataforseo-bot)"
136.243.228.178 - - [28/Jul/2026:05:56:49 +0530] "GET /?q=374590068 HTTP/1.1" 200 77811 "-" "Mozilla/5.0 (compatible; DataForSeoBot/1.0; +https://dataforseo.com/dataforseo-bot)"
136.243.228.178 - - [28/Jul/2026:05:56:53 +0530] "GET /?d=422767585 HTTP/1.1" 200 77811 "-" "Mozilla/5.0 (compatible; DataForSeoBot/1.0; +https://dataforseo.com/dataforseo-bot)"
136.243.228.178 - - [28/Jul/2026:05:56:57 +0530] "GET /?a=238896995 HTTP/1.1" 200 77811 "-" "Mozilla/5.0 (compatible; DataForSeoBot/1.0; +https://dataforseo.com/dataforseo-bot)"
136.243.228.178 - - [28/Jul/2026:05:57:01 +0530] "GET /?z=2988656360 HTTP/1.1" 200 77811 "-" "Mozilla/5.0 (compatible; DataForSeoBot/1.0; +https://dataforseo.com/dataforseo-bot)"
136.243.228.178 - - [28/Jul/2026:05:57:05 +0530] "GET /?c=325597300 HTTP/1.1" 200 77811 "-" "Mozilla/5.0 (compatible; DataForSeoBot/1.0; +https://dataforseo.com/dataforseo-bot)"
136.243.228.178 - - [28/Jul/2026:05:57:09 +0530] "GET /?n=15174871609 HTTP/1.1" 200 77811 "-" "Mozilla/5.0 (compatible; DataForSeoBot/1.0; +https://dataforseo.com/dataforseo-bot)"
136.243.228.178 - - [28/Jul/2026:05:57:13 +0530] "GET /?y=269123049 HTTP/1.1" 200 77811 "-" "Mozilla/5.0 (compatible; DataForSeoBot/1.0; +https://dataforseo.com/dataforseo-bot)"
136.243.228.178 - - [28/Jul/2026:05:57:17 +0530] "GET /?d=510775577 HTTP/1.1" 200 77811 "-" "Mozilla/5.0 (compatible; DataForSeoBot/1.0; +https://dataforseo.com/dataforseo-bot)"
136.243.228.178 - - [28/Jul/2026:05:57:21 +0530] "GET /?l=84138619103 HTTP/1.1" 200 77811 "-" "Mozilla/5.0 (compatible; DataForSeoBot/1.0; +https://dataforseo.com/dataforseo-bot)"
136.243.228.178 - - [28/Jul/2026:05:57:25 +0530] "GET /?e=3126229354 HTTP/1.1" 200 77811 "-" "Mozilla/5.0 (compatible; DataForSeoBot/1.0; +https://dataforseo.com/dataforseo-bot)"
136.243.228.178 - - [28/Jul/2026:05:57:29 +0530] "GET /?f=4158956963 HTTP/1.1" 200 77811 "-" "Mozilla/5.0 (compatible; DataForSeoBot/1.0; +https://dataforseo.com/dataforseo-bot)"
136.243.228.178 - - [28/Jul/2026:05:57:33 +0530] "GET /?x=283530147 HTTP/1.1" 200 77811 "-" "Mozilla/5.0 (compatible; DataForSeoBot/1.0; +https://dataforseo.com/dataforseo-bot)"
136.243.228.178 - - [28/Jul/2026:05:57:37 +0530] "GET /?j=433078722 HTTP/1.1" 200 77811 "-" "Mozilla/5.0 (compatible; DataForSeoBot/1.0; +https://dataforseo.com/dataforseo-bot)"
136.243.228.178 - - [28/Jul/2026:05:57:41 +0530] "GET /?s=3494486335 HTTP/1.1" 200 51868 "-" "Mozilla/5.0 (compatible; DataForSeoBot/1.0; +https://dataforseo.com/dataforseo-bot)"
136.243.228.178 - - [28/Jul/2026:05:57:45 +0530] "GET /?k=326242885 HTTP/1.1" 200 77811 "-" "Mozilla/5.0 (compatible; DataForSeoBot/1.0; +https://dataforseo.com/dataforseo-bot)"
136.243.228.178 - - [28/Jul/2026:05:57:49 +0530] "GET /?y=3873047105 HTTP/1.1" 200 77811 "-" "Mozilla/5.0 (compatible; DataForSeoBot/1.0; +https://dataforseo.com/dataforseo-bot)"
136.243.228.178 - - [28/Jul/2026:05:57:53 +0530] "GET /?t=165189749 HTTP/1.1" 200 77811 "-" "Mozilla/5.0 (compatible; DataForSeoBot/1.0; +https://dataforseo.com/dataforseo-bot)"
136.243.228.178 - - [28/Jul/2026:05:57:57 +0530] "GET /?j=74794128624 HTTP/1.1" 200 77811 "-" "Mozilla/5.0 (compatible; DataForSeoBot/1.0; +https://dataforseo.com/dataforseo-bot)"
136.243.228.178 - - [28/Jul/2026:05:58:01 +0530] "GET /?m=54757419161 HTTP/1.1" 404 41071 "-" "Mozilla/5.0 (compatible; DataForSeoBot/1.0; +https://dataforseo.com/dataforseo-bot)"
136.243.228.178 - - [28/Jul/2026:05:58:05 +0530] "GET /?y=1343828884 HTTP/1.1" 200 77811 "-" "Mozilla/5.0 (compatible; DataForSeoBot/1.0; +https://dataforseo.com/dataforseo-bot)"
136.243.228.178 - - [28/Jul/2026:05:58:09 +0530] "GET /?d=43090764527 HTTP/1.1" 200 77811 "-" "Mozilla/5.0 (compatible; DataForSeoBot/1.0; +https://dataforseo.com/dataforseo-bot)"
136.243.228.178 - - [28/Jul/2026:05:58:13 +0530] "GET /?j=31776209142 HTTP/1.1" 200 77811 "-" "Mozilla/5.0 (compatible; DataForSeoBot/1.0; +https://dataforseo.com/dataforseo-bot)"
136.243.228.178 - - [28/Jul/2026:05:58:17 +0530] "GET /?m=2639489851 HTTP/1.1" 404 41071 "-" "Mozilla/5.0 (compatible; DataForSeoBot/1.0; +https://dataforseo.com/dataforseo-bot)"
136.243.228.178 - - [28/Jul/2026:05:58:21 +0530] "GET /?x=181393437 HTTP/1.1" 200 77811 "-" "Mozilla/5.0 (compatible; DataForSeoBot/1.0; +https://dataforseo.com/dataforseo-bot)"
136.243.228.178 - - [28/Jul/2026:05:58:25 +0530] "GET /?d=2442076957 HTTP/1.1" 200 77811 "-" "Mozilla/5.0 (compatible; DataForSeoBot/1.0; +https://dataforseo.com/dataforseo-bot)"
136.243.228.178 - - [28/Jul/2026:05:58:29 +0530] "GET /?a=2719949899 HTTP/1.1" 200 77811 "-" "Mozilla/5.0 (compatible; DataForSeoBot/1.0; +https://dataforseo.com/dataforseo-bot)"
136.243.228.178 - - [28/Jul/2026:05:58:33 +0530] "GET /?a=2184487760 HTTP/1.1" 200 77811 "-" "Mozilla/5.0 (compatible; DataForSeoBot/1.0; +https://dataforseo.com/dataforseo-bot)"
136.243.228.178 - - [28/Jul/2026:05:58:37 +0530] "GET /?k=62134411312 HTTP/1.1" 200 77811 "-" "Mozilla/5.0 (compatible; DataForSeoBot/1.0; +https://dataforseo.com/dataforseo-bot)"
136.243.228.178 - - [28/Jul/2026:05:58:41 +0530] "GET /?a=65306886164 HTTP/1.1" 200 77811 "-" "Mozilla/5.0 (compatible; DataForSeoBot/1.0; +https://dataforseo.com/dataforseo-bot)"
136.243.228.178 - - [28/Jul/2026:05:58:45 +0530] "GET /?t=236452173 HTTP/1.1" 200 77811 "-" "Mozilla/5.0 (compatible; DataForSeoBot/1.0; +https://dataforseo.com/dataforseo-bot)"
17.246.23.51 - - [28/Jul/2026:05:58:47 +0530] "GET /senior-wellness-city/ HTTP/1.1" 200 48980 "-" "Mozilla/5.0 (Macintosh; Intel Mac OS X 10_15_7) AppleWebKit/605.1.15 (KHTML, like Gecko) Version/17.4 Safari/605.1.15 (Applebot/0.1; +http://www.apple.com/go/applebot)"
136.243.228.178 - - [28/Jul/2026:05:58:49 +0530] "GET /?q=2887578535 HTTP/1.1" 200 77811 "-" "Mozilla/5.0 (compatible; DataForSeoBot/1.0; +https://dataforseo.com/dataforseo-bot)"
136.243.228.178 - - [28/Jul/2026:05:58:53 +0530] "GET /?d=1722264920 HTTP/1.1" 200 77811 "-" "Mozilla/5.0 (compatible; DataForSeoBot/1.0; +https://dataforseo.com/dataforseo-bot)"
136.243.228.178 - - [28/Jul/2026:05:58:57 +0530] "GET /?k=85530410152 HTTP/1.1" 200 77811 "-" "Mozilla/5.0 (compatible; DataForSeoBot/1.0; +https://dataforseo.com/dataforseo-bot)"
136.243.228.178 - - [28/Jul/2026:05:59:01 +0530] "GET /?n=1404563484 HTTP/1.1" 200 77811 "-" "Mozilla/5.0 (compatible; DataForSeoBot/1.0; +https://dataforseo.com/dataforseo-bot)"
188.40.203.66 - - [28/Jul/2026:05:59:03 +0530] "POST /wp-cron.php?doing_wp_cron=1785198543.7572050094604492187500 HTTP/1.1" 200 - "-" "WordPress/7.0; https://inf.websparkit.com"
64.16.133.19 - - [28/Jul/2026:05:59:02 +0530] "GET /2026/07/22/moderne-strategien-im-glucksspielbereich-inklusive/ HTTP/1.1" 200 70987 "-" "Mozilla/5.0 (Macintosh; Intel Mac OS X 10_15_7) AppleWebKit/537.36 (KHTML, like Gecko) Chrome/104.0.0.0 Safari/537.36"
136.243.228.178 - - [28/Jul/2026:05:59:05 +0530] "GET /?h=141683690 HTTP/1.1" 200 77811 "-" "Mozilla/5.0 (compatible; DataForSeoBot/1.0; +https://dataforseo.com/dataforseo-bot)"
64.16.133.71 - - [28/Jul/2026:05:59:04 +0530] "GET /2026/07/26/winmatch-360-200/ HTTP/1.1" 200 78454 "-" "Mozilla/5.0 (Macintosh; Intel Mac OS X 10_15_7) AppleWebKit/537.36 (KHTML, like Gecko) Chrome/104.0.0.0 Safari/537.36"
64.16.133.135 - - [28/Jul/2026:05:59:07 +0530] "GET /2026/07/24/particular-estrategia-con-chicken-road-casino-y/ HTTP/1.1" 200 66955 "-" "Mozilla/5.0 (Macintosh; Intel Mac OS X 10_15_7) AppleWebKit/537.36 (KHTML, like Gecko) Chrome/104.0.0.0 Safari/537.36"
136.243.228.178 - - [28/Jul/2026:05:59:09 +0530] "GET /?e=1458787896 HTTP/1.1" 200 77811 "-" "Mozilla/5.0 (compatible; DataForSeoBot/1.0; +https://dataforseo.com/dataforseo-bot)"
139.190.224.177 - - [28/Jul/2026:05:59:08 +0530] "GET /2026/07/07/ice-casino-50-free-spins-ice-casino-kod-na-darmowe-spiny/ HTTP/1.1" 200 61407 "-" "Mozilla/5.0 (Macintosh; Intel Mac OS X 10_15_7) AppleWebKit/537.36 (KHTML, like Gecko) Chrome/104.0.0.0 Safari/537.36"
64.16.133.57 - - [28/Jul/2026:05:59:10 +0530] "GET /2026/07/12/ruletti-bonus-pienella-minimitalletuksella-opas-pelaajille/ HTTP/1.1" 200 58183 "-" "Mozilla/5.0 (Macintosh; Intel Mac OS X 10_15_7) AppleWebKit/537.36 (KHTML, like Gecko) Chrome/104.0.0.0 Safari/537.36"
136.243.228.178 - - [28/Jul/2026:05:59:13 +0530] "GET /?f=3257479411 HTTP/1.1" 200 77811 "-" "Mozilla/5.0 (compatible; DataForSeoBot/1.0; +https://dataforseo.com/dataforseo-bot)"
102.129.247.188 - - [28/Jul/2026:05:59:13 +0530] "GET /2026/07/21/experiencias-vibrantes-e-a-dinamica-do-fortune-3-2/ HTTP/1.1" 200 71644 "-" "Mozilla/5.0 (Macintosh; Intel Mac OS X 10_15_7) AppleWebKit/537.36 (KHTML, like Gecko) Chrome/104.0.0.0 Safari/537.36"
87.246.9.61 - - [28/Jul/2026:05:59:15 +0530] "GET /2026/07/25/haziran-frsatlar-sweet-bonanza-macerasna-renk/ HTTP/1.1" 200 69643 "-" "Mozilla/5.0 (Macintosh; Intel Mac OS X 10_15_7) AppleWebKit/537.36 (KHTML, like Gecko) Chrome/104.0.0.0 Safari/537.36"
136.243.228.178 - - [28/Jul/2026:05:59:17 +0530] "GET /?f=160742316 HTTP/1.1" 200 77811 "-" "Mozilla/5.0 (compatible; DataForSeoBot/1.0; +https://dataforseo.com/dataforseo-bot)"
93.92.20.214 - - [28/Jul/2026:05:59:17 +0530] "GET /2026/07/22/essentielles-strategies-de-gain-avec-smashcasino/ HTTP/1.1" 200 68850 "-" "Mozilla/5.0 (Macintosh; Intel Mac OS X 10_15_7) AppleWebKit/537.36 (KHTML, like Gecko) Chrome/104.0.0.0 Safari/537.36"
93.92.20.252 - - [28/Jul/2026:05:59:19 +0530] "GET /2026/07/19/aktuelle-diskussionen-analysieren-die-auswirkungen/ HTTP/1.1" 200 68524 "-" "Mozilla/5.0 (Macintosh; Intel Mac OS X 10_15_7) AppleWebKit/537.36 (KHTML, like Gecko) Chrome/104.0.0.0 Safari/537.36"
136.243.228.178 - - [28/Jul/2026:05:59:21 +0530] "GET /?i=2593008348 HTTP/1.1" 200 77811 "-" "Mozilla/5.0 (compatible; DataForSeoBot/1.0; +https://dataforseo.com/dataforseo-bot)"
64.16.133.188 - - [28/Jul/2026:05:59:21 +0530] "GET /2026/07/09/roulette-app-deutschland-casino-review/ HTTP/1.1" 200 60984 "-" "Mozilla/5.0 (Macintosh; Intel Mac OS X 10_15_7) AppleWebKit/537.36 (KHTML, like Gecko) Chrome/104.0.0.0 Safari/537.36"
136.243.228.178 - - [28/Jul/2026:05:59:25 +0530] "GET /?q=4351914638 HTTP/1.1" 200 77811 "-" "Mozilla/5.0 (compatible; DataForSeoBot/1.0; +https://dataforseo.com/dataforseo-bot)"
136.243.228.178 - - [28/Jul/2026:05:59:29 +0530] "GET /?f=291196201 HTTP/1.1" 200 77811 "-" "Mozilla/5.0 (compatible; DataForSeoBot/1.0; +https://dataforseo.com/dataforseo-bot)"
136.243.228.178 - - [28/Jul/2026:05:59:33 +0530] "GET /?m=3326063826 HTTP/1.1" 404 41071 "-" "Mozilla/5.0 (compatible; DataForSeoBot/1.0; +https://dataforseo.com/dataforseo-bot)"
136.243.228.178 - - [28/Jul/2026:05:59:37 +0530] "GET /?p=181886977 HTTP/1.1" 404 41071 "-" "Mozilla/5.0 (compatible; DataForSeoBot/1.0; +https://dataforseo.com/dataforseo-bot)"
136.243.228.178 - - [28/Jul/2026:05:59:41 +0530] "GET /?p=2008421387 HTTP/1.1" 404 41071 "-" "Mozilla/5.0 (compatible; DataForSeoBot/1.0; +https://dataforseo.com/dataforseo-bot)"
136.243.228.178 - - [28/Jul/2026:05:59:45 +0530] "GET /?q=386492261 HTTP/1.1" 200 77811 "-" "Mozilla/5.0 (compatible; DataForSeoBot/1.0; +https://dataforseo.com/dataforseo-bot)"
136.243.228.178 - - [28/Jul/2026:05:59:50 +0530] "GET /?x=24248346615 HTTP/1.1" 200 77811 "-" "Mozilla/5.0 (compatible; DataForSeoBot/1.0; +https://dataforseo.com/dataforseo-bot)"
136.243.228.178 - - [28/Jul/2026:05:59:54 +0530] "GET /?e=216270744 HTTP/1.1" 200 77811 "-" "Mozilla/5.0 (compatible; DataForSeoBot/1.0; +https://dataforseo.com/dataforseo-bot)"
136.243.228.178 - - [28/Jul/2026:05:59:58 +0530] "GET /?b=35418379718 HTTP/1.1" 200 77811 "-" "Mozilla/5.0 (compatible; DataForSeoBot/1.0; +https://dataforseo.com/dataforseo-bot)"
136.243.228.178 - - [28/Jul/2026:06:00:02 +0530] "GET /?q=73128478182 HTTP/1.1" 200 77811 "-" "Mozilla/5.0 (compatible; DataForSeoBot/1.0; +https://dataforseo.com/dataforseo-bot)"
136.243.228.178 - - [28/Jul/2026:06:00:06 +0530] "GET /?s=340971787 HTTP/1.1" 200 51860 "-" "Mozilla/5.0 (compatible; DataForSeoBot/1.0; +https://dataforseo.com/dataforseo-bot)"
136.243.228.178 - - [28/Jul/2026:06:00:10 +0530] "GET /?o=52813955130 HTTP/1.1" 200 77811 "-" "Mozilla/5.0 (compatible; DataForSeoBot/1.0; +https://dataforseo.com/dataforseo-bot)"
136.243.228.178 - - [28/Jul/2026:06:00:14 +0530] "GET /?v=159945019 HTTP/1.1" 200 77811 "-" "Mozilla/5.0 (compatible; DataForSeoBot/1.0; +https://dataforseo.com/dataforseo-bot)"
136.243.228.178 - - [28/Jul/2026:06:00:18 +0530] "GET /?c=272450819 HTTP/1.1" 200 77811 "-" "Mozilla/5.0 (compatible; DataForSeoBot/1.0; +https://dataforseo.com/dataforseo-bot)"
136.243.228.178 - - [28/Jul/2026:06:00:22 +0530] "GET /?r=151355483 HTTP/1.1" 200 77811 "-" "Mozilla/5.0 (compatible; DataForSeoBot/1.0; +https://dataforseo.com/dataforseo-bot)"
136.243.228.178 - - [28/Jul/2026:06:00:26 +0530] "GET /?f=4300957626 HTTP/1.1" 200 77811 "-" "Mozilla/5.0 (compatible; DataForSeoBot/1.0; +https://dataforseo.com/dataforseo-bot)"
136.243.228.178 - - [28/Jul/2026:06:00:30 +0530] "GET /?p=1459900199 HTTP/1.1" 404 41071 "-" "Mozilla/5.0 (compatible; DataForSeoBot/1.0; +https://dataforseo.com/dataforseo-bot)"
136.243.228.178 - - [28/Jul/2026:06:00:34 +0530] "GET /?w=82594237761 HTTP/1.1" 404 41071 "-" "Mozilla/5.0 (compatible; DataForSeoBot/1.0; +https://dataforseo.com/dataforseo-bot)"
136.243.228.178 - - [28/Jul/2026:06:00:38 +0530] "GET /?b=42243545682 HTTP/1.1" 200 77811 "-" "Mozilla/5.0 (compatible; DataForSeoBot/1.0; +https://dataforseo.com/dataforseo-bot)"
136.243.228.178 - - [28/Jul/2026:06:00:42 +0530] "GET /?l=272087684 HTTP/1.1" 200 77811 "-" "Mozilla/5.0 (compatible; DataForSeoBot/1.0; +https://dataforseo.com/dataforseo-bot)"
136.243.228.178 - - [28/Jul/2026:06:00:46 +0530] "GET /?j=365302200 HTTP/1.1" 200 77811 "-" "Mozilla/5.0 (compatible; DataForSeoBot/1.0; +https://dataforseo.com/dataforseo-bot)"
136.243.228.178 - - [28/Jul/2026:06:00:50 +0530] "GET /?c=4521005457 HTTP/1.1" 200 77811 "-" "Mozilla/5.0 (compatible; DataForSeoBot/1.0; +https://dataforseo.com/dataforseo-bot)"
136.243.228.178 - - [28/Jul/2026:06:00:54 +0530] "GET /?e=2839763560 HTTP/1.1" 200 77811 "-" "Mozilla/5.0 (compatible; DataForSeoBot/1.0; +https://dataforseo.com/dataforseo-bot)"
136.243.228.178 - - [28/Jul/2026:06:00:58 +0530] "GET /?q=467889020 HTTP/1.1" 200 77811 "-" "Mozilla/5.0 (compatible; DataForSeoBot/1.0; +https://dataforseo.com/dataforseo-bot)"
136.243.228.178 - - [28/Jul/2026:06:01:02 +0530] "GET /?j=514936400 HTTP/1.1" 200 77811 "-" "Mozilla/5.0 (compatible; DataForSeoBot/1.0; +https://dataforseo.com/dataforseo-bot)"
136.243.228.178 - - [28/Jul/2026:06:01:06 +0530] "GET /?j=197916994 HTTP/1.1" 200 77811 "-" "Mozilla/5.0 (compatible; DataForSeoBot/1.0; +https://dataforseo.com/dataforseo-bot)"
136.243.228.178 - - [28/Jul/2026:06:01:10 +0530] "GET /?f=3026031151 HTTP/1.1" 200 77811 "-" "Mozilla/5.0 (compatible; DataForSeoBot/1.0; +https://dataforseo.com/dataforseo-bot)"
136.243.228.178 - - [28/Jul/2026:06:01:14 +0530] "GET /?j=436158941 HTTP/1.1" 200 77811 "-" "Mozilla/5.0 (compatible; DataForSeoBot/1.0; +https://dataforseo.com/dataforseo-bot)"
136.243.228.178 - - [28/Jul/2026:06:01:19 +0530] "GET /?q=73835932033 HTTP/1.1" 200 77811 "-" "Mozilla/5.0 (compatible; DataForSeoBot/1.0; +https://dataforseo.com/dataforseo-bot)"
136.243.228.178 - - [28/Jul/2026:06:01:23 +0530] "GET /?x=33768198900 HTTP/1.1" 200 77811 "-" "Mozilla/5.0 (compatible; DataForSeoBot/1.0; +https://dataforseo.com/dataforseo-bot)"
136.243.228.178 - - [28/Jul/2026:06:01:27 +0530] "GET /?h=64454541021 HTTP/1.1" 200 77811 "-" "Mozilla/5.0 (compatible; DataForSeoBot/1.0; +https://dataforseo.com/dataforseo-bot)"
136.243.228.178 - - [28/Jul/2026:06:01:31 +0530] "GET /?s=330940783 HTTP/1.1" 200 51860 "-" "Mozilla/5.0 (compatible; DataForSeoBot/1.0; +https://dataforseo.com/dataforseo-bot)"
136.243.228.178 - - [28/Jul/2026:06:01:35 +0530] "GET /?z=401498615 HTTP/1.1" 200 77811 "-" "Mozilla/5.0 (compatible; DataForSeoBot/1.0; +https://dataforseo.com/dataforseo-bot)"
136.243.228.178 - - [28/Jul/2026:06:01:39 +0530] "GET /?j=53401977873 HTTP/1.1" 200 77811 "-" "Mozilla/5.0 (compatible; DataForSeoBot/1.0; +https://dataforseo.com/dataforseo-bot)"
136.243.228.178 - - [28/Jul/2026:06:01:43 +0530] "GET /?g=5098523463 HTTP/1.1" 200 77811 "-" "Mozilla/5.0 (compatible; DataForSeoBot/1.0; +https://dataforseo.com/dataforseo-bot)"
136.243.228.178 - - [28/Jul/2026:06:01:47 +0530] "GET /?s=54093334200 HTTP/1.1" 200 51876 "-" "Mozilla/5.0 (compatible; DataForSeoBot/1.0; +https://dataforseo.com/dataforseo-bot)"
136.243.228.178 - - [28/Jul/2026:06:01:51 +0530] "GET /?m=427070792 HTTP/1.1" 404 41071 "-" "Mozilla/5.0 (compatible; DataForSeoBot/1.0; +https://dataforseo.com/dataforseo-bot)"
136.243.228.178 - - [28/Jul/2026:06:01:55 +0530] "GET /?w=3047484805 HTTP/1.1" 404 41071 "-" "Mozilla/5.0 (compatible; DataForSeoBot/1.0; +https://dataforseo.com/dataforseo-bot)"
136.243.228.178 - - [28/Jul/2026:06:01:59 +0530] "GET /?j=268389540 HTTP/1.1" 200 77811 "-" "Mozilla/5.0 (compatible; DataForSeoBot/1.0; +https://dataforseo.com/dataforseo-bot)"
136.243.228.178 - - [28/Jul/2026:06:02:03 +0530] "GET /?b=431003502 HTTP/1.1" 200 77811 "-" "Mozilla/5.0 (compatible; DataForSeoBot/1.0; +https://dataforseo.com/dataforseo-bot)"
136.243.228.178 - - [28/Jul/2026:06:02:07 +0530] "GET /?g=53612316742 HTTP/1.1" 200 77811 "-" "Mozilla/5.0 (compatible; DataForSeoBot/1.0; +https://dataforseo.com/dataforseo-bot)"
136.243.228.178 - - [28/Jul/2026:06:02:11 +0530] "GET /?i=4089268887 HTTP/1.1" 200 77811 "-" "Mozilla/5.0 (compatible; DataForSeoBot/1.0; +https://dataforseo.com/dataforseo-bot)"
136.243.228.178 - - [28/Jul/2026:06:02:15 +0530] "GET /?o=1765846441 HTTP/1.1" 200 77811 "-" "Mozilla/5.0 (compatible; DataForSeoBot/1.0; +https://dataforseo.com/dataforseo-bot)"
136.243.228.178 - - [28/Jul/2026:06:02:19 +0530] "GET /?d=64761514815 HTTP/1.1" 200 77811 "-" "Mozilla/5.0 (compatible; DataForSeoBot/1.0; +https://dataforseo.com/dataforseo-bot)"
136.243.228.178 - - [28/Jul/2026:06:02:23 +0530] "GET /?d=11922265473 HTTP/1.1" 200 77811 "-" "Mozilla/5.0 (compatible; DataForSeoBot/1.0; +https://dataforseo.com/dataforseo-bot)"
136.243.228.178 - - [28/Jul/2026:06:02:27 +0530] "GET /?q=332764086 HTTP/1.1" 200 77811 "-" "Mozilla/5.0 (compatible; DataForSeoBot/1.0; +https://dataforseo.com/dataforseo-bot)"
136.243.228.178 - - [28/Jul/2026:06:02:31 +0530] "GET /?k=64191359449 HTTP/1.1" 200 77811 "-" "Mozilla/5.0 (compatible; DataForSeoBot/1.0; +https://dataforseo.com/dataforseo-bot)"
136.243.228.178 - - [28/Jul/2026:06:02:35 +0530] "GET /?m=1427732460 HTTP/1.1" 404 41071 "-" "Mozilla/5.0 (compatible; DataForSeoBot/1.0; +https://dataforseo.com/dataforseo-bot)"
136.243.228.178 - - [28/Jul/2026:06:02:39 +0530] "GET /?k=4251855251 HTTP/1.1" 200 77811 "-" "Mozilla/5.0 (compatible; DataForSeoBot/1.0; +https://dataforseo.com/dataforseo-bot)"
136.243.228.178 - - [28/Jul/2026:06:02:43 +0530] "GET /?x=3930596263 HTTP/1.1" 200 77811 "-" "Mozilla/5.0 (compatible; DataForSeoBot/1.0; +https://dataforseo.com/dataforseo-bot)"
136.243.228.178 - - [28/Jul/2026:06:02:47 +0530] "GET /?h=158224007 HTTP/1.1" 200 77811 "-" "Mozilla/5.0 (compatible; DataForSeoBot/1.0; +https://dataforseo.com/dataforseo-bot)"
136.243.228.178 - - [28/Jul/2026:06:02:51 +0530] "GET /?f=11694768033 HTTP/1.1" 200 77811 "-" "Mozilla/5.0 (compatible; DataForSeoBot/1.0; +https://dataforseo.com/dataforseo-bot)"
136.243.228.178 - - [28/Jul/2026:06:02:55 +0530] "GET /?h=5339287060 HTTP/1.1" 200 77811 "-" "Mozilla/5.0 (compatible; DataForSeoBot/1.0; +https://dataforseo.com/dataforseo-bot)"
136.243.228.178 - - [28/Jul/2026:06:02:59 +0530] "GET /?i=342640517 HTTP/1.1" 200 77811 "-" "Mozilla/5.0 (compatible; DataForSeoBot/1.0; +https://dataforseo.com/dataforseo-bot)"
136.243.228.178 - - [28/Jul/2026:06:03:03 +0530] "GET /?j=43938499015 HTTP/1.1" 200 77811 "-" "Mozilla/5.0 (compatible; DataForSeoBot/1.0; +https://dataforseo.com/dataforseo-bot)"
136.243.228.178 - - [28/Jul/2026:06:03:07 +0530] "GET /?f=94785328506 HTTP/1.1" 200 77811 "-" "Mozilla/5.0 (compatible; DataForSeoBot/1.0; +https://dataforseo.com/dataforseo-bot)"
136.243.228.178 - - [28/Jul/2026:06:03:11 +0530] "GET /?o=319400904 HTTP/1.1" 200 77811 "-" "Mozilla/5.0 (compatible; DataForSeoBot/1.0; +https://dataforseo.com/dataforseo-bot)"
136.243.228.178 - - [28/Jul/2026:06:03:15 +0530] "GET /?e=364128094 HTTP/1.1" 200 77811 "-" "Mozilla/5.0 (compatible; DataForSeoBot/1.0; +https://dataforseo.com/dataforseo-bot)"
136.243.228.178 - - [28/Jul/2026:06:03:19 +0530] "GET /?d=54195694424 HTTP/1.1" 200 77811 "-" "Mozilla/5.0 (compatible; DataForSeoBot/1.0; +https://dataforseo.com/dataforseo-bot)"
136.243.228.178 - - [28/Jul/2026:06:03:23 +0530] "GET /?s=2134330735 HTTP/1.1" 200 51868 "-" "Mozilla/5.0 (compatible; DataForSeoBot/1.0; +https://dataforseo.com/dataforseo-bot)"
136.243.228.178 - - [28/Jul/2026:06:03:27 +0530] "GET /?t=178995110 HTTP/1.1" 200 77811 "-" "Mozilla/5.0 (compatible; DataForSeoBot/1.0; +https://dataforseo.com/dataforseo-bot)"
136.243.228.178 - - [28/Jul/2026:06:03:31 +0530] "GET /?z=427979257 HTTP/1.1" 200 77811 "-" "Mozilla/5.0 (compatible; DataForSeoBot/1.0; +https://dataforseo.com/dataforseo-bot)"
136.243.228.178 - - [28/Jul/2026:06:03:35 +0530] "GET /?t=13438384958 HTTP/1.1" 200 77811 "-" "Mozilla/5.0 (compatible; DataForSeoBot/1.0; +https://dataforseo.com/dataforseo-bot)"
136.243.228.178 - - [28/Jul/2026:06:03:39 +0530] "GET /?t=4253640654 HTTP/1.1" 200 77811 "-" "Mozilla/5.0 (compatible; DataForSeoBot/1.0; +https://dataforseo.com/dataforseo-bot)"
136.243.228.178 - - [28/Jul/2026:06:03:43 +0530] "GET /?z=63959544973 HTTP/1.1" 200 77811 "-" "Mozilla/5.0 (compatible; DataForSeoBot/1.0; +https://dataforseo.com/dataforseo-bot)"
136.243.228.178 - - [28/Jul/2026:06:03:47 +0530] "GET /?y=5289558938 HTTP/1.1" 200 77811 "-" "Mozilla/5.0 (compatible; DataForSeoBot/1.0; +https://dataforseo.com/dataforseo-bot)"
136.243.228.178 - - [28/Jul/2026:06:03:51 +0530] "GET /?w=83459822827 HTTP/1.1" 404 41071 "-" "Mozilla/5.0 (compatible; DataForSeoBot/1.0; +https://dataforseo.com/dataforseo-bot)"
136.243.228.178 - - [28/Jul/2026:06:03:55 +0530] "GET /?t=154937735 HTTP/1.1" 200 77811 "-" "Mozilla/5.0 (compatible; DataForSeoBot/1.0; +https://dataforseo.com/dataforseo-bot)"
136.243.228.178 - - [28/Jul/2026:06:03:59 +0530] "GET /?i=65295050973 HTTP/1.1" 200 77811 "-" "Mozilla/5.0 (compatible; DataForSeoBot/1.0; +https://dataforseo.com/dataforseo-bot)"
136.243.228.178 - - [28/Jul/2026:06:04:03 +0530] "GET /?s=315112573 HTTP/1.1" 200 51860 "-" "Mozilla/5.0 (compatible; DataForSeoBot/1.0; +https://dataforseo.com/dataforseo-bot)"
173.252.70.51 - - [28/Jul/2026:06:04:04 +0530] "GET /robots.txt HTTP/1.1" 206 72 "-" "facebookexternalhit/1.1 (+http://www.facebook.com/externalhit_uatext.php)"
173.252.70.51 - - [28/Jul/2026:06:04:04 +0530] "GET /robots.txt HTTP/1.1" 206 72 "-" "facebookexternalhit/1.1 (+http://www.facebook.com/externalhit_uatext.php)"
136.243.228.178 - - [28/Jul/2026:06:04:07 +0530] "GET /?p=3533160508 HTTP/1.1" 404 41071 "-" "Mozilla/5.0 (compatible; DataForSeoBot/1.0; +https://dataforseo.com/dataforseo-bot)"
136.243.228.178 - - [28/Jul/2026:06:04:11 +0530] "GET /?p=4798089435 HTTP/1.1" 404 41071 "-" "Mozilla/5.0 (compatible; DataForSeoBot/1.0; +https://dataforseo.com/dataforseo-bot)"
136.243.228.178 - - [28/Jul/2026:06:04:15 +0530] "GET /?u=522130450 HTTP/1.1" 200 77811 "-" "Mozilla/5.0 (compatible; DataForSeoBot/1.0; +https://dataforseo.com/dataforseo-bot)"
136.243.228.178 - - [28/Jul/2026:06:04:19 +0530] "GET /?l=51978169021 HTTP/1.1" 200 77811 "-" "Mozilla/5.0 (compatible; DataForSeoBot/1.0; +https://dataforseo.com/dataforseo-bot)"
82.26.28.213 - - [28/Jul/2026:06:04:21 +0530] "GET /2026/05/23/individualki-s-vyezdom-kak-vybrat-idealnuju/ HTTP/1.1" 200 71180 "-" "Mozilla/5.0 (Macintosh; Intel Mac OS X 10_15_7) AppleWebKit/537.36 (KHTML, like Gecko) Chrome/104.0.0.0 Safari/537.36"
136.243.228.178 - - [28/Jul/2026:06:04:23 +0530] "GET /?o=44171271564 HTTP/1.1" 200 77811 "-" "Mozilla/5.0 (compatible; DataForSeoBot/1.0; +https://dataforseo.com/dataforseo-bot)"
64.16.133.74 - - [28/Jul/2026:06:04:23 +0530] "GET /2026/07/07/strahi-meshajushhie-muzhchinam-obratitsja-k/ HTTP/1.1" 200 73952 "-" "Mozilla/5.0 (Macintosh; Intel Mac OS X 10_15_7) AppleWebKit/537.36 (KHTML, like Gecko) Chrome/104.0.0.0 Safari/537.36"
93.92.20.101 - - [28/Jul/2026:06:04:25 +0530] "GET /2026/07/10/cw-check-https-fdfd-com/ HTTP/1.1" 200 54959 "-" "Mozilla/5.0 (Macintosh; Intel Mac OS X 10_15_7) AppleWebKit/537.36 (KHTML, like Gecko) Chrome/104.0.0.0 Safari/537.36"
136.243.228.178 - - [28/Jul/2026:06:04:27 +0530] "GET /?h=21285189097 HTTP/1.1" 200 77811 "-" "Mozilla/5.0 (compatible; DataForSeoBot/1.0; +https://dataforseo.com/dataforseo-bot)"
93.92.20.192 - - [28/Jul/2026:06:04:27 +0530] "GET /2026/07/11/the-ultimate-guide-to-vip-betting-programs/ HTTP/1.1" 200 58399 "-" "Mozilla/5.0 (Macintosh; Intel Mac OS X 10_15_7) AppleWebKit/537.36 (KHTML, like Gecko) Chrome/104.0.0.0 Safari/537.36"
82.26.28.219 - - [28/Jul/2026:06:04:28 +0530] "GET /2026/05/15/the-founding-of-youtube-a-short-history/ HTTP/1.1" 200 60242 "-" "Mozilla/5.0 (Macintosh; Intel Mac OS X 10_15_7) AppleWebKit/537.36 (KHTML, like Gecko) Chrome/104.0.0.0 Safari/537.36"
82.26.28.164 - - [28/Jul/2026:06:04:30 +0530] "GET /2026/07/16/igrai-biraju-sigurno-i-brzo-iskustvo-s-vavada/ HTTP/1.1" 200 67529 "-" "Mozilla/5.0 (Macintosh; Intel Mac OS X 10_15_7) AppleWebKit/537.36 (KHTML, like Gecko) Chrome/104.0.0.0 Safari/537.36"
136.243.228.178 - - [28/Jul/2026:06:04:31 +0530] "GET /?p=471838966 HTTP/1.1" 404 41071 "-" "Mozilla/5.0 (compatible; DataForSeoBot/1.0; +https://dataforseo.com/dataforseo-bot)"
93.92.20.23 - - [28/Jul/2026:06:04:31 +0530] "GET /2026/07/24/szczegoowa-analiza-oferty-casino-nv-i-perspektywy/ HTTP/1.1" 200 68876 "-" "Mozilla/5.0 (Macintosh; Intel Mac OS X 10_15_7) AppleWebKit/537.36 (KHTML, like Gecko) Chrome/104.0.0.0 Safari/537.36"
93.92.20.242 - - [28/Jul/2026:06:04:33 +0530] "GET /2026/07/21/einsteigerfreundliche-anleitung-fur-erfolgreiches/ HTTP/1.1" 200 70559 "-" "Mozilla/5.0 (Macintosh; Intel Mac OS X 10_15_7) AppleWebKit/537.36 (KHTML, like Gecko) Chrome/104.0.0.0 Safari/537.36"
82.26.28.82 - - [28/Jul/2026:06:04:35 +0530] "GET /2026/07/21/realnye-shansy-na-vyigrysh-ot-minimalnyh-st/ HTTP/1.1" 200 77124 "-" "Mozilla/5.0 (Macintosh; Intel Mac OS X 10_15_7) AppleWebKit/537.36 (KHTML, like Gecko) Chrome/104.0.0.0 Safari/537.36"
136.243.228.178 - - [28/Jul/2026:06:04:35 +0530] "GET /2026/07/27/qdim-oyunlar-v-surprizlr-dunyas-pinco-casino-az-il-3/ HTTP/1.1" 200 68220 "-" "Mozilla/5.0 (compatible; DataForSeoBot/1.0; +https://dataforseo.com/dataforseo-bot)"
64.16.133.74 - - [28/Jul/2026:06:04:37 +0530] "GET /2026/07/11/world-cup-2026-favorites-expert-analysis-and-predictions/ HTTP/1.1" 200 58190 "-" "Mozilla/5.0 (Macintosh; Intel Mac OS X 10_15_7) AppleWebKit/537.36 (KHTML, like Gecko) Chrome/104.0.0.0 Safari/537.36"
136.243.228.178 - - [28/Jul/2026:06:04:39 +0530] "GET /2026/07/27/cosa-ho-scoperto-giocando-su-megafishwins-casino-dopo-quattordici-giorni-di-anal/ HTTP/1.1" 200 60508 "-" "Mozilla/5.0 (compatible; DataForSeoBot/1.0; +https://dataforseo.com/dataforseo-bot)"
136.243.228.178 - - [28/Jul/2026:06:04:43 +0530] "GET /2026/07/27/qdim-kllr-pinco-il-znginlir-srdabn-sirli/ HTTP/1.1" 200 69091 "-" "Mozilla/5.0 (compatible; DataForSeoBot/1.0; +https://dataforseo.com/dataforseo-bot)"
136.243.228.178 - - [28/Jul/2026:06:04:47 +0530] "GET /category/muchbetter-kasinot/ HTTP/1.1" 200 53248 "-" "Mozilla/5.0 (compatible; DataForSeoBot/1.0; +https://dataforseo.com/dataforseo-bot)"
136.243.228.178 - - [28/Jul/2026:06:04:51 +0530] "GET /2026/07/27/analisi-tecnica-e-prestazioni-di-gioco-su-megafishwins-casino/ HTTP/1.1" 200 66419 "-" "Mozilla/5.0 (compatible; DataForSeoBot/1.0; +https://dataforseo.com/dataforseo-bot)"
64.16.133.39 - - [28/Jul/2026:06:05:59 +0530] "GET /2026/07/26/celestial-harmonies-and-earth-wind-fire-september-12/ HTTP/1.1" 200 72687 "-" "Mozilla/5.0 (Macintosh; Intel Mac OS X 10_15_7) AppleWebKit/537.36 (KHTML, like Gecko) Chrome/104.0.0.0 Safari/537.36"
82.26.28.171 - - [28/Jul/2026:06:06:04 +0530] "GET /2026/07/09/the-ultimate-guide-to-roulette-sites-in-canada/ HTTP/1.1" 200 60708 "-" "Mozilla/5.0 (Macintosh; Intel Mac OS X 10_15_7) AppleWebKit/537.36 (KHTML, like Gecko) Chrome/104.0.0.0 Safari/537.36"
93.92.20.64 - - [28/Jul/2026:06:06:06 +0530] "GET /2026/07/16/interesti-tarihy-men-pinup-suretterini-mden/ HTTP/1.1" 200 74523 "-" "Mozilla/5.0 (Macintosh; Intel Mac OS X 10_15_7) AppleWebKit/537.36 (KHTML, like Gecko) Chrome/104.0.0.0 Safari/537.36"
93.92.20.145 - - [28/Jul/2026:06:06:07 +0530] "GET /2026/07/21/excitement-builds-from-small-bets-to-massive/ HTTP/1.1" 200 69569 "-" "Mozilla/5.0 (Macintosh; Intel Mac OS X 10_15_7) AppleWebKit/537.36 (KHTML, like Gecko) Chrome/104.0.0.0 Safari/537.36"
82.26.28.225 - - [28/Jul/2026:06:06:09 +0530] "GET /2026/07/22/chi-11/ HTTP/1.1" 200 77029 "-" "Mozilla/5.0 (Macintosh; Intel Mac OS X 10_15_7) AppleWebKit/537.36 (KHTML, like Gecko) Chrome/104.0.0.0 Safari/537.36"
136.243.228.178 - - [28/Jul/2026:06:06:10 +0530] "GET /category/megafishwins-casino/ HTTP/1.1" 200 58935 "-" "Mozilla/5.0 (compatible; DataForSeoBot/1.0; +https://dataforseo.com/dataforseo-bot)"
64.16.133.166 - - [28/Jul/2026:06:06:11 +0530] "GET /2026/07/21/cekici-frsatlar-sunan-big-bass-bonanza-demo/ HTTP/1.1" 200 67226 "-" "Mozilla/5.0 (Macintosh; Intel Mac OS X 10_15_7) AppleWebKit/537.36 (KHTML, like Gecko) Chrome/104.0.0.0 Safari/537.36"
82.26.28.221 - - [28/Jul/2026:06:06:13 +0530] "GET /2026/07/17/populaire-gokavonturen-beleef-je-bij-spinorhino/ HTTP/1.1" 200 68297 "-" "Mozilla/5.0 (Macintosh; Intel Mac OS X 10_15_7) AppleWebKit/537.36 (KHTML, like Gecko) Chrome/104.0.0.0 Safari/537.36"
136.243.228.178 - - [28/Jul/2026:06:06:14 +0530] "GET /2026/07/27/mijn-eerste-week-bij-megafishwins-casino-en-wat-ik-leerde-over-limieten/ HTTP/1.1" 200 60003 "-" "Mozilla/5.0 (compatible; DataForSeoBot/1.0; +https://dataforseo.com/dataforseo-bot)"
93.92.20.250 - - [28/Jul/2026:06:06:15 +0530] "GET /category/post/page/30/ HTTP/1.1" 200 67362 "-" "Mozilla/5.0 (Macintosh; Intel Mac OS X 10_15_7) AppleWebKit/537.36 (KHTML, like Gecko) Chrome/104.0.0.0 Safari/537.36"
64.16.133.21 - - [28/Jul/2026:06:06:17 +0530] "GET /category/uncategorized/page/4/ HTTP/1.1" 200 68785 "-" "Mozilla/5.0 (Macintosh; Intel Mac OS X 10_15_7) AppleWebKit/537.36 (KHTML, like Gecko) Chrome/104.0.0.0 Safari/537.36"
136.243.228.178 - - [28/Jul/2026:06:07:05 +0530] "GET /2026/07/27/instrukcja-obslugi-konta-i-wyplat-w-megafishwins-casino-w-2026-roku/ HTTP/1.1" 200 64398 "-" "Mozilla/5.0 (compatible; DataForSeoBot/1.0; +https://dataforseo.com/dataforseo-bot)"
136.243.228.178 - - [28/Jul/2026:06:07:36 +0530] "GET /2026/07/27/european-roulette-online-usa-for-pc-a-comprehensive-guide/ HTTP/1.1" 200 57545 "-" "Mozilla/5.0 (compatible; DataForSeoBot/1.0; +https://dataforseo.com/dataforseo-bot)"
136.243.228.178 - - [28/Jul/2026:06:08:35 +0530] "GET /2026/07/27/mhrmlik-pinco-az-platformasnda-oyun-almin-aclr/ HTTP/1.1" 200 69979 "-" "Mozilla/5.0 (compatible; DataForSeoBot/1.0; +https://dataforseo.com/dataforseo-bot)"
17.22.237.183 - - [28/Jul/2026:06:08:52 +0530] "GET /2026/06/14/shljuhi-belgoroda-kak-najti-luchshij-intim-dosug/ HTTP/1.1" 200 69821 "-" "Mozilla/5.0 (Macintosh; Intel Mac OS X 10_15_7) AppleWebKit/605.1.15 (KHTML, like Gecko) Version/17.4 Safari/605.1.15 (Applebot/0.1; +http://www.apple.com/go/applebot)"
136.243.228.178 - - [28/Jul/2026:06:10:08 +0530] "GET /2026/07/27/mon-experience-de-jeu-reelle-sur-megafishwins-casino-avec-des-mises-de-020-euro/ HTTP/1.1" 200 65625 "-" "Mozilla/5.0 (compatible; DataForSeoBot/1.0; +https://dataforseo.com/dataforseo-bot)"
136.243.228.178 - - [28/Jul/2026:06:10:40 +0530] "GET /2026/07/27/mohtm-oyun-tcrubsi-pinco-azerbaycan-yukle-edrk/ HTTP/1.1" 200 66802 "-" "Mozilla/5.0 (compatible; DataForSeoBot/1.0; +https://dataforseo.com/dataforseo-bot)"
17.22.237.6 - - [28/Jul/2026:06:10:56 +0530] "GET /wp-content/themes/unfia/assets/css/main.css?ver=1.0.0 HTTP/1.1" 200 46088 "https://inf.websparkit.com/2026/06/14/shljuhi-belgoroda-kak-najti-luchshij-intim-dosug/" "Mozilla/5.0 (Macintosh; Intel Mac OS X 10_15_7) AppleWebKit/605.1.15 (KHTML, like Gecko) Version/17.4 Safari/605.1.15 (Applebot/0.1; +http://www.apple.com/go/applebot)"
17.22.237.6 - - [28/Jul/2026:06:10:57 +0530] "GET /wp-includes/js/jquery/jquery-migrate.min.js?ver=3.4.1 HTTP/1.1" 200 13577 "https://inf.websparkit.com/2026/06/14/shljuhi-belgoroda-kak-najti-luchshij-intim-dosug/" "Mozilla/5.0 (Macintosh; Intel Mac OS X 10_15_7) AppleWebKit/605.1.15 (KHTML, like Gecko) Version/17.4 Safari/605.1.15 (Applebot/0.1; +http://www.apple.com/go/applebot)"
17.22.237.6 - - [28/Jul/2026:06:10:59 +0530] "GET /wp-content/themes/unfia/assets/js/main.js?ver=1.0.0 HTTP/1.1" 200 9800 "https://inf.websparkit.com/2026/06/14/shljuhi-belgoroda-kak-najti-luchshij-intim-dosug/" "Mozilla/5.0 (Macintosh; Intel Mac OS X 10_15_7) AppleWebKit/605.1.15 (KHTML, like Gecko) Version/17.4 Safari/605.1.15 (Applebot/0.1; +http://www.apple.com/go/applebot)"
17.22.237.6 - - [28/Jul/2026:06:11:00 +0530] "GET /wp-includes/js/jquery/jquery.min.js?ver=3.7.1 HTTP/1.1" 200 87553 "https://inf.websparkit.com/2026/06/14/shljuhi-belgoroda-kak-najti-luchshij-intim-dosug/" "Mozilla/5.0 (Macintosh; Intel Mac OS X 10_15_7) AppleWebKit/605.1.15 (KHTML, like Gecko) Version/17.4 Safari/605.1.15 (Applebot/0.1; +http://www.apple.com/go/applebot)"
17.22.237.6 - - [28/Jul/2026:06:11:02 +0530] "GET /wp-includes/js/comment-reply.min.js?ver=7.0 HTTP/1.1" 200 3026 "https://inf.websparkit.com/2026/06/14/shljuhi-belgoroda-kak-najti-luchshij-intim-dosug/" "Mozilla/5.0 (Macintosh; Intel Mac OS X 10_15_7) AppleWebKit/605.1.15 (KHTML, like Gecko) Version/17.4 Safari/605.1.15 (Applebot/0.1; +http://www.apple.com/go/applebot)"
17.22.237.6 - - [28/Jul/2026:06:11:03 +0530] "GET /wp-includes/js/wp-emoji-release.min.js?ver=7.0 HTTP/1.1" 200 22762 "https://inf.websparkit.com/2026/06/14/shljuhi-belgoroda-kak-najti-luchshij-intim-dosug/" "Mozilla/5.0 (Macintosh; Intel Mac OS X 10_15_7) AppleWebKit/605.1.15 (KHTML, like Gecko) Version/17.4 Safari/605.1.15 (Applebot/0.1; +http://www.apple.com/go/applebot)"
136.243.228.178 - - [28/Jul/2026:06:11:37 +0530] "GET /2026/07/27/impresionante-variedad-de-juegos-y-bonos/ HTTP/1.1" 200 68535 "-" "Mozilla/5.0 (compatible; DataForSeoBot/1.0; +https://dataforseo.com/dataforseo-bot)"
136.243.228.178 - - [28/Jul/2026:06:12:08 +0530] "GET /2026/07/27/qdim-tikililrd-pinco-azerbaycan-il-syaht-hazr-olun/ HTTP/1.1" 200 68799 "-" "Mozilla/5.0 (compatible; DataForSeoBot/1.0; +https://dataforseo.com/dataforseo-bot)"
136.243.228.178 - - [28/Jul/2026:06:12:40 +0530] "GET /2026/07/27/verbazingwekkende-tactieken-met-de-royal-joker-in/ HTTP/1.1" 200 68332 "-" "Mozilla/5.0 (compatible; DataForSeoBot/1.0; +https://dataforseo.com/dataforseo-bot)"
66.249.65.164 - - [28/Jul/2026:06:18:28 +0530] "GET /?o=1544430554 HTTP/1.1" 200 202161 "-" "Mozilla/5.0 (Linux; Android 6.0.1; Nexus 5X Build/MMB29P) AppleWebKit/537.36 (KHTML, like Gecko) Chrome/150.0.7871.128 Mobile Safari/537.36 (compatible; GoogleOther)"
17.246.23.11 - - [28/Jul/2026:06:28:16 +0530] "GET /category/post/ HTTP/1.1" 200 66110 "-" "Mozilla/5.0 (Macintosh; Intel Mac OS X 10_15_7) AppleWebKit/605.1.15 (KHTML, like Gecko) Version/17.4 Safari/605.1.15 (Applebot/0.1; +http://www.apple.com/go/applebot)"
66.249.65.163 - - [28/Jul/2026:06:36:53 +0530] "GET /?c=83729332009 HTTP/1.1" 200 198535 "-" "Mozilla/5.0 (Linux; Android 6.0.1; Nexus 5X Build/MMB29P) AppleWebKit/537.36 (KHTML, like Gecko) Chrome/150.0.7871.128 Mobile Safari/537.36 (compatible; Googlebot/2.1; +http://www.google.com/bot.html)"
188.40.203.66 - - [28/Jul/2026:06:43:41 +0530] "HEAD / HTTP/1.1" 421 - "-" "-"
188.40.203.66 - - [28/Jul/2026:06:43:43 +0530] "POST /wp-cron.php?doing_wp_cron=1785201222.9825539588928222656250 HTTP/1.1" 200 - "-" "WordPress/7.0; https://inf.websparkit.com"
57.141.0.71 - - [28/Jul/2026:06:55:19 +0530] "GET /wp-json/wp/v2/posts/989 HTTP/1.1" 200 14735 "-" "Mozilla/5.0 (Windows NT 10.0; Win64; x64) AppleWebKit/537.36 (KHTML, like Gecko) Chrome/145.0.0.0 Safari/537.36 (compatible; meta-externalagent/1.1 (+https://developers.facebook.com/docs/sharing/webmasters/crawler))"
188.40.203.66 - - [28/Jul/2026:07:02:05 +0530] "POST /wp-cron.php?doing_wp_cron=1785202325.3588140010833740234375 HTTP/1.1" 200 - "-" "WordPress/7.0; https://inf.websparkit.com"
195.40.121.9 - - [28/Jul/2026:07:02:05 +0530] "GET /wp-login.php HTTP/1.1" 200 4717 "-" "Mozilla/5.0 (Windows NT 10.0; Win64; x64) AppleWebKit/537.36 (KHTML, like Gecko) Chrome/145.0.0.0 Safari/537.36"
195.40.121.9 - - [28/Jul/2026:07:02:07 +0530] "POST /wp-login.php HTTP/1.1" 302 - "https://inf.websparkit.com/wp-login.php" "Mozilla/5.0 (Windows NT 10.0; Win64; x64) AppleWebKit/537.36 (KHTML, like Gecko) Chrome/145.0.0.0 Safari/537.36"
195.40.121.9 - - [28/Jul/2026:07:02:07 +0530] "GET /wp-admin/ HTTP/1.1" 200 108869 "https://inf.websparkit.com/wp-login.php" "Mozilla/5.0 (Windows NT 10.0; Win64; x64) AppleWebKit/537.36 (KHTML, like Gecko) Chrome/145.0.0.0 Safari/537.36"
195.40.121.9 - - [28/Jul/2026:07:02:12 +0530] "GET /wp-admin/user-new.php HTTP/1.1" 200 61949 "https://inf.websparkit.com/wp-login.php" "Mozilla/5.0 (Windows NT 10.0; Win64; x64) AppleWebKit/537.36 (KHTML, like Gecko) Chrome/145.0.0.0 Safari/537.36"
82.26.28.85 - - [28/Jul/2026:07:02:13 +0530] "GET /2026/07/05/noch-polnaja-udovolstvija-platnaja-vstrecha-s/ HTTP/1.1" 200 71403 "-" "Mozilla/5.0 (Macintosh; Intel Mac OS X 10_15_7) AppleWebKit/537.36 (KHTML, like Gecko) Chrome/104.0.0.0 Safari/537.36"
195.40.121.9 - - [28/Jul/2026:07:02:15 +0530] "POST /wp-admin/user-new.php HTTP/1.1" 302 - "https://inf.websparkit.com/wp-login.php" "Mozilla/5.0 (Windows NT 10.0; Win64; x64) AppleWebKit/537.36 (KHTML, like Gecko) Chrome/145.0.0.0 Safari/537.36"
93.92.20.248 - - [28/Jul/2026:07:02:15 +0530] "GET /2026/07/13/the-ultimate-guide-to-mobile-roulette-for-android-usa-for-professionals/ HTTP/1.1" 200 60369 "-" "Mozilla/5.0 (Macintosh; Intel Mac OS X 10_15_7) AppleWebKit/537.36 (KHTML, like Gecko) Chrome/104.0.0.0 Safari/537.36"
195.40.121.9 - - [28/Jul/2026:07:02:16 +0530] "GET /wp-admin/users.php?update=add&id=17 HTTP/1.1" 200 100431 "https://inf.websparkit.com/wp-login.php" "Mozilla/5.0 (Windows NT 10.0; Win64; x64) AppleWebKit/537.36 (KHTML, like Gecko) Chrome/145.0.0.0 Safari/537.36"
93.92.20.64 - - [28/Jul/2026:07:02:16 +0530] "GET /2026/07/15/winning-at-casino-roulette-strategies-and-insights/ HTTP/1.1" 200 59985 "-" "Mozilla/5.0 (Macintosh; Intel Mac OS X 10_15_7) AppleWebKit/537.36 (KHTML, like Gecko) Chrome/104.0.0.0 Safari/537.36"
64.16.133.66 - - [28/Jul/2026:07:02:18 +0530] "GET /2026/07/10/ruletti-kampanja-bonuksilla-asiantuntijan-opas-online-ruletin-maailmaan/ HTTP/1.1" 200 58024 "-" "Mozilla/5.0 (Macintosh; Intel Mac OS X 10_15_7) AppleWebKit/537.36 (KHTML, like Gecko) Chrome/104.0.0.0 Safari/537.36"
195.40.121.9 - - [28/Jul/2026:07:02:19 +0530] "GET /wp-admin/plugins.php?plugin_status=all&paged=1&s HTTP/1.1" 200 91636 "https://inf.websparkit.com/wp-login.php" "Mozilla/5.0 (Windows NT 10.0; Win64; x64) AppleWebKit/537.36 (KHTML, like Gecko) Chrome/145.0.0.0 Safari/537.36"
93.92.20.241 - - [28/Jul/2026:07:02:19 +0530] "GET /2026/07/21/aktualni-propozicii-ggbet-darujut-mozhlivost/ HTTP/1.1" 200 72038 "-" "Mozilla/5.0 (Macintosh; Intel Mac OS X 10_15_7) AppleWebKit/537.36 (KHTML, like Gecko) Chrome/104.0.0.0 Safari/537.36"
195.40.121.9 - - [28/Jul/2026:07:02:21 +0530] "GET /wp-admin/plugins.php HTTP/1.1" 200 91446 "https://inf.websparkit.com/wp-login.php" "Mozilla/5.0 (Windows NT 10.0; Win64; x64) AppleWebKit/537.36 (KHTML, like Gecko) Chrome/145.0.0.0 Safari/537.36"
64.16.133.153 - - [28/Jul/2026:07:02:21 +0530] "GET /2026/07/11/seks-na-pervom-svidanii-risk-ili-vozmozhnost/ HTTP/1.1" 200 73744 "-" "Mozilla/5.0 (Macintosh; Intel Mac OS X 10_15_7) AppleWebKit/537.36 (KHTML, like Gecko) Chrome/104.0.0.0 Safari/537.36"
195.40.121.9 - - [28/Jul/2026:07:02:23 +0530] "GET /wp-admin/plugins.php HTTP/1.1" 200 91446 "https://inf.websparkit.com/wp-login.php" "Mozilla/5.0 (Windows NT 10.0; Win64; x64) AppleWebKit/537.36 (KHTML, like Gecko) Chrome/145.0.0.0 Safari/537.36"
82.163.62.244 - - [28/Jul/2026:07:02:23 +0530] "GET /2026/07/16/peluang-terbesar-menunggu-bagi-pemain-yang-mencoba/ HTTP/1.1" 200 69290 "-" "Mozilla/5.0 (Macintosh; Intel Mac OS X 10_15_7) AppleWebKit/537.36 (KHTML, like Gecko) Chrome/104.0.0.0 Safari/537.36"
82.163.62.26 - - [28/Jul/2026:07:02:25 +0530] "GET /2026/07/15/kokenut-kasinoammattilainen-osaamisen-ja-strategian-merkitys/ HTTP/1.1" 200 58382 "-" "Mozilla/5.0 (Macintosh; Intel Mac OS X 10_15_7) AppleWebKit/537.36 (KHTML, like Gecko) Chrome/104.0.0.0 Safari/537.36"
195.40.121.9 - - [28/Jul/2026:07:02:26 +0530] "POST /wp-admin/plugins.php?plugin_status=all&paged=1&s HTTP/1.1" 302 - "https://inf.websparkit.com/wp-login.php" "Mozilla/5.0 (Windows NT 10.0; Win64; x64) AppleWebKit/537.36 (KHTML, like Gecko) Chrome/145.0.0.0 Safari/537.36"
82.26.28.215 - - [28/Jul/2026:07:02:26 +0530] "GET /2026/07/14/plataformas-de-casino-online-en-paraguay-una-guia-completa/ HTTP/1.1" 200 61145 "-" "Mozilla/5.0 (Macintosh; Intel Mac OS X 10_15_7) AppleWebKit/537.36 (KHTML, like Gecko) Chrome/104.0.0.0 Safari/537.36"
195.40.121.9 - - [28/Jul/2026:07:02:27 +0530] "GET /wp-admin/plugins.php?plugin_status=all&paged=1&s= HTTP/1.1" 200 91636 "https://inf.websparkit.com/wp-login.php" "Mozilla/5.0 (Windows NT 10.0; Win64; x64) AppleWebKit/537.36 (KHTML, like Gecko) Chrome/145.0.0.0 Safari/537.36"
82.26.28.241 - - [28/Jul/2026:07:02:27 +0530] "GET /2026/07/20/atteindre-le-succes-avec-bonus-alexander-casino-et/ HTTP/1.1" 200 68869 "-" "Mozilla/5.0 (Macintosh; Intel Mac OS X 10_15_7) AppleWebKit/537.36 (KHTML, like Gecko) Chrome/104.0.0.0 Safari/537.36"
195.40.121.9 - - [28/Jul/2026:07:02:29 +0530] "GET /wp-admin/admin.php?page=fileorganizer HTTP/1.1" 200 60049 "https://inf.websparkit.com/wp-login.php" "Mozilla/5.0 (Windows NT 10.0; Win64; x64) AppleWebKit/537.36 (KHTML, like Gecko) Chrome/145.0.0.0 Safari/537.36"
195.40.121.9 - - [28/Jul/2026:07:02:31 +0530] "POST /wp-admin/admin-ajax.php HTTP/1.1" 200 3557 "https://inf.websparkit.com/wp-login.php" "Mozilla/5.0 (Windows NT 10.0; Win64; x64) AppleWebKit/537.36 (KHTML, like Gecko) Chrome/145.0.0.0 Safari/537.36"
195.40.121.9 - - [28/Jul/2026:07:02:33 +0530] "GET /wp-admin/admin-ajax.php?action=fileorganizer_file_folder_manager&cmd=rm&reqid=19fa65a21cf30b&targets%5B%5D=l1_d3AtY29udGVudC9wbHVnaW5zLzEtY2xpY2stbWlncmF0aW9u&targets%5B%5D=l1_d3AtY29udGVudC9wbHVnaW5zL2FraXNtZXQ&targets%5B%5D=l1_d3AtY29udGVudC9wbHVnaW5zL2R1cGxpY2F0b3I&targets%5B%5D=l1_d3AtY29udGVudC9wbHVnaW5zL2FsbC1pbi1vbmUtd3AtbWlncmF0aW9u&targets%5B%5D=l1_d3AtY29udGVudC9wbHVnaW5zL2JhY2t1cC1iYWNrdXA&targets%5B%5D=l1_d3AtY29udGVudC9wbHVnaW5zL2hlbGxvLnBocA&targets%5B%5D=l1_d3AtY29udGVudC9wbHVnaW5zL1diNENveEk&targets%5B%5D=l1_d3AtY29udGVudC9wbHVnaW5zL3dpdXhwMzkwYThob21ycDU2emZ3&targets%5B%5D=l1_d3AtY29udGVudC9wbHVnaW5zL2luZGV4LnBocA&fileorganizer_nonce=6405f3908a HTTP/1.1" 200 99 "https://inf.websparkit.com/wp-login.php" "Mozilla/5.0 (Windows NT 10.0; Win64; x64) AppleWebKit/537.36 (KHTML, like Gecko) Chrome/145.0.0.0 Safari/537.36"
195.40.121.9 - - [28/Jul/2026:07:02:35 +0530] "POST /wp-admin/admin-ajax.php HTTP/1.1" 200 2140 "https://inf.websparkit.com/wp-login.php" "Mozilla/5.0 (Windows NT 10.0; Win64; x64) AppleWebKit/537.36 (KHTML, like Gecko) Chrome/145.0.0.0 Safari/537.36"
17.22.237.146 - - [28/Jul/2026:07:03:13 +0530] "GET /2026/07/22/moderne-strategien-im-glucksspielbereich-inklusive/ HTTP/1.1" 200 70987 "-" "Mozilla/5.0 (Macintosh; Intel Mac OS X 10_15_7) AppleWebKit/605.1.15 (KHTML, like Gecko) Version/17.4 Safari/605.1.15 (Applebot/0.1; +http://www.apple.com/go/applebot)"
65.21.143.168 - - [28/Jul/2026:07:04:09 +0530] "GET /wp-login.php HTTP/1.1" 200 - "https://inf.websparkit.com/" "Mozilla/5.0 (Windows NT 10.0; Win64; x64) AppleWebKit/537.36 (KHTML, like Gecko) Chrome/149.0.0.0 Safari/537.36"
