65.21.143.168 - - [28/Jul/2026:07:04:10 +0530] "GET /favicon.ico HTTP/1.1" 302 - "https://inf.websparkit.com/wp-login.php" "Mozilla/5.0 (Windows NT 10.0; Win64; x64) AppleWebKit/537.36 (KHTML, like Gecko) Chrome/149.0.0.0 Safari/537.36"
65.21.143.168 - - [28/Jul/2026:07:04:10 +0530] "GET /wp-includes/images/w-logo-blue-white-bg.png HTTP/1.1" 200 4119 "https://inf.websparkit.com/wp-login.php" "Mozilla/5.0 (Windows NT 10.0; Win64; x64) AppleWebKit/537.36 (KHTML, like Gecko) Chrome/149.0.0.0 Safari/537.36"
66.249.65.165 - - [28/Jul/2026:07:12:24 +0530] "GET /?o=73425194467 HTTP/1.1" 200 200405 "-" "Mozilla/5.0 (Linux; Android 6.0.1; Nexus 5X Build/MMB29P) AppleWebKit/537.36 (KHTML, like Gecko) Chrome/150.0.7871.128 Mobile Safari/537.36 (compatible; Googlebot/2.1; +http://www.google.com/bot.html)"
47.79.13.133 - - [28/Jul/2026:07:14:31 +0530] "GET /category/post/page/32/ HTTP/1.1" 200 66263 "https://inf.websparkit.com/" "Mozilla/5.0 (Windows NT 10.0; Win64; x64) AppleWebKit/537.36 (KHTML, like Gecko) Chrome/135.0.0.0 Safari/537.36"
66.249.65.165 - - [28/Jul/2026:07:24:21 +0530] "GET /2026/07/27/european-roulette-online-usa-for-pc-a-comprehensive-guide/ HTTP/1.1" 200 200627 "-" "Mozilla/5.0 (Linux; Android 6.0.1; Nexus 5X Build/MMB29P) AppleWebKit/537.36 (KHTML, like Gecko) Chrome/150.0.7871.128 Mobile Safari/537.36 (compatible; Googlebot/2.1; +http://www.google.com/bot.html)"
66.249.65.163 - - [28/Jul/2026:07:24:35 +0530] "GET /?a=549626060 HTTP/1.1" 200 196944 "-" "Mozilla/5.0 (Linux; Android 6.0.1; Nexus 5X Build/MMB29P) AppleWebKit/537.36 (KHTML, like Gecko) Chrome/150.0.7871.128 Mobile Safari/537.36 (compatible; GoogleOther)"
66.249.65.164 - - [28/Jul/2026:07:27:01 +0530] "GET /?c=83729332009 HTTP/1.1" 200 198535 "-" "Mozilla/5.0 (Linux; Android 6.0.1; Nexus 5X Build/MMB29P) AppleWebKit/537.36 (KHTML, like Gecko) Chrome/150.0.7871.128 Mobile Safari/537.36 (compatible; GoogleOther)"
57.141.0.46 - - [28/Jul/2026:07:27:34 +0530] "GET /2026/07/27/sol-casino-alkalmazas-letoltes-telepites-es-jatek-mobilrol/ HTTP/1.1" 200 64293 "-" "Mozilla/5.0 (Windows NT 10.0; Win64; x64) AppleWebKit/537.36 (KHTML, like Gecko) Chrome/145.0.0.0 Safari/537.36 (compatible; meta-externalagent/1.1 (+https://developers.facebook.com/docs/sharing/webmasters/crawler))"
57.141.0.11 - - [28/Jul/2026:07:30:26 +0530] "GET /wp-json/oembed/1.0/embed?url=https%3A%2F%2Finf.websparkit.com%2F2026%2F07%2F26%2Folaanustu-deneyimler-merit-king-sayesinde-imdi-3%2F HTTP/1.1" 200 2556 "-" "Mozilla/5.0 (Windows NT 10.0; Win64; x64) AppleWebKit/537.36 (KHTML, like Gecko) Chrome/145.0.0.0 Safari/537.36 (compatible; meta-externalagent/1.1 (+https://developers.facebook.com/docs/sharing/webmasters/crawler))"
66.249.65.164 - - [28/Jul/2026:07:32:35 +0530] "GET /?y=535893753 HTTP/1.1" 200 197787 "-" "Mozilla/5.0 (Linux; Android 6.0.1; Nexus 5X Build/MMB29P) AppleWebKit/537.36 (KHTML, like Gecko) Chrome/150.0.7871.128 Mobile Safari/537.36 (compatible; Googlebot/2.1; +http://www.google.com/bot.html)"
188.40.203.66 - - [28/Jul/2026:07:43:38 +0530] "HEAD / HTTP/1.1" 421 - "-" "-"
216.73.217.69 - - [28/Jul/2026:07:49:16 +0530] "GET /robots.txt HTTP/1.1" 200 72 "-" "Mozilla/5.0 AppleWebKit/537.36 (KHTML, like Gecko; compatible; ClaudeBot/1.0; +claudebot@anthropic.com)"
216.73.217.69 - - [28/Jul/2026:07:49:16 +0530] "GET /2026/07/27/kaikki-tarpeellinen-tieto-muchbetter-kasinot-palveluiden-kayttamisesta-pelisivus/ HTTP/1.1" 200 61969 "-" "Mozilla/5.0 AppleWebKit/537.36 (KHTML, like Gecko; compatible; ClaudeBot/1.0; +claudebot@anthropic.com)"
66.249.65.165 - - [28/Jul/2026:08:06:47 +0530] "GET /2026/07/23/intricate-gameplay-surrounds-chicken-road-casino/ HTTP/1.1" 200 205831 "-" "Mozilla/5.0 (Linux; Android 6.0.1; Nexus 5X Build/MMB29P) AppleWebKit/537.36 (KHTML, like Gecko) Chrome/150.0.7871.128 Mobile Safari/537.36 (compatible; Googlebot/2.1; +http://www.google.com/bot.html)"
66.249.65.165 - - [28/Jul/2026:08:10:57 +0530] "GET /?b=465242778 HTTP/1.1" 200 196065 "-" "Mozilla/5.0 (Linux; Android 6.0.1; Nexus 5X Build/MMB29P) AppleWebKit/537.36 (KHTML, like Gecko) Chrome/150.0.7871.128 Mobile Safari/537.36 (compatible; GoogleOther)"
51.77.217.11 - - [28/Jul/2026:08:13:47 +0530] "GET /robots.txt HTTP/1.1" 200 72 "-" "Mozilla/5.0 (compatible; MJ12bot/v1.4.8; http://mj12bot.com/)"
188.40.203.66 - - [28/Jul/2026:08:13:50 +0530] "POST /wp-cron.php?doing_wp_cron=1785206629.9673080444335937500000 HTTP/1.1" 200 - "-" "WordPress/7.0; https://inf.websparkit.com"
51.77.217.11 - - [28/Jul/2026:08:13:48 +0530] "GET /2026/07/09/%D0%BF%D0%B8%D0%BD-%D0%B0%D0%BF-%D0%B0%D0%B2%D0%B8%D0%B0%D1%82%D0%BE%D1%80-%D0%BA%D0%B0%D0%BA-%D0%BF%D1%80%D0%B5%D0%B2%D1%80%D0%B0%D1%82%D0%B8%D1%82%D1%8C-%D0%BA%D1%80%D1%83%D1%82%D1%83%D1%8E-%D0%B8/ HTTP/1.1" 200 70577 "-" "Mozilla/5.0 (compatible; MJ12bot/v1.4.8; http://mj12bot.com/)"
51.77.217.11 - - [28/Jul/2026:08:13:51 +0530] "GET /2026/07/14/%D0%B8%D1%88%D0%B5%D0%BD%D0%B8%D0%BC%D0%B4%D2%AF%D2%AF-%D0%BE%D0%BD%D0%BB%D0%B0%D0%B9%D0%BD-%D0%BA%D0%B0%D0%B7%D0%B8%D0%BD%D0%BE-%D0%BA%D1%8B%D1%80%D0%B3%D1%8B%D0%B7%D1%81%D1%82%D0%B0%D0%BD%D0%B4/feed/ HTTP/1.1" 200 1242 "-" "Mozilla/5.0 (compatible; MJ12bot/v1.4.8; http://mj12bot.com/)"
51.77.217.11 - - [28/Jul/2026:08:13:54 +0530] "GET /2026/07/14/%D0%B8%D1%88%D0%B5%D0%BD%D0%B8%D0%BC%D0%B4%D2%AF%D2%AF-%D0%BE%D0%BD%D0%BB%D0%B0%D0%B9%D0%BD-%D0%BA%D0%B0%D0%B7%D0%B8%D0%BD%D0%BE-%D0%BA%D1%8B%D1%80%D0%B3%D1%8B%D0%B7%D1%81%D1%82%D0%B0%D0%BD%D0%B4/ HTTP/1.1" 200 62799 "-" "Mozilla/5.0 (compatible; MJ12bot/v1.4.8; http://mj12bot.com/)"
66.249.65.163 - - [28/Jul/2026:08:22:32 +0530] "GET /?j=444431133 HTTP/1.1" 200 197467 "-" "Mozilla/5.0 (Linux; Android 6.0.1; Nexus 5X Build/MMB29P) AppleWebKit/537.36 (KHTML, like Gecko) Chrome/150.0.7871.128 Mobile Safari/537.36 (compatible; Googlebot/2.1; +http://www.google.com/bot.html)"
188.40.203.66 - - [28/Jul/2026:08:43:39 +0530] "HEAD / HTTP/1.1" 421 - "-" "-"
188.40.203.66 - - [28/Jul/2026:08:43:39 +0530] "POST /wp-cron.php?doing_wp_cron=1785208419.8445699214935302734375 HTTP/1.1" 200 - "-" "WordPress/7.0; https://inf.websparkit.com"
66.249.65.164 - - [28/Jul/2026:08:48:39 +0530] "GET /?j=444431133 HTTP/1.1" 200 197467 "-" "Mozilla/5.0 (Linux; Android 6.0.1; Nexus 5X Build/MMB29P) AppleWebKit/537.36 (KHTML, like Gecko) Chrome/150.0.7871.128 Mobile Safari/537.36 (compatible; GoogleOther)"
66.249.65.165 - - [28/Jul/2026:08:52:44 +0530] "GET /?b=465242778 HTTP/1.1" 200 196065 "-" "Mozilla/5.0 (Linux; Android 6.0.1; Nexus 5X Build/MMB29P) AppleWebKit/537.36 (KHTML, like Gecko) Chrome/150.0.7871.128 Mobile Safari/537.36 (compatible; Googlebot/2.1; +http://www.google.com/bot.html)"
82.26.28.229 - - [28/Jul/2026:08:55:02 +0530] "GET /2026/07/23/hycanverici-oyunlar-v-pinco-casino-az-ekskluziv/ HTTP/1.1" 200 67669 "-" "Mozilla/5.0 (Macintosh; Intel Mac OS X 10_15_7) AppleWebKit/537.36 (KHTML, like Gecko) Chrome/104.0.0.0 Safari/537.36"
93.92.20.94 - - [28/Jul/2026:08:55:04 +0530] "GET /2026/07/22/chicken-road-game-295/ HTTP/1.1" 200 74012 "-" "Mozilla/5.0 (Macintosh; Intel Mac OS X 10_15_7) AppleWebKit/537.36 (KHTML, like Gecko) Chrome/104.0.0.0 Safari/537.36"
93.92.20.205 - - [28/Jul/2026:08:55:05 +0530] "GET /2026/07/12/the-ultimate-guide-to-mobile-roulette-canada-with-paypal/ HTTP/1.1" 200 59047 "-" "Mozilla/5.0 (Macintosh; Intel Mac OS X 10_15_7) AppleWebKit/537.36 (KHTML, like Gecko) Chrome/104.0.0.0 Safari/537.36"
82.26.28.182 - - [28/Jul/2026:08:55:07 +0530] "GET /2026/07/26/detailed-analysis-unveils-the-hidden-depths-fire/ HTTP/1.1" 200 70716 "-" "Mozilla/5.0 (Macintosh; Intel Mac OS X 10_15_7) AppleWebKit/537.36 (KHTML, like Gecko) Chrome/104.0.0.0 Safari/537.36"
87.246.9.219 - - [28/Jul/2026:08:55:08 +0530] "GET /2026/06/18/na-stilistike-minimalizma-intimnyj-opyt-s/ HTTP/1.1" 200 74587 "-" "Mozilla/5.0 (Macintosh; Intel Mac OS X 10_15_7) AppleWebKit/537.36 (KHTML, like Gecko) Chrome/104.0.0.0 Safari/537.36"
93.92.20.14 - - [28/Jul/2026:08:55:10 +0530] "GET /2026/07/21/deneyimler-icin-frsat-gates-of-olympus-1000-demo/ HTTP/1.1" 200 67876 "-" "Mozilla/5.0 (Macintosh; Intel Mac OS X 10_15_7) AppleWebKit/537.36 (KHTML, like Gecko) Chrome/104.0.0.0 Safari/537.36"
93.92.20.100 - - [28/Jul/2026:08:55:11 +0530] "GET /2026/07/22/exclusive-insights-and-strategies-with-vegashero/ HTTP/1.1" 200 69345 "-" "Mozilla/5.0 (Macintosh; Intel Mac OS X 10_15_7) AppleWebKit/537.36 (KHTML, like Gecko) Chrome/104.0.0.0 Safari/537.36"
93.92.20.244 - - [28/Jul/2026:08:55:13 +0530] "GET /category/post/page/12/ HTTP/1.1" 200 66653 "-" "Mozilla/5.0 (Macintosh; Intel Mac OS X 10_15_7) AppleWebKit/537.36 (KHTML, like Gecko) Chrome/104.0.0.0 Safari/537.36"
82.26.28.190 - - [28/Jul/2026:08:55:16 +0530] "GET /2026/07/17/essential-analysis-of-kalshi-markets-and-future/ HTTP/1.1" 200 70257 "-" "Mozilla/5.0 (Macintosh; Intel Mac OS X 10_15_7) AppleWebKit/537.36 (KHTML, like Gecko) Chrome/104.0.0.0 Safari/537.36"
82.26.28.208 - - [28/Jul/2026:08:55:17 +0530] "GET /2026/07/10/223/ HTTP/1.1" 200 65367 "-" "Mozilla/5.0 (Macintosh; Intel Mac OS X 10_15_7) AppleWebKit/537.36 (KHTML, like Gecko) Chrome/104.0.0.0 Safari/537.36"
216.73.217.69 - - [28/Jul/2026:09:07:47 +0530] "GET /robots.txt HTTP/1.1" 200 72 "-" "Mozilla/5.0 AppleWebKit/537.36 (KHTML, like Gecko; compatible; ClaudeBot/1.0; +claudebot@anthropic.com)"
188.40.203.66 - - [28/Jul/2026:09:07:48 +0530] "POST /wp-cron.php?doing_wp_cron=1785209868.8897769451141357421875 HTTP/1.1" 200 - "-" "WordPress/7.0; https://inf.websparkit.com"
216.73.217.69 - - [28/Jul/2026:09:07:47 +0530] "GET /2026/07/27/kaikki-tarpeellinen-tieto-muchbetter-kasinot-palveluiden-kayttamisesta-pelisivus/feed/ HTTP/1.1" 200 969 "-" "Mozilla/5.0 AppleWebKit/537.36 (KHTML, like Gecko; compatible; ClaudeBot/1.0; +claudebot@anthropic.com)"
216.73.217.69 - - [28/Jul/2026:09:08:27 +0530] "GET /?p=1171 HTTP/1.1" 301 - "-" "Mozilla/5.0 AppleWebKit/537.36 (KHTML, like Gecko; compatible; ClaudeBot/1.0; +claudebot@anthropic.com)"
216.73.217.69 - - [28/Jul/2026:09:08:28 +0530] "GET /2026/07/27/kaikki-tarpeellinen-tieto-muchbetter-kasinot-palveluiden-kayttamisesta-pelisivus/ HTTP/1.1" 200 61969 "https://inf.websparkit.com/?p=1171" "Mozilla/5.0 AppleWebKit/537.36 (KHTML, like Gecko; compatible; ClaudeBot/1.0; +claudebot@anthropic.com)"
188.40.203.66 - - [28/Jul/2026:09:10:21 +0530] "POST /wp-cron.php?doing_wp_cron=1785210021.1956889629364013671875 HTTP/1.1" 200 - "-" "WordPress/7.0; https://inf.websparkit.com"
216.73.217.69 - - [28/Jul/2026:09:10:20 +0530] "GET /category/muchbetter-kasinot/ HTTP/1.1" 200 53248 "-" "Mozilla/5.0 AppleWebKit/537.36 (KHTML, like Gecko; compatible; ClaudeBot/1.0; +claudebot@anthropic.com)"
57.141.0.15 - - [28/Jul/2026:09:14:16 +0530] "GET /category/post/page/30/ HTTP/1.1" 200 67362 "-" "Mozilla/5.0 (Windows NT 10.0; Win64; x64) AppleWebKit/537.36 (KHTML, like Gecko) Chrome/145.0.0.0 Safari/537.36 (compatible; meta-externalagent/1.1 (+https://developers.facebook.com/docs/sharing/webmasters/crawler))"
47.82.11.116 - - [28/Jul/2026:09:23:33 +0530] "GET /2026/07/27/royalsea-kaszino-buktak-hogyan-keruld-el-a-kezdo-hibakat/ HTTP/1.1" 200 62450 "https://inf.websparkit.com/" "Mozilla/5.0 (Macintosh; Intel Mac OS X 10_15_7) AppleWebKit/605.1.15 (KHTML, like Gecko) Version/16.6.1 Safari/605.1.15"
47.79.13.15 - - [28/Jul/2026:09:34:15 +0530] "GET /2026/07/16/strategic-angling-with-big-bass-bonanza-unlocks-14/ HTTP/1.1" 200 68773 "https://inf.websparkit.com/" "Mozilla/5.0 (Windows NT 10.0; Win64; x64) AppleWebKit/537.36 (KHTML, like Gecko) Chrome/134.0.0.0 Safari/537.36"
47.82.10.33 - - [28/Jul/2026:09:35:19 +0530] "GET /2026/07/15/newcomers-guide-to-the-casino-experience-in-australia/ HTTP/1.1" 200 59014 "https://inf.websparkit.com/" "Mozilla/5.0 (X11; Linux x86_64) AppleWebKit/537.36 (KHTML, like Gecko) Chrome/114.0.0.0 Safari/537.36"
66.249.65.164 - - [28/Jul/2026:09:38:25 +0530] "GET /?h=2729428963 HTTP/1.1" 200 197921 "-" "Mozilla/5.0 (Linux; Android 6.0.1; Nexus 5X Build/MMB29P) AppleWebKit/537.36 (KHTML, like Gecko) Chrome/150.0.7871.128 Mobile Safari/537.36 (compatible; GoogleOther)"
188.40.203.66 - - [28/Jul/2026:09:43:39 +0530] "HEAD / HTTP/1.1" 421 - "-" "-"
188.40.203.66 - - [28/Jul/2026:09:43:40 +0530] "POST /wp-cron.php?doing_wp_cron=1785212020.8288650512695312500000 HTTP/1.1" 200 - "-" "WordPress/7.0; https://inf.websparkit.com"
47.79.13.65 - - [28/Jul/2026:09:45:04 +0530] "GET /2026/07/15/winning-at-casino-roulette-strategies-and-insights/ HTTP/1.1" 200 59985 "https://inf.websparkit.com/" "Mozilla/5.0 (X11; Linux x86_64; rv:125.0) Gecko/20100101 Firefox/125.0"
50.114.92.69 - - [28/Jul/2026:09:51:19 +0530] "GET /3098-link211 HTTP/1.1" 200 200319 "-" "Mozilla/5.0 (compatible; Yahoo! Slurp; http://help.yahoo.com/help/us/ysearch/slurp)"
195.62.36.230 - - [28/Jul/2026:09:52:48 +0530] "GET /2026/07/27/remarkable-bonuses-and-promotions-await-players-at-3/ HTTP/1.1" 200 71357 "-" "Mozilla/5.0 (Linux; Android 10; K) AppleWebKit/537.36 (KHTML, like Gecko) Chrome/123.0.0.0 Mobile Safari/537.36"
188.40.203.66 - - [28/Jul/2026:10:03:54 +0530] "POST /wp-cron.php?doing_wp_cron=1785213234.8577671051025390625000 HTTP/1.1" 200 - "-" "WordPress/7.0; https://inf.websparkit.com"
47.82.11.155 - - [28/Jul/2026:10:03:53 +0530] "GET /category/post/page/1/ HTTP/1.1" 301 - "https://inf.websparkit.com/" "Mozilla/5.0 (Windows NT 10.0; Win64; x64; rv:137.0) Gecko/20100101 Firefox/137.0"
47.82.11.155 - - [28/Jul/2026:10:03:55 +0530] "GET /category/post/ HTTP/1.1" 200 66110 "https://inf.websparkit.com/" "Mozilla/5.0 (Windows NT 10.0; Win64; x64; rv:137.0) Gecko/20100101 Firefox/137.0"
17.246.23.171 - - [28/Jul/2026:10:08:09 +0530] "GET /2026/07/24/vstupte-do-svta-vzrueni-a-anci-eske-online-casino-2/ HTTP/1.1" 200 66794 "-" "Mozilla/5.0 (Macintosh; Intel Mac OS X 10_15_7) AppleWebKit/605.1.15 (KHTML, like Gecko) Version/17.4 Safari/605.1.15 (Applebot/0.1; +http://www.apple.com/go/applebot)"
62.84.185.67 - - [28/Jul/2026:10:12:57 +0530] "GET /robots.txt HTTP/1.1" 200 72 "-" "Mozilla/5.0 (compatible; MJ12bot/v1.4.8; http://mj12bot.com/)"
62.84.185.67 - - [28/Jul/2026:10:12:58 +0530] "GET /2026/07/14/lucky-jet-%D0%BA%D0%B0%D0%BA-%D0%B2%D0%B7%D0%BB%D0%B5%D1%82%D0%B5%D1%82%D1%8C-%D0%B2%D0%BC%D0%B5%D1%81%D1%82%D0%B5-%D1%81-%D0%BF%D0%BE%D0%BF%D1%83%D0%BB%D1%8F%D1%80%D0%BD%D0%BE%D0%B9-%D0%B8%D0%B3/ HTTP/1.1" 200 75337 "-" "Mozilla/5.0 (compatible; MJ12bot/v1.4.8; http://mj12bot.com/)"
17.246.15.137 - - [28/Jul/2026:10:14:54 +0530] "GET /wp-content/themes/unfia/assets/css/main.css?ver=1.0.0 HTTP/1.1" 200 46088 "https://inf.websparkit.com/2026/07/24/vstupte-do-svta-vzrueni-a-anci-eske-online-casino-2/" "Mozilla/5.0 (Macintosh; Intel Mac OS X 10_15_7) AppleWebKit/605.1.15 (KHTML, like Gecko) Version/17.4 Safari/605.1.15 (Applebot/0.1; +http://www.apple.com/go/applebot)"
17.246.15.137 - - [28/Jul/2026:10:14:55 +0530] "GET /wp-includes/js/jquery/jquery.min.js?ver=3.7.1 HTTP/1.1" 200 87553 "https://inf.websparkit.com/2026/07/24/vstupte-do-svta-vzrueni-a-anci-eske-online-casino-2/" "Mozilla/5.0 (Macintosh; Intel Mac OS X 10_15_7) AppleWebKit/605.1.15 (KHTML, like Gecko) Version/17.4 Safari/605.1.15 (Applebot/0.1; +http://www.apple.com/go/applebot)"
17.246.15.137 - - [28/Jul/2026:10:14:56 +0530] "GET /wp-content/themes/unfia/assets/js/main.js?ver=1.0.0 HTTP/1.1" 200 9800 "https://inf.websparkit.com/2026/07/24/vstupte-do-svta-vzrueni-a-anci-eske-online-casino-2/" "Mozilla/5.0 (Macintosh; Intel Mac OS X 10_15_7) AppleWebKit/605.1.15 (KHTML, like Gecko) Version/17.4 Safari/605.1.15 (Applebot/0.1; +http://www.apple.com/go/applebot)"
17.246.15.137 - - [28/Jul/2026:10:14:58 +0530] "GET /wp-includes/js/jquery/jquery-migrate.min.js?ver=3.4.1 HTTP/1.1" 200 13577 "https://inf.websparkit.com/2026/07/24/vstupte-do-svta-vzrueni-a-anci-eske-online-casino-2/" "Mozilla/5.0 (Macintosh; Intel Mac OS X 10_15_7) AppleWebKit/605.1.15 (KHTML, like Gecko) Version/17.4 Safari/605.1.15 (Applebot/0.1; +http://www.apple.com/go/applebot)"
17.246.15.137 - - [28/Jul/2026:10:14:59 +0530] "GET /wp-includes/js/comment-reply.min.js?ver=7.0 HTTP/1.1" 200 3026 "https://inf.websparkit.com/2026/07/24/vstupte-do-svta-vzrueni-a-anci-eske-online-casino-2/" "Mozilla/5.0 (Macintosh; Intel Mac OS X 10_15_7) AppleWebKit/605.1.15 (KHTML, like Gecko) Version/17.4 Safari/605.1.15 (Applebot/0.1; +http://www.apple.com/go/applebot)"
17.246.15.137 - - [28/Jul/2026:10:15:01 +0530] "GET /wp-includes/js/wp-emoji-release.min.js?ver=7.0 HTTP/1.1" 200 22762 "https://inf.websparkit.com/2026/07/24/vstupte-do-svta-vzrueni-a-anci-eske-online-casino-2/" "Mozilla/5.0 (Macintosh; Intel Mac OS X 10_15_7) AppleWebKit/605.1.15 (KHTML, like Gecko) Version/17.4 Safari/605.1.15 (Applebot/0.1; +http://www.apple.com/go/applebot)"
216.73.217.69 - - [28/Jul/2026:10:27:10 +0530] "GET /robots.txt HTTP/1.1" 200 72 "-" "Mozilla/5.0 AppleWebKit/537.36 (KHTML, like Gecko; compatible; ClaudeBot/1.0; +claudebot@anthropic.com)"
216.73.217.69 - - [28/Jul/2026:10:27:15 +0530] "GET /category/muchbetter-kasinot/feed/ HTTP/1.1" 200 8145 "-" "Mozilla/5.0 AppleWebKit/537.36 (KHTML, like Gecko; compatible; ClaudeBot/1.0; +claudebot@anthropic.com)"
188.40.203.66 - - [28/Jul/2026:10:38:40 +0530] "POST /wp-cron.php?doing_wp_cron=1785215320.2927510738372802734375 HTTP/1.1" 200 - "-" "WordPress/7.0; https://inf.websparkit.com"
17.246.19.244 - - [28/Jul/2026:10:38:39 +0530] "GET /2026/07/25/popular-options-regarding-bovada-encompass-sports/ HTTP/1.1" 200 70075 "-" "Mozilla/5.0 (Macintosh; Intel Mac OS X 10_15_7) AppleWebKit/605.1.15 (KHTML, like Gecko) Version/17.4 Safari/605.1.15 (Applebot/0.1; +http://www.apple.com/go/applebot)"
188.40.203.66 - - [28/Jul/2026:10:43:41 +0530] "HEAD / HTTP/1.1" 421 - "-" "-"
51.68.152.28 - - [28/Jul/2026:10:48:03 +0530] "GET /wp-login.php HTTP/1.1" 200 - "-" "python-requests/2.31.0"
51.68.152.28 - - [28/Jul/2026:10:50:30 +0530] "GET /wp-login.php HTTP/1.1" 200 - "-" "python-requests/2.31.0"
66.249.65.163 - - [28/Jul/2026:10:56:40 +0530] "GET /?x=363975291 HTTP/1.1" 200 197715 "-" "Mozilla/5.0 (Linux; Android 6.0.1; Nexus 5X Build/MMB29P) AppleWebKit/537.36 (KHTML, like Gecko) Chrome/150.0.7871.128 Mobile Safari/537.36 (compatible; Googlebot/2.1; +http://www.google.com/bot.html)"
51.68.152.28 - - [28/Jul/2026:10:57:50 +0530] "GET /wp-login.php HTTP/1.1" 200 - "-" "python-requests/2.31.0"
51.68.152.28 - - [28/Jul/2026:11:24:37 +0530] "GET /wp-login.php HTTP/1.1" 200 - "-" "python-requests/2.31.0"
66.249.65.165 - - [28/Jul/2026:11:24:53 +0530] "GET /?o=391321668 HTTP/1.1" 200 202631 "-" "Mozilla/5.0 (Linux; Android 6.0.1; Nexus 5X Build/MMB29P) AppleWebKit/537.36 (KHTML, like Gecko) Chrome/150.0.7871.128 Mobile Safari/537.36 (compatible; GoogleOther)"
216.73.217.69 - - [28/Jul/2026:11:25:02 +0530] "GET /sitemap.xml HTTP/1.1" 200 145225 "-" "Mozilla/5.0 AppleWebKit/537.36 (KHTML, like Gecko; compatible; ClaudeBot/1.0; +claudebot@anthropic.com)"
66.249.65.163 - - [28/Jul/2026:11:29:50 +0530] "GET /?k=3095070872 HTTP/1.1" 200 196269 "-" "Mozilla/5.0 (Linux; Android 6.0.1; Nexus 5X Build/MMB29P) AppleWebKit/537.36 (KHTML, like Gecko) Chrome/150.0.7871.128 Mobile Safari/537.36 (compatible; GoogleOther)"
188.40.203.66 - - [28/Jul/2026:11:43:39 +0530] "HEAD / HTTP/1.1" 421 - "-" "-"
188.40.203.66 - - [28/Jul/2026:11:43:39 +0530] "POST /wp-cron.php?doing_wp_cron=1785219219.9379169940948486328125 HTTP/1.1" 200 - "-" "WordPress/7.0; https://inf.websparkit.com"
188.40.203.66 - - [28/Jul/2026:11:43:41 +0530] "POST /wp-cron.php?doing_wp_cron=1785219221.5385189056396484375000 HTTP/1.1" 200 - "-" "WordPress/7.0; https://inf.websparkit.com"
66.249.65.165 - - [28/Jul/2026:11:47:00 +0530] "GET /?q=64583040394 HTTP/1.1" 200 204608 "-" "Mozilla/5.0 (Linux; Android 6.0.1; Nexus 5X Build/MMB29P) AppleWebKit/537.36 (KHTML, like Gecko) Chrome/150.0.7871.128 Mobile Safari/537.36 (compatible; GoogleOther)"
82.26.28.238 - - [28/Jul/2026:11:53:18 +0530] "GET /2026/07/21/aktualne-informacje-i-promocje-ggbet-pl-dla/ HTTP/1.1" 200 68587 "-" "Mozilla/5.0 (Macintosh; Intel Mac OS X 10_15_7) AppleWebKit/537.36 (KHTML, like Gecko) Chrome/104.0.0.0 Safari/537.36"
93.92.20.128 - - [28/Jul/2026:11:53:19 +0530] "GET /2026/07/17/besproigryshnye-kombinacii-i-olimp-casino-dlja-uve/ HTTP/1.1" 200 78100 "-" "Mozilla/5.0 (Macintosh; Intel Mac OS X 10_15_7) AppleWebKit/537.36 (KHTML, like Gecko) Chrome/104.0.0.0 Safari/537.36"
93.92.20.252 - - [28/Jul/2026:11:53:21 +0530] "GET /2026/07/10/ruleta-con-apuestas-altas-con-verificacion-una-guia-completa/ HTTP/1.1" 200 59621 "-" "Mozilla/5.0 (Macintosh; Intel Mac OS X 10_15_7) AppleWebKit/537.36 (KHTML, like Gecko) Chrome/104.0.0.0 Safari/537.36"
82.26.28.223 - - [28/Jul/2026:11:53:22 +0530] "GET /2026/07/17/1xbet-334/ HTTP/1.1" 200 68642 "-" "Mozilla/5.0 (Macintosh; Intel Mac OS X 10_15_7) AppleWebKit/537.36 (KHTML, like Gecko) Chrome/104.0.0.0 Safari/537.36"
93.92.20.123 - - [28/Jul/2026:11:53:24 +0530] "GET /category/uncategorized/page/8/ HTTP/1.1" 200 66734 "-" "Mozilla/5.0 (Macintosh; Intel Mac OS X 10_15_7) AppleWebKit/537.36 (KHTML, like Gecko) Chrome/104.0.0.0 Safari/537.36"
82.163.62.71 - - [28/Jul/2026:11:53:25 +0530] "GET /2026/07/17/intricate-missions-featuring-the-aviamasters-game/ HTTP/1.1" 200 69376 "-" "Mozilla/5.0 (Macintosh; Intel Mac OS X 10_15_7) AppleWebKit/537.36 (KHTML, like Gecko) Chrome/104.0.0.0 Safari/537.36"
93.92.20.16 - - [28/Jul/2026:11:53:27 +0530] "GET /2026/07/21/exceptionnel-divertissement-avec-thorfortune/ HTTP/1.1" 200 69102 "-" "Mozilla/5.0 (Macintosh; Intel Mac OS X 10_15_7) AppleWebKit/537.36 (KHTML, like Gecko) Chrome/104.0.0.0 Safari/537.36"
64.16.133.94 - - [28/Jul/2026:11:53:29 +0530] "GET /2026/07/27/kaikki-tarpeellinen-tieto-muchbetter-kasinot-palveluiden-kayttamisesta-pelisivus/ HTTP/1.1" 200 61969 "-" "Mozilla/5.0 (Macintosh; Intel Mac OS X 10_15_7) AppleWebKit/537.36 (KHTML, like Gecko) Chrome/104.0.0.0 Safari/537.36"
93.92.20.192 - - [28/Jul/2026:11:53:31 +0530] "GET /2026/07/21/essential-guidance-for-newcomers-to-captain-spins-3/ HTTP/1.1" 200 69173 "-" "Mozilla/5.0 (Macintosh; Intel Mac OS X 10_15_7) AppleWebKit/537.36 (KHTML, like Gecko) Chrome/104.0.0.0 Safari/537.36"
47.79.13.39 - - [28/Jul/2026:11:53:32 +0530] "GET /2026/07/27/essentiel-linvestissement-avec-bdmbet-pour-des/ HTTP/1.1" 200 68690 "https://inf.websparkit.com/" "Mozilla/5.0 (Macintosh; Intel Mac OS X 10_15_7) AppleWebKit/537.36 (KHTML, like Gecko) Chrome/135.0.0.0 Safari/537.36"
64.16.133.83 - - [28/Jul/2026:11:53:33 +0530] "GET /2026/07/17/parlak-frsatlar-barndran-sweet-bonanza-dunyasnda-2/ HTTP/1.1" 200 67765 "-" "Mozilla/5.0 (Macintosh; Intel Mac OS X 10_15_7) AppleWebKit/537.36 (KHTML, like Gecko) Chrome/104.0.0.0 Safari/537.36"
17.241.75.74 - - [28/Jul/2026:11:54:05 +0530] "GET /2026/07/24/soustete-se-na-vyhru-nejlepi-online-casino-pro/ HTTP/1.1" 200 66751 "-" "Mozilla/5.0 (Macintosh; Intel Mac OS X 10_15_7) AppleWebKit/605.1.15 (KHTML, like Gecko) Version/17.4 Safari/605.1.15 (Applebot/0.1; +http://www.apple.com/go/applebot)"
66.249.65.163 - - [28/Jul/2026:11:55:19 +0530] "GET /?k=3095070872 HTTP/1.1" 200 196269 "-" "Mozilla/5.0 (Linux; Android 6.0.1; Nexus 5X Build/MMB29P) AppleWebKit/537.36 (KHTML, like Gecko) Chrome/150.0.7871.128 Mobile Safari/537.36 (compatible; Googlebot/2.1; +http://www.google.com/bot.html)"
17.241.75.94 - - [28/Jul/2026:11:55:28 +0530] "GET /wp-includes/js/jquery/jquery.min.js?ver=3.7.1 HTTP/1.1" 200 87553 "https://inf.websparkit.com/2026/07/24/soustete-se-na-vyhru-nejlepi-online-casino-pro/" "Mozilla/5.0 (Macintosh; Intel Mac OS X 10_15_7) AppleWebKit/605.1.15 (KHTML, like Gecko) Version/17.4 Safari/605.1.15 (Applebot/0.1; +http://www.apple.com/go/applebot)"
17.241.75.94 - - [28/Jul/2026:11:55:29 +0530] "GET /wp-includes/js/jquery/jquery-migrate.min.js?ver=3.4.1 HTTP/1.1" 200 13577 "https://inf.websparkit.com/2026/07/24/soustete-se-na-vyhru-nejlepi-online-casino-pro/" "Mozilla/5.0 (Macintosh; Intel Mac OS X 10_15_7) AppleWebKit/605.1.15 (KHTML, like Gecko) Version/17.4 Safari/605.1.15 (Applebot/0.1; +http://www.apple.com/go/applebot)"
17.241.75.94 - - [28/Jul/2026:11:55:30 +0530] "GET /wp-content/themes/unfia/assets/js/main.js?ver=1.0.0 HTTP/1.1" 200 9800 "https://inf.websparkit.com/2026/07/24/soustete-se-na-vyhru-nejlepi-online-casino-pro/" "Mozilla/5.0 (Macintosh; Intel Mac OS X 10_15_7) AppleWebKit/605.1.15 (KHTML, like Gecko) Version/17.4 Safari/605.1.15 (Applebot/0.1; +http://www.apple.com/go/applebot)"
17.241.75.94 - - [28/Jul/2026:11:55:32 +0530] "GET /wp-content/themes/unfia/assets/css/main.css?ver=1.0.0 HTTP/1.1" 200 46088 "https://inf.websparkit.com/2026/07/24/soustete-se-na-vyhru-nejlepi-online-casino-pro/" "Mozilla/5.0 (Macintosh; Intel Mac OS X 10_15_7) AppleWebKit/605.1.15 (KHTML, like Gecko) Version/17.4 Safari/605.1.15 (Applebot/0.1; +http://www.apple.com/go/applebot)"
17.241.75.94 - - [28/Jul/2026:11:55:33 +0530] "GET /wp-includes/js/comment-reply.min.js?ver=7.0 HTTP/1.1" 200 3026 "https://inf.websparkit.com/2026/07/24/soustete-se-na-vyhru-nejlepi-online-casino-pro/" "Mozilla/5.0 (Macintosh; Intel Mac OS X 10_15_7) AppleWebKit/605.1.15 (KHTML, like Gecko) Version/17.4 Safari/605.1.15 (Applebot/0.1; +http://www.apple.com/go/applebot)"
51.75.128.50 - - [28/Jul/2026:11:55:34 +0530] "GET /robots.txt HTTP/1.1" 200 72 "-" "Mozilla/5.0 (compatible; MJ12bot/v1.4.8; http://mj12bot.com/)"
17.241.75.94 - - [28/Jul/2026:11:55:35 +0530] "GET /wp-includes/js/wp-emoji-release.min.js?ver=7.0 HTTP/1.1" 200 22762 "https://inf.websparkit.com/2026/07/24/soustete-se-na-vyhru-nejlepi-online-casino-pro/" "Mozilla/5.0 (Macintosh; Intel Mac OS X 10_15_7) AppleWebKit/605.1.15 (KHTML, like Gecko) Version/17.4 Safari/605.1.15 (Applebot/0.1; +http://www.apple.com/go/applebot)"
51.75.128.50 - - [28/Jul/2026:11:55:36 +0530] "GET /2026/07/26/hogyan-valt-a-golisimo-bonusz-egy-veszteseges-estet-gyozelemme/feed/ HTTP/1.1" 200 915 "-" "Mozilla/5.0 (compatible; MJ12bot/v1.4.8; http://mj12bot.com/)"
51.75.128.50 - - [28/Jul/2026:11:55:38 +0530] "GET /2026/07/27/atrakcyjne-moliwoci-gier-hazardowych-online-z-vox/ HTTP/1.1" 200 67042 "-" "Mozilla/5.0 (compatible; MJ12bot/v1.4.8; http://mj12bot.com/)"
51.75.128.50 - - [28/Jul/2026:11:55:41 +0530] "GET /2026/07/27/el-sportfogadasi-lehetsegek-a-betmatch-platformon/feed/ HTTP/1.1" 200 900 "-" "Mozilla/5.0 (compatible; MJ12bot/v1.4.8; http://mj12bot.com/)"
51.75.128.50 - - [28/Jul/2026:11:55:44 +0530] "GET /2026/07/27/erdekes-modellek-es-a-betmatch-hatasa-a-3/feed/ HTTP/1.1" 200 879 "-" "Mozilla/5.0 (compatible; MJ12bot/v1.4.8; http://mj12bot.com/)"
51.75.128.50 - - [28/Jul/2026:11:55:46 +0530] "GET /2026/07/27/essentiel-linvestissement-avec-bdmbet-pour-des/feed/ HTTP/1.1" 200 890 "-" "Mozilla/5.0 (compatible; MJ12bot/v1.4.8; http://mj12bot.com/)"
51.75.128.50 - - [28/Jul/2026:11:55:49 +0530] "GET /2026/07/27/haziran-frsatlar-ile-sweet-bonanza-oyununda-yuksek/feed/ HTTP/1.1" 200 903 "-" "Mozilla/5.0 (compatible; MJ12bot/v1.4.8; http://mj12bot.com/)"
51.75.128.50 - - [28/Jul/2026:11:55:51 +0530] "GET /2026/07/27/muhteem-kombinasyonlar-sweet-bonanza-ile-kazancnz-2/feed/ HTTP/1.1" 200 905 "-" "Mozilla/5.0 (compatible; MJ12bot/v1.4.8; http://mj12bot.com/)"
51.75.128.50 - - [28/Jul/2026:11:55:54 +0530] "GET /2026/07/27/royalsea-kaszino-ajanlatait-argus-szemmel-nezve-hol-a-valodi-ertek/feed/ HTTP/1.1" 200 937 "-" "Mozilla/5.0 (compatible; MJ12bot/v1.4.8; http://mj12bot.com/)"
51.75.128.50 - - [28/Jul/2026:11:55:56 +0530] "GET /2026/07/27/royalsea-kaszino-buktak-hogyan-keruld-el-a-kezdo-hibakat/ HTTP/1.1" 200 62450 "-" "Mozilla/5.0 (compatible; MJ12bot/v1.4.8; http://mj12bot.com/)"
51.75.128.50 - - [28/Jul/2026:11:55:59 +0530] "GET /2026/07/27/sol-casino-alkalmazas-letoltes-telepites-es-jatek-mobilrol/feed/ HTTP/1.1" 200 915 "-" "Mozilla/5.0 (compatible; MJ12bot/v1.4.8; http://mj12bot.com/)"
188.40.203.66 - - [28/Jul/2026:12:02:44 +0530] "POST /wp-cron.php?doing_wp_cron=1785220364.1072969436645507812500 HTTP/1.1" 200 - "-" "WordPress/7.0; https://inf.websparkit.com"
57.141.0.42 - - [28/Jul/2026:12:02:42 +0530] "GET /2026/07/23/intricate-gameplay-surrounds-chicken-road-casino/feed/ HTTP/1.1" 200 899 "-" "Mozilla/5.0 (Windows NT 10.0; Win64; x64) AppleWebKit/537.36 (KHTML, like Gecko) Chrome/145.0.0.0 Safari/537.36 (compatible; meta-externalagent/1.1 (+https://developers.facebook.com/docs/sharing/webmasters/crawler))"
66.249.65.165 - - [28/Jul/2026:12:07:39 +0530] "GET /?o=3917952944 HTTP/1.1" 200 198897 "-" "Mozilla/5.0 (Linux; Android 6.0.1; Nexus 5X Build/MMB29P) AppleWebKit/537.36 (KHTML, like Gecko) Chrome/150.0.7871.128 Mobile Safari/537.36 (compatible; GoogleOther)"
66.249.65.164 - - [28/Jul/2026:12:09:19 +0530] "GET /?l=313481328 HTTP/1.1" 200 196792 "-" "Mozilla/5.0 (Linux; Android 6.0.1; Nexus 5X Build/MMB29P) AppleWebKit/537.36 (KHTML, like Gecko) Chrome/150.0.7871.128 Mobile Safari/537.36 (compatible; GoogleOther)"
47.79.13.12 - - [28/Jul/2026:12:12:55 +0530] "GET /category/uncategorized/page/4/ HTTP/1.1" 200 68785 "https://inf.websparkit.com/" "Mozilla/5.0 (Windows NT 10.0; Win64; x64) AppleWebKit/537.36 (KHTML, like Gecko) Chrome/135.0.0.0 Safari/537.36 Edg/135.0.0.0"
66.249.65.163 - - [28/Jul/2026:12:17:30 +0530] "GET /?u=91316923176 HTTP/1.1" 200 195133 "-" "Mozilla/5.0 (Linux; Android 6.0.1; Nexus 5X Build/MMB29P) AppleWebKit/537.36 (KHTML, like Gecko) Chrome/150.0.7871.128 Mobile Safari/537.36 (compatible; GoogleOther)"
17.246.23.139 - - [28/Jul/2026:12:18:24 +0530] "GET /2026/07/24/szczegoowa-analiza-oferty-casino-nv-i-perspektywy/ HTTP/1.1" 200 68876 "-" "Mozilla/5.0 (Macintosh; Intel Mac OS X 10_15_7) AppleWebKit/605.1.15 (KHTML, like Gecko) Version/17.4 Safari/605.1.15 (Applebot/0.1; +http://www.apple.com/go/applebot)"
66.249.65.164 - - [28/Jul/2026:12:25:10 +0530] "GET /?w=1371736560 HTTP/1.1" 200 196793 "-" "Mozilla/5.0 (Linux; Android 6.0.1; Nexus 5X Build/MMB29P) AppleWebKit/537.36 (KHTML, like Gecko) Chrome/150.0.7871.128 Mobile Safari/537.36 (compatible; Googlebot/2.1; +http://www.google.com/bot.html)"
66.249.65.163 - - [28/Jul/2026:12:25:21 +0530] "GET /?p=2586259484 HTTP/1.1" 200 198107 "-" "Mozilla/5.0 (Linux; Android 6.0.1; Nexus 5X Build/MMB29P) AppleWebKit/537.36 (KHTML, like Gecko) Chrome/150.0.7871.128 Mobile Safari/537.36 (compatible; Googlebot/2.1; +http://www.google.com/bot.html)"
17.241.227.156 - - [28/Jul/2026:12:26:16 +0530] "GET /2026/07/24/szczegoowa-analiza-oferty-casino-nv-i-perspektywy/ HTTP/1.1" 200 68876 "-" "Mozilla/5.0 (Macintosh; Intel Mac OS X 10_15_7) AppleWebKit/605.1.15 (KHTML, like Gecko) Version/17.4 Safari/605.1.15 (Applebot/0.1; +http://www.apple.com/go/applebot)"
66.249.65.165 - - [28/Jul/2026:12:32:40 +0530] "GET /?m=536419129 HTTP/1.1" 200 198003 "-" "Mozilla/5.0 (Linux; Android 6.0.1; Nexus 5X Build/MMB29P) AppleWebKit/537.36 (KHTML, like Gecko) Chrome/150.0.7871.128 Mobile Safari/537.36 (compatible; GoogleOther)"
66.249.65.165 - - [28/Jul/2026:12:33:35 +0530] "GET /?e=3219274396 HTTP/1.1" 200 197270 "-" "Mozilla/5.0 (Linux; Android 6.0.1; Nexus 5X Build/MMB29P) AppleWebKit/537.36 (KHTML, like Gecko) Chrome/150.0.7871.128 Mobile Safari/537.36 (compatible; GoogleOther)"
47.79.13.68 - - [28/Jul/2026:12:35:42 +0530] "GET /category/skrill-kasinot/ HTTP/1.1" 200 53121 "https://inf.websparkit.com/" "Mozilla/5.0 (Windows NT 10.0; Win64; x64) AppleWebKit/537.36 (KHTML, like Gecko) Chrome/135.0.0.0 Safari/537.36 Edg/135.0.0.0"
216.73.216.170 - - [28/Jul/2026:12:40:01 +0530] "GET /robots.txt HTTP/1.1" 200 72 "-" "Mozilla/5.0 AppleWebKit/537.36 (KHTML, like Gecko; compatible; ClaudeBot/1.0; +claudebot@anthropic.com)"
216.73.216.170 - - [28/Jul/2026:12:40:01 +0530] "GET /?q=339974652 HTTP/1.1" 200 77811 "-" "Mozilla/5.0 AppleWebKit/537.36 (KHTML, like Gecko; compatible; ClaudeBot/1.0; +claudebot@anthropic.com)"
216.73.216.170 - - [28/Jul/2026:12:40:02 +0530] "GET /?d=439382353 HTTP/1.1" 200 77811 "-" "Mozilla/5.0 AppleWebKit/537.36 (KHTML, like Gecko; compatible; ClaudeBot/1.0; +claudebot@anthropic.com)"
216.73.216.170 - - [28/Jul/2026:12:40:03 +0530] "GET /?r=389448945 HTTP/1.1" 200 77811 "-" "Mozilla/5.0 AppleWebKit/537.36 (KHTML, like Gecko; compatible; ClaudeBot/1.0; +claudebot@anthropic.com)"
216.73.216.170 - - [28/Jul/2026:12:40:03 +0530] "GET /?l=133511037 HTTP/1.1" 200 77811 "-" "Mozilla/5.0 AppleWebKit/537.36 (KHTML, like Gecko; compatible; ClaudeBot/1.0; +claudebot@anthropic.com)"
216.73.216.170 - - [28/Jul/2026:12:40:04 +0530] "GET /?a=349728732 HTTP/1.1" 200 77811 "-" "Mozilla/5.0 AppleWebKit/537.36 (KHTML, like Gecko; compatible; ClaudeBot/1.0; +claudebot@anthropic.com)"
216.73.216.170 - - [28/Jul/2026:12:40:04 +0530] "GET /?r=259061930 HTTP/1.1" 200 77811 "-" "Mozilla/5.0 AppleWebKit/537.36 (KHTML, like Gecko; compatible; ClaudeBot/1.0; +claudebot@anthropic.com)"
216.73.216.170 - - [28/Jul/2026:12:40:05 +0530] "GET /?d=4403856848 HTTP/1.1" 200 77811 "-" "Mozilla/5.0 AppleWebKit/537.36 (KHTML, like Gecko; compatible; ClaudeBot/1.0; +claudebot@anthropic.com)"
216.73.216.170 - - [28/Jul/2026:12:40:05 +0530] "GET /?e=505292576 HTTP/1.1" 200 77811 "-" "Mozilla/5.0 AppleWebKit/537.36 (KHTML, like Gecko; compatible; ClaudeBot/1.0; +claudebot@anthropic.com)"
216.73.216.170 - - [28/Jul/2026:12:40:06 +0530] "GET /?b=333771101 HTTP/1.1" 200 77811 "-" "Mozilla/5.0 AppleWebKit/537.36 (KHTML, like Gecko; compatible; ClaudeBot/1.0; +claudebot@anthropic.com)"
216.73.216.170 - - [28/Jul/2026:12:40:06 +0530] "GET /?e=382334902 HTTP/1.1" 200 77811 "-" "Mozilla/5.0 AppleWebKit/537.36 (KHTML, like Gecko; compatible; ClaudeBot/1.0; +claudebot@anthropic.com)"
216.73.216.170 - - [28/Jul/2026:12:40:07 +0530] "GET /?f=276893063 HTTP/1.1" 200 77811 "-" "Mozilla/5.0 AppleWebKit/537.36 (KHTML, like Gecko; compatible; ClaudeBot/1.0; +claudebot@anthropic.com)"
216.73.216.170 - - [28/Jul/2026:12:40:07 +0530] "GET /?l=293417899 HTTP/1.1" 200 77811 "-" "Mozilla/5.0 AppleWebKit/537.36 (KHTML, like Gecko; compatible; ClaudeBot/1.0; +claudebot@anthropic.com)"
216.73.216.170 - - [28/Jul/2026:12:40:07 +0530] "GET /?a=506770253 HTTP/1.1" 200 77811 "-" "Mozilla/5.0 AppleWebKit/537.36 (KHTML, like Gecko; compatible; ClaudeBot/1.0; +claudebot@anthropic.com)"
216.73.216.170 - - [28/Jul/2026:12:40:07 +0530] "GET /?a=2836726223 HTTP/1.1" 200 77811 "-" "Mozilla/5.0 AppleWebKit/537.36 (KHTML, like Gecko; compatible; ClaudeBot/1.0; +claudebot@anthropic.com)"
216.73.216.170 - - [28/Jul/2026:12:40:08 +0530] "GET /?f=74476224930 HTTP/1.1" 200 77811 "-" "Mozilla/5.0 AppleWebKit/537.36 (KHTML, like Gecko; compatible; ClaudeBot/1.0; +claudebot@anthropic.com)"
216.73.216.170 - - [28/Jul/2026:12:40:08 +0530] "GET /?c=189689273 HTTP/1.1" 200 77811 "-" "Mozilla/5.0 AppleWebKit/537.36 (KHTML, like Gecko; compatible; ClaudeBot/1.0; +claudebot@anthropic.com)"
216.73.216.170 - - [28/Jul/2026:12:40:08 +0530] "GET /?m=354964022 HTTP/1.1" 404 41071 "-" "Mozilla/5.0 AppleWebKit/537.36 (KHTML, like Gecko; compatible; ClaudeBot/1.0; +claudebot@anthropic.com)"
216.73.216.170 - - [28/Jul/2026:12:40:09 +0530] "GET /?a=168094451 HTTP/1.1" 200 77811 "-" "Mozilla/5.0 AppleWebKit/537.36 (KHTML, like Gecko; compatible; ClaudeBot/1.0; +claudebot@anthropic.com)"
216.73.216.170 - - [28/Jul/2026:12:40:09 +0530] "GET /?a=352375341 HTTP/1.1" 200 77811 "-" "Mozilla/5.0 AppleWebKit/537.36 (KHTML, like Gecko; compatible; ClaudeBot/1.0; +claudebot@anthropic.com)"
216.73.216.170 - - [28/Jul/2026:12:40:09 +0530] "GET /?e=462315090 HTTP/1.1" 200 77811 "-" "Mozilla/5.0 AppleWebKit/537.36 (KHTML, like Gecko; compatible; ClaudeBot/1.0; +claudebot@anthropic.com)"
216.73.216.170 - - [28/Jul/2026:12:40:09 +0530] "GET /?a=1361638566 HTTP/1.1" 200 77811 "-" "Mozilla/5.0 AppleWebKit/537.36 (KHTML, like Gecko; compatible; ClaudeBot/1.0; +claudebot@anthropic.com)"
216.73.216.170 - - [28/Jul/2026:12:40:10 +0530] "GET /?q=353667048 HTTP/1.1" 200 77811 "-" "Mozilla/5.0 AppleWebKit/537.36 (KHTML, like Gecko; compatible; ClaudeBot/1.0; +claudebot@anthropic.com)"
216.73.216.170 - - [28/Jul/2026:12:40:10 +0530] "GET /?b=134550119 HTTP/1.1" 200 77811 "-" "Mozilla/5.0 AppleWebKit/537.36 (KHTML, like Gecko; compatible; ClaudeBot/1.0; +claudebot@anthropic.com)"
216.73.216.170 - - [28/Jul/2026:12:40:10 +0530] "GET /?e=353330330 HTTP/1.1" 200 77811 "-" "Mozilla/5.0 AppleWebKit/537.36 (KHTML, like Gecko; compatible; ClaudeBot/1.0; +claudebot@anthropic.com)"
216.73.216.170 - - [28/Jul/2026:12:40:10 +0530] "GET /?d=1772117693 HTTP/1.1" 200 77811 "-" "Mozilla/5.0 AppleWebKit/537.36 (KHTML, like Gecko; compatible; ClaudeBot/1.0; +claudebot@anthropic.com)"
216.73.216.170 - - [28/Jul/2026:12:40:10 +0530] "GET /?p=5329366605 HTTP/1.1" 404 41071 "-" "Mozilla/5.0 AppleWebKit/537.36 (KHTML, like Gecko; compatible; ClaudeBot/1.0; +claudebot@anthropic.com)"
216.73.216.170 - - [28/Jul/2026:12:40:11 +0530] "GET /?w=3387306366 HTTP/1.1" 404 41071 "-" "Mozilla/5.0 AppleWebKit/537.36 (KHTML, like Gecko; compatible; ClaudeBot/1.0; +claudebot@anthropic.com)"
216.73.216.170 - - [28/Jul/2026:12:40:11 +0530] "GET /?p=33339364797 HTTP/1.1" 404 41071 "-" "Mozilla/5.0 AppleWebKit/537.36 (KHTML, like Gecko; compatible; ClaudeBot/1.0; +claudebot@anthropic.com)"
216.73.216.170 - - [28/Jul/2026:12:40:11 +0530] "GET /?c=3404949566 HTTP/1.1" 200 77811 "-" "Mozilla/5.0 AppleWebKit/537.36 (KHTML, like Gecko; compatible; ClaudeBot/1.0; +claudebot@anthropic.com)"
216.73.216.170 - - [28/Jul/2026:12:40:12 +0530] "GET /?e=43395178694 HTTP/1.1" 200 77811 "-" "Mozilla/5.0 AppleWebKit/537.36 (KHTML, like Gecko; compatible; ClaudeBot/1.0; +claudebot@anthropic.com)"
216.73.216.170 - - [28/Jul/2026:12:40:12 +0530] "GET /?d=492993241 HTTP/1.1" 200 77811 "-" "Mozilla/5.0 AppleWebKit/537.36 (KHTML, like Gecko; compatible; ClaudeBot/1.0; +claudebot@anthropic.com)"
216.73.216.170 - - [28/Jul/2026:12:40:12 +0530] "GET /?e=3200817638 HTTP/1.1" 200 77811 "-" "Mozilla/5.0 AppleWebKit/537.36 (KHTML, like Gecko; compatible; ClaudeBot/1.0; +claudebot@anthropic.com)"
216.73.216.170 - - [28/Jul/2026:12:40:13 +0530] "GET /?e=393687995 HTTP/1.1" 200 77811 "-" "Mozilla/5.0 AppleWebKit/537.36 (KHTML, like Gecko; compatible; ClaudeBot/1.0; +claudebot@anthropic.com)"
216.73.216.170 - - [28/Jul/2026:12:40:13 +0530] "GET /?b=4877930554 HTTP/1.1" 200 77811 "-" "Mozilla/5.0 AppleWebKit/537.36 (KHTML, like Gecko; compatible; ClaudeBot/1.0; +claudebot@anthropic.com)"
216.73.216.170 - - [28/Jul/2026:12:40:13 +0530] "GET /?l=1364510320 HTTP/1.1" 200 77811 "-" "Mozilla/5.0 AppleWebKit/537.36 (KHTML, like Gecko; compatible; ClaudeBot/1.0; +claudebot@anthropic.com)"
216.73.216.170 - - [28/Jul/2026:12:40:13 +0530] "GET /?f=441014430 HTTP/1.1" 200 77811 "-" "Mozilla/5.0 AppleWebKit/537.36 (KHTML, like Gecko; compatible; ClaudeBot/1.0; +claudebot@anthropic.com)"
216.73.216.170 - - [28/Jul/2026:12:40:13 +0530] "GET /?d=324592806 HTTP/1.1" 200 77811 "-" "Mozilla/5.0 AppleWebKit/537.36 (KHTML, like Gecko; compatible; ClaudeBot/1.0; +claudebot@anthropic.com)"
216.73.216.170 - - [28/Jul/2026:12:40:13 +0530] "GET /?a=13780258258 HTTP/1.1" 200 77811 "-" "Mozilla/5.0 AppleWebKit/537.36 (KHTML, like Gecko; compatible; ClaudeBot/1.0; +claudebot@anthropic.com)"
216.73.216.170 - - [28/Jul/2026:12:40:13 +0530] "GET /?e=1663734566 HTTP/1.1" 200 77811 "-" "Mozilla/5.0 AppleWebKit/537.36 (KHTML, like Gecko; compatible; ClaudeBot/1.0; +claudebot@anthropic.com)"
216.73.216.170 - - [28/Jul/2026:12:40:13 +0530] "GET /?c=462134445 HTTP/1.1" 200 77811 "-" "Mozilla/5.0 AppleWebKit/537.36 (KHTML, like Gecko; compatible; ClaudeBot/1.0; +claudebot@anthropic.com)"
216.73.216.170 - - [28/Jul/2026:12:40:14 +0530] "GET /?y=2425257338 HTTP/1.1" 200 77811 "-" "Mozilla/5.0 AppleWebKit/537.36 (KHTML, like Gecko; compatible; ClaudeBot/1.0; +claudebot@anthropic.com)"
216.73.216.170 - - [28/Jul/2026:12:40:14 +0530] "GET /?l=318360413 HTTP/1.1" 200 77811 "-" "Mozilla/5.0 AppleWebKit/537.36 (KHTML, like Gecko; compatible; ClaudeBot/1.0; +claudebot@anthropic.com)"
216.73.216.170 - - [28/Jul/2026:12:40:14 +0530] "GET /?f=409506695 HTTP/1.1" 200 77811 "-" "Mozilla/5.0 AppleWebKit/537.36 (KHTML, like Gecko; compatible; ClaudeBot/1.0; +claudebot@anthropic.com)"
216.73.216.170 - - [28/Jul/2026:12:40:14 +0530] "GET /?e=2248484002 HTTP/1.1" 200 77811 "-" "Mozilla/5.0 AppleWebKit/537.36 (KHTML, like Gecko; compatible; ClaudeBot/1.0; +claudebot@anthropic.com)"
216.73.216.170 - - [28/Jul/2026:12:40:14 +0530] "GET /?y=1641371941 HTTP/1.1" 200 77811 "-" "Mozilla/5.0 AppleWebKit/537.36 (KHTML, like Gecko; compatible; ClaudeBot/1.0; +claudebot@anthropic.com)"
216.73.216.170 - - [28/Jul/2026:12:40:14 +0530] "GET /?e=352371919 HTTP/1.1" 200 77811 "-" "Mozilla/5.0 AppleWebKit/537.36 (KHTML, like Gecko; compatible; ClaudeBot/1.0; +claudebot@anthropic.com)"
216.73.216.170 - - [28/Jul/2026:12:40:15 +0530] "GET /?d=515228030 HTTP/1.1" 200 77811 "-" "Mozilla/5.0 AppleWebKit/537.36 (KHTML, like Gecko; compatible; ClaudeBot/1.0; +claudebot@anthropic.com)"
216.73.216.170 - - [28/Jul/2026:12:40:15 +0530] "GET /?z=511447657 HTTP/1.1" 200 77811 "-" "Mozilla/5.0 AppleWebKit/537.36 (KHTML, like Gecko; compatible; ClaudeBot/1.0; +claudebot@anthropic.com)"
216.73.216.170 - - [28/Jul/2026:12:40:15 +0530] "GET /?f=545018211 HTTP/1.1" 200 77811 "-" "Mozilla/5.0 AppleWebKit/537.36 (KHTML, like Gecko; compatible; ClaudeBot/1.0; +claudebot@anthropic.com)"
216.73.216.170 - - [28/Jul/2026:12:40:15 +0530] "GET /?d=291431963 HTTP/1.1" 200 77811 "-" "Mozilla/5.0 AppleWebKit/537.36 (KHTML, like Gecko; compatible; ClaudeBot/1.0; +claudebot@anthropic.com)"
216.73.216.170 - - [28/Jul/2026:12:40:15 +0530] "GET /?d=5166182617 HTTP/1.1" 200 77811 "-" "Mozilla/5.0 AppleWebKit/537.36 (KHTML, like Gecko; compatible; ClaudeBot/1.0; +claudebot@anthropic.com)"
216.73.216.170 - - [28/Jul/2026:12:40:15 +0530] "GET /?b=406547459 HTTP/1.1" 200 77811 "-" "Mozilla/5.0 AppleWebKit/537.36 (KHTML, like Gecko; compatible; ClaudeBot/1.0; +claudebot@anthropic.com)"
216.73.216.170 - - [28/Jul/2026:12:40:15 +0530] "GET /?a=2980241875 HTTP/1.1" 200 77811 "-" "Mozilla/5.0 AppleWebKit/537.36 (KHTML, like Gecko; compatible; ClaudeBot/1.0; +claudebot@anthropic.com)"
216.73.216.170 - - [28/Jul/2026:12:40:16 +0530] "GET /?a=85546681106 HTTP/1.1" 200 77811 "-" "Mozilla/5.0 AppleWebKit/537.36 (KHTML, like Gecko; compatible; ClaudeBot/1.0; +claudebot@anthropic.com)"
216.73.216.170 - - [28/Jul/2026:12:40:16 +0530] "GET /?a=454079587 HTTP/1.1" 200 77811 "-" "Mozilla/5.0 AppleWebKit/537.36 (KHTML, like Gecko; compatible; ClaudeBot/1.0; +claudebot@anthropic.com)"
216.73.216.170 - - [28/Jul/2026:12:40:16 +0530] "GET /?d=217459076 HTTP/1.1" 200 77811 "-" "Mozilla/5.0 AppleWebKit/537.36 (KHTML, like Gecko; compatible; ClaudeBot/1.0; +claudebot@anthropic.com)"
216.73.216.170 - - [28/Jul/2026:12:40:16 +0530] "GET /?w=82836106964 HTTP/1.1" 404 41071 "-" "Mozilla/5.0 AppleWebKit/537.36 (KHTML, like Gecko; compatible; ClaudeBot/1.0; +claudebot@anthropic.com)"
216.73.216.170 - - [28/Jul/2026:12:40:16 +0530] "GET /?k=52611076033 HTTP/1.1" 200 77811 "-" "Mozilla/5.0 AppleWebKit/537.36 (KHTML, like Gecko; compatible; ClaudeBot/1.0; +claudebot@anthropic.com)"
216.73.216.170 - - [28/Jul/2026:12:40:16 +0530] "GET /?p=512480906 HTTP/1.1" 404 41071 "-" "Mozilla/5.0 AppleWebKit/537.36 (KHTML, like Gecko; compatible; ClaudeBot/1.0; +claudebot@anthropic.com)"
216.73.216.170 - - [28/Jul/2026:12:40:17 +0530] "GET /?e=203336583 HTTP/1.1" 200 77811 "-" "Mozilla/5.0 AppleWebKit/537.36 (KHTML, like Gecko; compatible; ClaudeBot/1.0; +claudebot@anthropic.com)"
216.73.216.170 - - [28/Jul/2026:12:40:17 +0530] "GET /?b=4624970751 HTTP/1.1" 200 77811 "-" "Mozilla/5.0 AppleWebKit/537.36 (KHTML, like Gecko; compatible; ClaudeBot/1.0; +claudebot@anthropic.com)"
216.73.216.170 - - [28/Jul/2026:12:40:17 +0530] "GET /?d=2183371148 HTTP/1.1" 200 77811 "-" "Mozilla/5.0 AppleWebKit/537.36 (KHTML, like Gecko; compatible; ClaudeBot/1.0; +claudebot@anthropic.com)"
216.73.216.170 - - [28/Jul/2026:12:40:17 +0530] "GET /?e=536757259 HTTP/1.1" 200 77811 "-" "Mozilla/5.0 AppleWebKit/537.36 (KHTML, like Gecko; compatible; ClaudeBot/1.0; +claudebot@anthropic.com)"
216.73.216.170 - - [28/Jul/2026:12:40:17 +0530] "GET /?a=4853594848 HTTP/1.1" 200 77811 "-" "Mozilla/5.0 AppleWebKit/537.36 (KHTML, like Gecko; compatible; ClaudeBot/1.0; +claudebot@anthropic.com)"
216.73.216.170 - - [28/Jul/2026:12:40:17 +0530] "GET /?e=4615168902 HTTP/1.1" 200 77811 "-" "Mozilla/5.0 AppleWebKit/537.36 (KHTML, like Gecko; compatible; ClaudeBot/1.0; +claudebot@anthropic.com)"
216.73.216.170 - - [28/Jul/2026:12:40:17 +0530] "GET /?a=250000718 HTTP/1.1" 200 77811 "-" "Mozilla/5.0 AppleWebKit/537.36 (KHTML, like Gecko; compatible; ClaudeBot/1.0; +claudebot@anthropic.com)"
216.73.216.170 - - [28/Jul/2026:12:40:17 +0530] "GET /?b=155398043 HTTP/1.1" 200 77811 "-" "Mozilla/5.0 AppleWebKit/537.36 (KHTML, like Gecko; compatible; ClaudeBot/1.0; +claudebot@anthropic.com)"
216.73.216.170 - - [28/Jul/2026:12:40:18 +0530] "GET /?l=207644271 HTTP/1.1" 200 77811 "-" "Mozilla/5.0 AppleWebKit/537.36 (KHTML, like Gecko; compatible; ClaudeBot/1.0; +claudebot@anthropic.com)"
216.73.216.170 - - [28/Jul/2026:12:40:18 +0530] "GET /?e=1548784332 HTTP/1.1" 200 77811 "-" "Mozilla/5.0 AppleWebKit/537.36 (KHTML, like Gecko; compatible; ClaudeBot/1.0; +claudebot@anthropic.com)"
216.73.216.170 - - [28/Jul/2026:12:40:18 +0530] "GET /?e=4239348181 HTTP/1.1" 200 77811 "-" "Mozilla/5.0 AppleWebKit/537.36 (KHTML, like Gecko; compatible; ClaudeBot/1.0; +claudebot@anthropic.com)"
216.73.216.170 - - [28/Jul/2026:12:40:18 +0530] "GET /?d=231367590 HTTP/1.1" 200 77811 "-" "Mozilla/5.0 AppleWebKit/537.36 (KHTML, like Gecko; compatible; ClaudeBot/1.0; +claudebot@anthropic.com)"
216.73.216.170 - - [28/Jul/2026:12:40:18 +0530] "GET /?a=3542215835 HTTP/1.1" 200 77811 "-" "Mozilla/5.0 AppleWebKit/537.36 (KHTML, like Gecko; compatible; ClaudeBot/1.0; +claudebot@anthropic.com)"
216.73.216.170 - - [28/Jul/2026:12:40:18 +0530] "GET /?e=2582940402 HTTP/1.1" 200 77811 "-" "Mozilla/5.0 AppleWebKit/537.36 (KHTML, like Gecko; compatible; ClaudeBot/1.0; +claudebot@anthropic.com)"
216.73.216.170 - - [28/Jul/2026:12:40:18 +0530] "GET /?a=228449447 HTTP/1.1" 200 77811 "-" "Mozilla/5.0 AppleWebKit/537.36 (KHTML, like Gecko; compatible; ClaudeBot/1.0; +claudebot@anthropic.com)"
216.73.216.170 - - [28/Jul/2026:12:40:18 +0530] "GET /?b=157684762 HTTP/1.1" 200 77811 "-" "Mozilla/5.0 AppleWebKit/537.36 (KHTML, like Gecko; compatible; ClaudeBot/1.0; +claudebot@anthropic.com)"
216.73.216.170 - - [28/Jul/2026:12:40:18 +0530] "GET /?i=366181985 HTTP/1.1" 200 77811 "-" "Mozilla/5.0 AppleWebKit/537.36 (KHTML, like Gecko; compatible; ClaudeBot/1.0; +claudebot@anthropic.com)"
216.73.216.170 - - [28/Jul/2026:12:40:19 +0530] "GET /?f=392889366 HTTP/1.1" 200 77811 "-" "Mozilla/5.0 AppleWebKit/537.36 (KHTML, like Gecko; compatible; ClaudeBot/1.0; +claudebot@anthropic.com)"
216.73.216.170 - - [28/Jul/2026:12:40:19 +0530] "GET /?a=414875083 HTTP/1.1" 200 77811 "-" "Mozilla/5.0 AppleWebKit/537.36 (KHTML, like Gecko; compatible; ClaudeBot/1.0; +claudebot@anthropic.com)"
216.73.216.170 - - [28/Jul/2026:12:40:19 +0530] "GET /?l=253191998 HTTP/1.1" 200 77811 "-" "Mozilla/5.0 AppleWebKit/537.36 (KHTML, like Gecko; compatible; ClaudeBot/1.0; +claudebot@anthropic.com)"
216.73.216.170 - - [28/Jul/2026:12:40:19 +0530] "GET /?z=4606405751 HTTP/1.1" 200 77811 "-" "Mozilla/5.0 AppleWebKit/537.36 (KHTML, like Gecko; compatible; ClaudeBot/1.0; +claudebot@anthropic.com)"
216.73.216.170 - - [28/Jul/2026:12:40:19 +0530] "GET /?i=500106916 HTTP/1.1" 200 77811 "-" "Mozilla/5.0 AppleWebKit/537.36 (KHTML, like Gecko; compatible; ClaudeBot/1.0; +claudebot@anthropic.com)"
216.73.216.170 - - [28/Jul/2026:12:40:19 +0530] "GET /?d=12100782876 HTTP/1.1" 200 77811 "-" "Mozilla/5.0 AppleWebKit/537.36 (KHTML, like Gecko; compatible; ClaudeBot/1.0; +claudebot@anthropic.com)"
216.73.216.170 - - [28/Jul/2026:12:40:19 +0530] "GET /?t=395106940 HTTP/1.1" 200 77811 "-" "Mozilla/5.0 AppleWebKit/537.36 (KHTML, like Gecko; compatible; ClaudeBot/1.0; +claudebot@anthropic.com)"
216.73.216.170 - - [28/Jul/2026:12:40:19 +0530] "GET /?k=32905212758 HTTP/1.1" 200 77811 "-" "Mozilla/5.0 AppleWebKit/537.36 (KHTML, like Gecko; compatible; ClaudeBot/1.0; +claudebot@anthropic.com)"
216.73.216.170 - - [28/Jul/2026:12:40:19 +0530] "GET /?t=503402601 HTTP/1.1" 200 77811 "-" "Mozilla/5.0 AppleWebKit/537.36 (KHTML, like Gecko; compatible; ClaudeBot/1.0; +claudebot@anthropic.com)"
216.73.216.170 - - [28/Jul/2026:12:40:21 +0530] "GET /?e=381330084 HTTP/1.1" 200 77811 "-" "Mozilla/5.0 AppleWebKit/537.36 (KHTML, like Gecko; compatible; ClaudeBot/1.0; +claudebot@anthropic.com)"
216.73.216.170 - - [28/Jul/2026:12:40:21 +0530] "GET /?b=352764379 HTTP/1.1" 200 77811 "-" "Mozilla/5.0 AppleWebKit/537.36 (KHTML, like Gecko; compatible; ClaudeBot/1.0; +claudebot@anthropic.com)"
216.73.216.170 - - [28/Jul/2026:12:40:22 +0530] "GET /?i=298629683 HTTP/1.1" 200 77811 "-" "Mozilla/5.0 AppleWebKit/537.36 (KHTML, like Gecko; compatible; ClaudeBot/1.0; +claudebot@anthropic.com)"
216.73.216.170 - - [28/Jul/2026:12:40:22 +0530] "GET /?b=512298311 HTTP/1.1" 200 77811 "-" "Mozilla/5.0 AppleWebKit/537.36 (KHTML, like Gecko; compatible; ClaudeBot/1.0; +claudebot@anthropic.com)"
216.73.216.170 - - [28/Jul/2026:12:40:22 +0530] "GET /?t=515336076 HTTP/1.1" 200 77811 "-" "Mozilla/5.0 AppleWebKit/537.36 (KHTML, like Gecko; compatible; ClaudeBot/1.0; +claudebot@anthropic.com)"
216.73.216.170 - - [28/Jul/2026:12:40:22 +0530] "GET /?c=4124093278 HTTP/1.1" 200 77811 "-" "Mozilla/5.0 AppleWebKit/537.36 (KHTML, like Gecko; compatible; ClaudeBot/1.0; +claudebot@anthropic.com)"
216.73.216.170 - - [28/Jul/2026:12:40:22 +0530] "GET /?d=1418816696 HTTP/1.1" 200 77811 "-" "Mozilla/5.0 AppleWebKit/537.36 (KHTML, like Gecko; compatible; ClaudeBot/1.0; +claudebot@anthropic.com)"
216.73.216.170 - - [28/Jul/2026:12:40:22 +0530] "GET /?a=168915452 HTTP/1.1" 200 77811 "-" "Mozilla/5.0 AppleWebKit/537.36 (KHTML, like Gecko; compatible; ClaudeBot/1.0; +claudebot@anthropic.com)"
