216.73.217.69 - - [28/Jul/2026:00:48:51 +0530] "GET /?x=54712655324 HTTP/1.1" 200 77671 "-" "Mozilla/5.0 AppleWebKit/537.36 (KHTML, like Gecko; compatible; ClaudeBot/1.0; +claudebot@anthropic.com)"
216.73.217.69 - - [28/Jul/2026:00:48:51 +0530] "GET /?x=22440416479 HTTP/1.1" 200 77671 "-" "Mozilla/5.0 AppleWebKit/537.36 (KHTML, like Gecko; compatible; ClaudeBot/1.0; +claudebot@anthropic.com)"
216.73.217.69 - - [28/Jul/2026:00:48:51 +0530] "GET /?u=94965925376 HTTP/1.1" 200 77671 "-" "Mozilla/5.0 AppleWebKit/537.36 (KHTML, like Gecko; compatible; ClaudeBot/1.0; +claudebot@anthropic.com)"
216.73.217.69 - - [28/Jul/2026:00:48:51 +0530] "GET /?q=85481394718 HTTP/1.1" 200 77671 "-" "Mozilla/5.0 AppleWebKit/537.36 (KHTML, like Gecko; compatible; ClaudeBot/1.0; +claudebot@anthropic.com)"
216.73.217.69 - - [28/Jul/2026:00:48:51 +0530] "GET /?j=298807297 HTTP/1.1" 200 77671 "-" "Mozilla/5.0 AppleWebKit/537.36 (KHTML, like Gecko; compatible; ClaudeBot/1.0; +claudebot@anthropic.com)"
216.73.217.69 - - [28/Jul/2026:00:48:52 +0530] "GET /?h=12789054933 HTTP/1.1" 200 77671 "-" "Mozilla/5.0 AppleWebKit/537.36 (KHTML, like Gecko; compatible; ClaudeBot/1.0; +claudebot@anthropic.com)"
216.73.217.69 - - [28/Jul/2026:00:48:52 +0530] "GET /?q=1773536538 HTTP/1.1" 200 77671 "-" "Mozilla/5.0 AppleWebKit/537.36 (KHTML, like Gecko; compatible; ClaudeBot/1.0; +claudebot@anthropic.com)"
216.73.217.69 - - [28/Jul/2026:00:48:52 +0530] "GET /?t=84817456333 HTTP/1.1" 200 77671 "-" "Mozilla/5.0 AppleWebKit/537.36 (KHTML, like Gecko; compatible; ClaudeBot/1.0; +claudebot@anthropic.com)"
216.73.217.69 - - [28/Jul/2026:00:48:52 +0530] "GET /?g=23046905094 HTTP/1.1" 200 77671 "-" "Mozilla/5.0 AppleWebKit/537.36 (KHTML, like Gecko; compatible; ClaudeBot/1.0; +claudebot@anthropic.com)"
216.73.217.69 - - [28/Jul/2026:00:48:52 +0530] "GET /?z=71576178958 HTTP/1.1" 200 77671 "-" "Mozilla/5.0 AppleWebKit/537.36 (KHTML, like Gecko; compatible; ClaudeBot/1.0; +claudebot@anthropic.com)"
216.73.217.69 - - [28/Jul/2026:00:48:53 +0530] "GET /?c=13926352927 HTTP/1.1" 200 77671 "-" "Mozilla/5.0 AppleWebKit/537.36 (KHTML, like Gecko; compatible; ClaudeBot/1.0; +claudebot@anthropic.com)"
216.73.217.69 - - [28/Jul/2026:00:48:53 +0530] "GET /?o=5436242587 HTTP/1.1" 200 77671 "-" "Mozilla/5.0 AppleWebKit/537.36 (KHTML, like Gecko; compatible; ClaudeBot/1.0; +claudebot@anthropic.com)"
216.73.217.69 - - [28/Jul/2026:00:48:53 +0530] "GET /?m=25130941436 HTTP/1.1" 404 41071 "-" "Mozilla/5.0 AppleWebKit/537.36 (KHTML, like Gecko; compatible; ClaudeBot/1.0; +claudebot@anthropic.com)"
216.73.217.69 - - [28/Jul/2026:00:48:53 +0530] "GET /?n=24585639488 HTTP/1.1" 200 77671 "-" "Mozilla/5.0 AppleWebKit/537.36 (KHTML, like Gecko; compatible; ClaudeBot/1.0; +claudebot@anthropic.com)"
216.73.217.69 - - [28/Jul/2026:00:48:53 +0530] "GET /?q=71413126667 HTTP/1.1" 200 77671 "-" "Mozilla/5.0 AppleWebKit/537.36 (KHTML, like Gecko; compatible; ClaudeBot/1.0; +claudebot@anthropic.com)"
216.73.217.69 - - [28/Jul/2026:00:48:53 +0530] "GET /?g=73968925076 HTTP/1.1" 200 77671 "-" "Mozilla/5.0 AppleWebKit/537.36 (KHTML, like Gecko; compatible; ClaudeBot/1.0; +claudebot@anthropic.com)"
216.73.217.69 - - [28/Jul/2026:00:48:53 +0530] "GET /?z=75201934791 HTTP/1.1" 200 77671 "-" "Mozilla/5.0 AppleWebKit/537.36 (KHTML, like Gecko; compatible; ClaudeBot/1.0; +claudebot@anthropic.com)"
216.73.217.69 - - [28/Jul/2026:00:48:53 +0530] "GET /?z=2438223135 HTTP/1.1" 200 77671 "-" "Mozilla/5.0 AppleWebKit/537.36 (KHTML, like Gecko; compatible; ClaudeBot/1.0; +claudebot@anthropic.com)"
216.73.217.69 - - [28/Jul/2026:00:48:53 +0530] "GET /?j=91954750327 HTTP/1.1" 200 77671 "-" "Mozilla/5.0 AppleWebKit/537.36 (KHTML, like Gecko; compatible; ClaudeBot/1.0; +claudebot@anthropic.com)"
216.73.217.69 - - [28/Jul/2026:00:48:53 +0530] "GET /?i=51794536382 HTTP/1.1" 200 77671 "-" "Mozilla/5.0 AppleWebKit/537.36 (KHTML, like Gecko; compatible; ClaudeBot/1.0; +claudebot@anthropic.com)"
216.73.217.69 - - [28/Jul/2026:00:48:53 +0530] "GET /?o=366359398 HTTP/1.1" 200 77671 "-" "Mozilla/5.0 AppleWebKit/537.36 (KHTML, like Gecko; compatible; ClaudeBot/1.0; +claudebot@anthropic.com)"
216.73.217.69 - - [28/Jul/2026:00:48:54 +0530] "GET /?j=74443289879 HTTP/1.1" 200 77671 "-" "Mozilla/5.0 AppleWebKit/537.36 (KHTML, like Gecko; compatible; ClaudeBot/1.0; +claudebot@anthropic.com)"
216.73.217.69 - - [28/Jul/2026:00:48:54 +0530] "GET /?i=83745763155 HTTP/1.1" 200 77671 "-" "Mozilla/5.0 AppleWebKit/537.36 (KHTML, like Gecko; compatible; ClaudeBot/1.0; +claudebot@anthropic.com)"
216.73.217.69 - - [28/Jul/2026:00:48:54 +0530] "GET /?x=32195480736 HTTP/1.1" 200 77671 "-" "Mozilla/5.0 AppleWebKit/537.36 (KHTML, like Gecko; compatible; ClaudeBot/1.0; +claudebot@anthropic.com)"
216.73.217.69 - - [28/Jul/2026:00:48:54 +0530] "GET /?u=33043920203 HTTP/1.1" 200 77671 "-" "Mozilla/5.0 AppleWebKit/537.36 (KHTML, like Gecko; compatible; ClaudeBot/1.0; +claudebot@anthropic.com)"
216.73.217.69 - - [28/Jul/2026:00:48:54 +0530] "GET /?g=32916673764 HTTP/1.1" 200 77671 "-" "Mozilla/5.0 AppleWebKit/537.36 (KHTML, like Gecko; compatible; ClaudeBot/1.0; +claudebot@anthropic.com)"
216.73.217.69 - - [28/Jul/2026:00:48:54 +0530] "GET /?t=42661503770 HTTP/1.1" 200 77671 "-" "Mozilla/5.0 AppleWebKit/537.36 (KHTML, like Gecko; compatible; ClaudeBot/1.0; +claudebot@anthropic.com)"
216.73.217.69 - - [28/Jul/2026:00:48:54 +0530] "GET /?h=13511817033 HTTP/1.1" 200 77671 "-" "Mozilla/5.0 AppleWebKit/537.36 (KHTML, like Gecko; compatible; ClaudeBot/1.0; +claudebot@anthropic.com)"
216.73.217.69 - - [28/Jul/2026:00:48:54 +0530] "GET /?i=42749401579 HTTP/1.1" 200 77671 "-" "Mozilla/5.0 AppleWebKit/537.36 (KHTML, like Gecko; compatible; ClaudeBot/1.0; +claudebot@anthropic.com)"
216.73.217.69 - - [28/Jul/2026:00:48:54 +0530] "GET /?k=63080592358 HTTP/1.1" 200 77671 "-" "Mozilla/5.0 AppleWebKit/537.36 (KHTML, like Gecko; compatible; ClaudeBot/1.0; +claudebot@anthropic.com)"
65.109.114.175 - - [28/Jul/2026:00:50:07 +0530] "GET /2026/07/13/%d0%b7%d0%b5%d1%80%d0%ba%d0%b0%d0%bb%d0%be-7k-casino-%d1%87%d1%82%d0%be-%d0%b3%d0%be%d0%b2%d0%be%d1%80%d1%8f%d1%82-%d0%b8%d0%b3%d1%80%d0%be%d0%ba%d0%b8-%d0%b8-%d1%81%d1%82%d0%be%d0%b8%d1%82-%d0%bb/ HTTP/1.1" 200 75540 "-" "Mozilla/5.0 (Macintosh; Intel Mac OS X 10_15_7) AppleWebKit/537.36 (KHTML, like Gecko) Chrome/140.0.0.0 Safari/537.36"
65.109.114.175 - - [28/Jul/2026:00:50:09 +0530] "GET /2026/07/13/%d0%b7%d0%b5%d1%80%d0%ba%d0%b0%d0%bb%d0%be-7k-casino-%d1%87%d1%82%d0%be-%d0%b3%d0%be%d0%b2%d0%be%d1%80%d1%8f%d1%82-%d0%b8%d0%b3%d1%80%d0%be%d0%ba%d0%b8-%d0%b8-%d1%81%d1%82%d0%be%d0%b8%d1%82-%d0%bb/ HTTP/1.1" 200 75540 "-" "-"
188.40.203.66 - - [28/Jul/2026:00:51:20 +0530] "POST /wp-cron.php?doing_wp_cron=1785180080.5917799472808837890625 HTTP/1.1" 200 - "-" "WordPress/7.0; https://inf.websparkit.com"
88.148.93.221 - - [28/Jul/2026:00:51:20 +0530] "POST /xmlrpc.php HTTP/1.1" 200 179 "https://inf.websparkit.com/wp-admin/" "Mozilla/5.0 (Windows NT 10.0; Win64; x64) AppleWebKit/537.36 (KHTML, like Gecko) Chrome/133.0.0.0 Safari/537.36"
88.148.93.221 - - [28/Jul/2026:00:51:24 +0530] "POST /xmlrpc.php HTTP/1.1" 200 431 "https://inf.websparkit.com/wp-admin/" "Mozilla/5.0 (Windows NT 10.0; Win64; x64) AppleWebKit/537.36 (KHTML, like Gecko) Chrome/133.0.0.0 Safari/537.36 Edg/133.0.0.0"
188.40.203.66 - - [28/Jul/2026:00:52:05 +0530] "POST /wp-cron.php?doing_wp_cron=1785180125.3601379394531250000000 HTTP/1.1" 200 - "-" "WordPress/7.0; https://inf.websparkit.com"
62.106.67.85 - - [28/Jul/2026:00:52:05 +0530] "POST /xmlrpc.php HTTP/1.1" 200 178 "https://inf.websparkit.com/wp-admin/" "Mozilla/5.0 (Windows NT 10.0; Win64; x64) AppleWebKit/537.36 (KHTML, like Gecko) Chrome/131.0.0.0 Safari/537.36"
46.28.42.145 - - [28/Jul/2026:00:52:08 +0530] "GET /2026/07/27/mijn-eerste-week-bij-megafishwins-casino-en-wat-ik-leerde-over-limieten/ HTTP/1.1" 200 59743 "-" "WordPress/6.4.8; https://fixfasten.com; verifying pingback from 2a01:4f8:231:3a6a::2"
188.40.203.66 - - [28/Jul/2026:01:00:17 +0530] "POST /wp-cron.php?doing_wp_cron=1785180617.2918229103088378906250 HTTP/1.1" 200 - "-" "WordPress/7.0; https://inf.websparkit.com"
216.73.217.69 - - [28/Jul/2026:01:00:16 +0530] "GET /category/megafishwins-casino/ HTTP/1.1" 200 55992 "-" "Mozilla/5.0 AppleWebKit/537.36 (KHTML, like Gecko; compatible; ClaudeBot/1.0; +claudebot@anthropic.com)"
188.40.203.66 - - [28/Jul/2026:01:00:37 +0530] "POST /wp-cron.php?doing_wp_cron=1785180637.7463688850402832031250 HTTP/1.1" 200 - "-" "WordPress/7.0; https://inf.websparkit.com"
88.148.126.135 - - [28/Jul/2026:01:00:37 +0530] "POST /xmlrpc.php HTTP/1.1" 200 179 "https://inf.websparkit.com/wp-admin/" "Mozilla/5.0 (Windows NT 10.0; Win64; x64) AppleWebKit/537.36 (KHTML, like Gecko) Chrome/133.0.0.0 Safari/537.36 Edg/133.0.0.0"
88.148.126.135 - - [28/Jul/2026:01:00:40 +0530] "POST /xmlrpc.php HTTP/1.1" 200 421 "https://inf.websparkit.com/wp-admin/" "Mozilla/5.0 (Windows NT 10.0; Win64; x64) AppleWebKit/537.36 (KHTML, like Gecko) Chrome/131.0.0.0 Safari/537.36"
188.40.203.66 - - [28/Jul/2026:01:01:14 +0530] "POST /wp-cron.php?doing_wp_cron=1785180674.9355690479278564453125 HTTP/1.1" 200 - "-" "WordPress/7.0; https://inf.websparkit.com"
88.148.85.126 - - [28/Jul/2026:01:01:14 +0530] "POST /xmlrpc.php HTTP/1.1" 200 178 "https://inf.websparkit.com/wp-admin/" "Mozilla/5.0 (X11; Linux x86_64) AppleWebKit/537.36 (KHTML, like Gecko) Chrome/133.0.0.0 Safari/537.36"
153.92.15.26 - - [28/Jul/2026:01:01:22 +0530] "GET /2026/07/27/analisi-tecnica-e-prestazioni-di-gioco-su-megafishwins-casino/ HTTP/1.1" 200 66072 "-" "WordPress/6.9.5; https://jendelasetdakps.com; verifying pingback from 2a01:4f8:231:3a6a::2"
129.150.36.215 - - [28/Jul/2026:01:01:33 +0530] "HEAD /2026/07/27/analisi-tecnica-e-prestazioni-di-gioco-su-megafishwins-casino/ HTTP/1.1" 200 - "-" "WordPress/7.0.2; https://www.pixpal.net"
129.150.36.215 - - [28/Jul/2026:01:01:34 +0530] "POST /xmlrpc.php HTTP/1.1" 200 370 "-" "The Incutio XML-RPC PHP Library -- WordPress/7.0.2"
129.150.36.215 - - [28/Jul/2026:01:01:43 +0530] "HEAD /2026/07/27/analisi-tecnica-e-prestazioni-di-gioco-su-megafishwins-casino/ HTTP/1.1" 200 - "-" "WordPress/7.0.2; https://www.pixpal.net"
216.73.217.69 - - [28/Jul/2026:01:02:07 +0530] "GET /?d=22371556330 HTTP/1.1" 200 77741 "-" "Mozilla/5.0 AppleWebKit/537.36 (KHTML, like Gecko; compatible; ClaudeBot/1.0; +claudebot@anthropic.com)"
216.73.217.69 - - [28/Jul/2026:01:02:08 +0530] "GET /?x=322270840 HTTP/1.1" 200 77741 "-" "Mozilla/5.0 AppleWebKit/537.36 (KHTML, like Gecko; compatible; ClaudeBot/1.0; +claudebot@anthropic.com)"
216.73.217.69 - - [28/Jul/2026:01:02:21 +0530] "GET /2026/07/27/mon-experience-de-jeu-reelle-sur-megafishwins-casino-avec-des-mises-de-020-euro/ HTTP/1.1" 200 65552 "-" "Mozilla/5.0 AppleWebKit/537.36 (KHTML, like Gecko; compatible; ClaudeBot/1.0; +claudebot@anthropic.com)"
216.73.217.69 - - [28/Jul/2026:01:02:57 +0530] "GET /?x=378534167 HTTP/1.1" 200 77741 "-" "Mozilla/5.0 AppleWebKit/537.36 (KHTML, like Gecko; compatible; ClaudeBot/1.0; +claudebot@anthropic.com)"
216.73.217.69 - - [28/Jul/2026:01:02:58 +0530] "GET /?h=352473337 HTTP/1.1" 200 77741 "-" "Mozilla/5.0 AppleWebKit/537.36 (KHTML, like Gecko; compatible; ClaudeBot/1.0; +claudebot@anthropic.com)"
64.16.133.16 - - [28/Jul/2026:01:04:54 +0530] "GET /2026/07/27/mlumatl-oyuncular-ucun-pinco-azrbaycan/ HTTP/1.1" 200 67131 "-" "Mozilla/5.0 (Macintosh; Intel Mac OS X 10_15_7) AppleWebKit/537.36 (KHTML, like Gecko) Chrome/104.0.0.0 Safari/537.36"
64.16.133.50 - - [28/Jul/2026:01:04:57 +0530] "GET /2026/07/27/qdim-oyunlar-pinco-azrbaycan-dunyasnda-azrbaycan/ HTTP/1.1" 200 70139 "-" "Mozilla/5.0 (Macintosh; Intel Mac OS X 10_15_7) AppleWebKit/537.36 (KHTML, like Gecko) Chrome/104.0.0.0 Safari/537.36"
82.26.28.179 - - [28/Jul/2026:01:04:58 +0530] "GET /2026/07/27/impresionante-variedad-de-juegos-y-bonos/ HTTP/1.1" 200 68462 "-" "Mozilla/5.0 (Macintosh; Intel Mac OS X 10_15_7) AppleWebKit/537.36 (KHTML, like Gecko) Chrome/104.0.0.0 Safari/537.36"
139.190.224.232 - - [28/Jul/2026:01:05:00 +0530] "GET /category/uncategorized/page/2/ HTTP/1.1" 200 70141 "-" "Mozilla/5.0 (Macintosh; Intel Mac OS X 10_15_7) AppleWebKit/537.36 (KHTML, like Gecko) Chrome/104.0.0.0 Safari/537.36"
64.16.133.5 - - [28/Jul/2026:01:05:02 +0530] "GET /2026/07/27/muhteem-kombinasyonlar-sweet-bonanza-ile-kazancnz-2/ HTTP/1.1" 200 67546 "-" "Mozilla/5.0 (Macintosh; Intel Mac OS X 10_15_7) AppleWebKit/537.36 (KHTML, like Gecko) Chrome/104.0.0.0 Safari/537.36"
93.92.20.156 - - [28/Jul/2026:01:05:04 +0530] "GET /2026/07/16/utonchjonnye-obrazy-i-jestetika-pinup-sekrety-pr/ HTTP/1.1" 200 77103 "-" "Mozilla/5.0 (Macintosh; Intel Mac OS X 10_15_7) AppleWebKit/537.36 (KHTML, like Gecko) Chrome/104.0.0.0 Safari/537.36"
82.26.28.239 - - [28/Jul/2026:01:05:05 +0530] "GET /category/post/page/1/ HTTP/1.1" 301 - "-" "Mozilla/5.0 (Macintosh; Intel Mac OS X 10_15_7) AppleWebKit/537.36 (KHTML, like Gecko) Chrome/104.0.0.0 Safari/537.36"
82.26.28.239 - - [28/Jul/2026:01:05:07 +0530] "GET /category/post/ HTTP/1.1" 200 66028 "-" "Mozilla/5.0 (Macintosh; Intel Mac OS X 10_15_7) AppleWebKit/537.36 (KHTML, like Gecko) Chrome/104.0.0.0 Safari/537.36"
93.92.20.120 - - [28/Jul/2026:01:05:08 +0530] "GET /category/post/page/4/ HTTP/1.1" 200 66561 "-" "Mozilla/5.0 (Macintosh; Intel Mac OS X 10_15_7) AppleWebKit/537.36 (KHTML, like Gecko) Chrome/104.0.0.0 Safari/537.36"
93.92.20.102 - - [28/Jul/2026:01:05:10 +0530] "GET /2026/07/27/einzigartige-unterhaltung-mit-rodeoslot-casino-und/ HTTP/1.1" 200 69000 "-" "Mozilla/5.0 (Macintosh; Intel Mac OS X 10_15_7) AppleWebKit/537.36 (KHTML, like Gecko) Chrome/104.0.0.0 Safari/537.36"
64.16.133.143 - - [28/Jul/2026:01:05:12 +0530] "GET /category/post/page/5/ HTTP/1.1" 200 66584 "-" "Mozilla/5.0 (Macintosh; Intel Mac OS X 10_15_7) AppleWebKit/537.36 (KHTML, like Gecko) Chrome/104.0.0.0 Safari/537.36"
216.73.217.69 - - [28/Jul/2026:01:05:22 +0530] "GET /2026/07/27/impresionante-variedad-de-juegos-y-bonos/ HTTP/1.1" 200 68462 "-" "Mozilla/5.0 AppleWebKit/537.36 (KHTML, like Gecko; compatible; ClaudeBot/1.0; +claudebot@anthropic.com)"
188.40.203.66 - - [28/Jul/2026:01:06:37 +0530] "POST /wp-cron.php?doing_wp_cron=1785180997.4077289104461669921875 HTTP/1.1" 200 - "-" "WordPress/7.0; https://inf.websparkit.com"
94.76.142.246 - - [28/Jul/2026:01:06:37 +0530] "POST /xmlrpc.php HTTP/1.1" 200 179 "https://inf.websparkit.com/wp-admin/" "Mozilla/5.0 (Windows NT 10.0; Win64; x64) AppleWebKit/537.36 (KHTML, like Gecko) Chrome/131.0.0.0 Safari/537.36"
94.76.142.246 - - [28/Jul/2026:01:06:40 +0530] "POST /xmlrpc.php HTTP/1.1" 200 440 "https://inf.websparkit.com/wp-admin/" "Mozilla/5.0 (Windows NT 10.0; Win64; x64) AppleWebKit/537.36 (KHTML, like Gecko) Chrome/131.0.0.0 Safari/537.36"
216.73.217.69 - - [28/Jul/2026:01:07:55 +0530] "GET /2026/07/27/mohtm-oyun-tcrubsi-pinco-azerbaycan-yukle-edrk/ HTTP/1.1" 200 66775 "-" "Mozilla/5.0 AppleWebKit/537.36 (KHTML, like Gecko; compatible; ClaudeBot/1.0; +claudebot@anthropic.com)"
216.73.217.69 - - [28/Jul/2026:01:08:26 +0530] "GET /2026/07/27/mhrmlik-pinco-az-platformasnda-oyun-almin-aclr/ HTTP/1.1" 200 69952 "-" "Mozilla/5.0 AppleWebKit/537.36 (KHTML, like Gecko; compatible; ClaudeBot/1.0; +claudebot@anthropic.com)"
216.73.217.69 - - [28/Jul/2026:01:08:28 +0530] "GET /?e=382315108 HTTP/1.1" 200 77801 "-" "Mozilla/5.0 AppleWebKit/537.36 (KHTML, like Gecko; compatible; ClaudeBot/1.0; +claudebot@anthropic.com)"
216.73.217.69 - - [28/Jul/2026:01:08:28 +0530] "GET /?q=286302161 HTTP/1.1" 200 77801 "-" "Mozilla/5.0 AppleWebKit/537.36 (KHTML, like Gecko; compatible; ClaudeBot/1.0; +claudebot@anthropic.com)"
94.76.142.206 - - [28/Jul/2026:01:08:29 +0530] "GET /2026/07/27/cosa-ho-scoperto-giocando-su-megafishwins-casino-dopo-quattordici-giorni-di-anal/ HTTP/1.1" 200 59859 "https://inf.websparkit.com/wp-admin/" "Mozilla/5.0 (Windows NT 10.0; Win64; x64) AppleWebKit/537.36 (KHTML, like Gecko) Chrome/131.0.0.0 Safari/537.36"
188.40.203.66 - - [28/Jul/2026:01:09:46 +0530] "POST /wp-cron.php?doing_wp_cron=1785181186.7016549110412597656250 HTTP/1.1" 200 - "-" "WordPress/7.0; https://inf.websparkit.com"
62.106.67.85 - - [28/Jul/2026:01:09:46 +0530] "POST /xmlrpc.php HTTP/1.1" 200 178 "https://inf.websparkit.com/wp-admin/" "Mozilla/5.0 (X11; Linux x86_64) AppleWebKit/537.36 (KHTML, like Gecko) Chrome/133.0.0.0 Safari/537.36"
185.232.14.141 - - [28/Jul/2026:01:09:49 +0530] "GET /2026/07/27/cosa-ho-scoperto-giocando-su-megafishwins-casino-dopo-quattordici-giorni-di-anal/ HTTP/1.1" 200 60247 "-" "WordPress/6.9.5; https://gregoryallenbadersnider.com; verifying pingback from 2a01:4f8:231:3a6a::2"
88.99.30.217 - - [28/Jul/2026:01:09:56 +0530] "HEAD /2026/07/27/cosa-ho-scoperto-giocando-su-megafishwins-casino-dopo-quattordici-giorni-di-anal/ HTTP/1.1" 200 - "https://inf.websparkit.com/2026/07/27/cosa-ho-scoperto-giocando-su-megafishwins-casino-dopo-quattordici-giorni-di-anal/" "WordPress/5.4.2; https://admin.v2.napraia.ec"
57.128.218.110 - - [28/Jul/2026:01:10:43 +0530] "HEAD /2026/07/27/mijn-eerste-week-bij-megafishwins-casino-en-wat-ik-leerde-over-limieten/ HTTP/1.1" 200 - "-" "WordPress/6.9.4; https://dev-notatki.gamastg.pl"
17.241.75.146 - - [28/Jul/2026:01:15:39 +0530] "GET /2026/07/23/intricate-gameplay-surrounds-chicken-road-casino/ HTTP/1.1" 200 69893 "-" "Mozilla/5.0 (Macintosh; Intel Mac OS X 10_15_7) AppleWebKit/605.1.15 (KHTML, like Gecko) Version/17.4 Safari/605.1.15 (Applebot/0.1; +http://www.apple.com/go/applebot)"
17.22.253.24 - - [28/Jul/2026:01:16:43 +0530] "GET /2026/07/18/adancul-joc-i-adrenalin-chicken-road-ofer/ HTTP/1.1" 200 66921 "-" "Mozilla/5.0 (Macintosh; Intel Mac OS X 10_15_7) AppleWebKit/605.1.15 (KHTML, like Gecko) Version/17.4 Safari/605.1.15 (Applebot/0.1; +http://www.apple.com/go/applebot)"
216.73.217.69 - - [28/Jul/2026:01:21:17 +0530] "GET /2026/07/27/instrukcja-obslugi-konta-i-wyplat-w-megafishwins-casino-w-2026-roku/ HTTP/1.1" 200 64371 "-" "Mozilla/5.0 AppleWebKit/537.36 (KHTML, like Gecko; compatible; ClaudeBot/1.0; +claudebot@anthropic.com)"
17.22.245.236 - - [28/Jul/2026:01:21:27 +0530] "GET /wp-content/themes/unfia/assets/css/main.css?ver=1.0.0 HTTP/1.1" 200 46088 "https://inf.websparkit.com/2026/07/18/adancul-joc-i-adrenalin-chicken-road-ofer/" "Mozilla/5.0 (Macintosh; Intel Mac OS X 10_15_7) AppleWebKit/605.1.15 (KHTML, like Gecko) Version/17.4 Safari/605.1.15 (Applebot/0.1; +http://www.apple.com/go/applebot)"
17.22.245.236 - - [28/Jul/2026:01:21:28 +0530] "GET /wp-includes/js/jquery/jquery-migrate.min.js?ver=3.4.1 HTTP/1.1" 200 13577 "https://inf.websparkit.com/2026/07/18/adancul-joc-i-adrenalin-chicken-road-ofer/" "Mozilla/5.0 (Macintosh; Intel Mac OS X 10_15_7) AppleWebKit/605.1.15 (KHTML, like Gecko) Version/17.4 Safari/605.1.15 (Applebot/0.1; +http://www.apple.com/go/applebot)"
17.22.245.236 - - [28/Jul/2026:01:21:30 +0530] "GET /wp-includes/js/jquery/jquery.min.js?ver=3.7.1 HTTP/1.1" 200 87553 "https://inf.websparkit.com/2026/07/18/adancul-joc-i-adrenalin-chicken-road-ofer/" "Mozilla/5.0 (Macintosh; Intel Mac OS X 10_15_7) AppleWebKit/605.1.15 (KHTML, like Gecko) Version/17.4 Safari/605.1.15 (Applebot/0.1; +http://www.apple.com/go/applebot)"
17.22.245.236 - - [28/Jul/2026:01:21:31 +0530] "GET /wp-content/themes/unfia/assets/js/main.js?ver=1.0.0 HTTP/1.1" 200 9800 "https://inf.websparkit.com/2026/07/18/adancul-joc-i-adrenalin-chicken-road-ofer/" "Mozilla/5.0 (Macintosh; Intel Mac OS X 10_15_7) AppleWebKit/605.1.15 (KHTML, like Gecko) Version/17.4 Safari/605.1.15 (Applebot/0.1; +http://www.apple.com/go/applebot)"
17.22.245.236 - - [28/Jul/2026:01:21:33 +0530] "GET /wp-includes/js/comment-reply.min.js?ver=7.0 HTTP/1.1" 200 3026 "https://inf.websparkit.com/2026/07/18/adancul-joc-i-adrenalin-chicken-road-ofer/" "Mozilla/5.0 (Macintosh; Intel Mac OS X 10_15_7) AppleWebKit/605.1.15 (KHTML, like Gecko) Version/17.4 Safari/605.1.15 (Applebot/0.1; +http://www.apple.com/go/applebot)"
17.22.245.236 - - [28/Jul/2026:01:21:34 +0530] "GET /wp-includes/js/wp-emoji-release.min.js?ver=7.0 HTTP/1.1" 200 22762 "https://inf.websparkit.com/2026/07/18/adancul-joc-i-adrenalin-chicken-road-ofer/" "Mozilla/5.0 (Macintosh; Intel Mac OS X 10_15_7) AppleWebKit/605.1.15 (KHTML, like Gecko) Version/17.4 Safari/605.1.15 (Applebot/0.1; +http://www.apple.com/go/applebot)"
47.79.13.33 - - [28/Jul/2026:01:23:02 +0530] "GET /category/post/page/2/ HTTP/1.1" 200 66382 "https://inf.websparkit.com/" "Mozilla/5.0 (Windows NT 10.0; Win64; x64; rv:137.0) Gecko/20100101 Firefox/137.0"
17.241.227.98 - - [28/Jul/2026:01:24:20 +0530] "GET /wp-content/themes/unfia/assets/css/main.css?ver=1.0.0 HTTP/1.1" 200 46088 "https://inf.websparkit.com/2026/07/23/intricate-gameplay-surrounds-chicken-road-casino/" "Mozilla/5.0 (Macintosh; Intel Mac OS X 10_15_7) AppleWebKit/605.1.15 (KHTML, like Gecko) Version/17.4 Safari/605.1.15 (Applebot/0.1; +http://www.apple.com/go/applebot)"
17.241.227.98 - - [28/Jul/2026:01:24:21 +0530] "GET /wp-includes/js/jquery/jquery-migrate.min.js?ver=3.4.1 HTTP/1.1" 200 13577 "https://inf.websparkit.com/2026/07/23/intricate-gameplay-surrounds-chicken-road-casino/" "Mozilla/5.0 (Macintosh; Intel Mac OS X 10_15_7) AppleWebKit/605.1.15 (KHTML, like Gecko) Version/17.4 Safari/605.1.15 (Applebot/0.1; +http://www.apple.com/go/applebot)"
17.241.227.98 - - [28/Jul/2026:01:24:23 +0530] "GET /wp-content/themes/unfia/assets/js/main.js?ver=1.0.0 HTTP/1.1" 200 9800 "https://inf.websparkit.com/2026/07/23/intricate-gameplay-surrounds-chicken-road-casino/" "Mozilla/5.0 (Macintosh; Intel Mac OS X 10_15_7) AppleWebKit/605.1.15 (KHTML, like Gecko) Version/17.4 Safari/605.1.15 (Applebot/0.1; +http://www.apple.com/go/applebot)"
17.241.227.98 - - [28/Jul/2026:01:24:24 +0530] "GET /wp-includes/js/jquery/jquery.min.js?ver=3.7.1 HTTP/1.1" 200 87553 "https://inf.websparkit.com/2026/07/23/intricate-gameplay-surrounds-chicken-road-casino/" "Mozilla/5.0 (Macintosh; Intel Mac OS X 10_15_7) AppleWebKit/605.1.15 (KHTML, like Gecko) Version/17.4 Safari/605.1.15 (Applebot/0.1; +http://www.apple.com/go/applebot)"
17.241.227.98 - - [28/Jul/2026:01:24:26 +0530] "GET /wp-includes/js/comment-reply.min.js?ver=7.0 HTTP/1.1" 200 3026 "https://inf.websparkit.com/2026/07/23/intricate-gameplay-surrounds-chicken-road-casino/" "Mozilla/5.0 (Macintosh; Intel Mac OS X 10_15_7) AppleWebKit/605.1.15 (KHTML, like Gecko) Version/17.4 Safari/605.1.15 (Applebot/0.1; +http://www.apple.com/go/applebot)"
17.241.227.98 - - [28/Jul/2026:01:24:27 +0530] "GET /wp-includes/js/wp-emoji-release.min.js?ver=7.0 HTTP/1.1" 200 22762 "https://inf.websparkit.com/2026/07/23/intricate-gameplay-surrounds-chicken-road-casino/" "Mozilla/5.0 (Macintosh; Intel Mac OS X 10_15_7) AppleWebKit/605.1.15 (KHTML, like Gecko) Version/17.4 Safari/605.1.15 (Applebot/0.1; +http://www.apple.com/go/applebot)"
17.246.15.210 - - [28/Jul/2026:01:31:45 +0530] "GET /2026/07/25/strategic-gameplay-and-lucrative-opportunities/ HTTP/1.1" 200 68412 "-" "Mozilla/5.0 (Macintosh; Intel Mac OS X 10_15_7) AppleWebKit/605.1.15 (KHTML, like Gecko) Version/17.4 Safari/605.1.15 (Applebot/0.1; +http://www.apple.com/go/applebot)"
216.73.217.69 - - [28/Jul/2026:01:34:18 +0530] "GET /sitemap.xml HTTP/1.1" 200 145237 "-" "Mozilla/5.0 AppleWebKit/537.36 (KHTML, like Gecko; compatible; ClaudeBot/1.0; +claudebot@anthropic.com)"
93.92.20.210 - - [28/Jul/2026:01:35:09 +0530] "GET /category/post/page/7/ HTTP/1.1" 200 66608 "-" "Mozilla/5.0 (Macintosh; Intel Mac OS X 10_15_7) AppleWebKit/537.36 (KHTML, like Gecko) Chrome/104.0.0.0 Safari/537.36"
64.16.133.170 - - [28/Jul/2026:01:35:12 +0530] "GET /2026/07/15/roulette-the-game-of-chance-that-captivates-gamblers/ HTTP/1.1" 200 59018 "-" "Mozilla/5.0 (Macintosh; Intel Mac OS X 10_15_7) AppleWebKit/537.36 (KHTML, like Gecko) Chrome/104.0.0.0 Safari/537.36"
93.92.20.96 - - [28/Jul/2026:01:35:13 +0530] "GET /2026/07/26/kaliteli-zamanlar-icin-merit-king-1695-ile-esiz/ HTTP/1.1" 200 67899 "-" "Mozilla/5.0 (Macintosh; Intel Mac OS X 10_15_7) AppleWebKit/537.36 (KHTML, like Gecko) Chrome/104.0.0.0 Safari/537.36"
93.92.20.156 - - [28/Jul/2026:01:35:15 +0530] "GET /2026/07/26/notable-estrategia-online-con-betsson-para/ HTTP/1.1" 200 71943 "-" "Mozilla/5.0 (Macintosh; Intel Mac OS X 10_15_7) AppleWebKit/537.36 (KHTML, like Gecko) Chrome/104.0.0.0 Safari/537.36"
82.26.28.169 - - [28/Jul/2026:01:35:17 +0530] "GET /2026/07/25/parlak-frsatlar-sunan-sweet-bonanza-dunyasnda-74/ HTTP/1.1" 200 67447 "-" "Mozilla/5.0 (Macintosh; Intel Mac OS X 10_15_7) AppleWebKit/537.36 (KHTML, like Gecko) Chrome/104.0.0.0 Safari/537.36"
64.16.133.5 - - [28/Jul/2026:01:35:19 +0530] "GET /2026/07/14/individualki-v-adlere-kak-nasladitsja-intimnym/ HTTP/1.1" 200 71152 "-" "Mozilla/5.0 (Macintosh; Intel Mac OS X 10_15_7) AppleWebKit/537.36 (KHTML, like Gecko) Chrome/104.0.0.0 Safari/537.36"
82.26.28.164 - - [28/Jul/2026:01:35:21 +0530] "GET /2026/07/15/newcomers-guide-to-the-casino-experience-in-australia/ HTTP/1.1" 200 58987 "-" "Mozilla/5.0 (Macintosh; Intel Mac OS X 10_15_7) AppleWebKit/537.36 (KHTML, like Gecko) Chrome/104.0.0.0 Safari/537.36"
64.16.133.118 - - [28/Jul/2026:01:35:23 +0530] "GET /2026/07/25/diversite-ludique-et-spin-casino-une-immersion-5/ HTTP/1.1" 200 70407 "-" "Mozilla/5.0 (Macintosh; Intel Mac OS X 10_15_7) AppleWebKit/537.36 (KHTML, like Gecko) Chrome/104.0.0.0 Safari/537.36"
82.26.28.150 - - [28/Jul/2026:01:35:24 +0530] "GET /2026/07/27/atrakcyjne-moliwoci-gier-hazardowych-online-z-vox/ HTTP/1.1" 200 67015 "-" "Mozilla/5.0 (Macintosh; Intel Mac OS X 10_15_7) AppleWebKit/537.36 (KHTML, like Gecko) Chrome/104.0.0.0 Safari/537.36"
93.92.20.60 - - [28/Jul/2026:01:35:26 +0530] "GET /category/uncategorized/page/14/ HTTP/1.1" 200 55271 "-" "Mozilla/5.0 (Macintosh; Intel Mac OS X 10_15_7) AppleWebKit/537.36 (KHTML, like Gecko) Chrome/104.0.0.0 Safari/537.36"
216.73.217.69 - - [28/Jul/2026:01:36:02 +0530] "GET /?p=1133 HTTP/1.1" 301 - "-" "Mozilla/5.0 AppleWebKit/537.36 (KHTML, like Gecko; compatible; ClaudeBot/1.0; +claudebot@anthropic.com)"
216.73.217.69 - - [28/Jul/2026:01:36:03 +0530] "GET /2026/07/27/mlumatl-oyuncular-ucun-pinco-azrbaycan/ HTTP/1.1" 200 67177 "https://inf.websparkit.com/?p=1133" "Mozilla/5.0 AppleWebKit/537.36 (KHTML, like Gecko; compatible; ClaudeBot/1.0; +claudebot@anthropic.com)"
216.73.217.69 - - [28/Jul/2026:01:38:27 +0530] "GET /?p=1131 HTTP/1.1" 301 - "-" "Mozilla/5.0 AppleWebKit/537.36 (KHTML, like Gecko; compatible; ClaudeBot/1.0; +claudebot@anthropic.com)"
216.73.217.69 - - [28/Jul/2026:01:38:28 +0530] "GET /2026/07/27/qzl-simvollarla-dolu-srdab-pinco-azrbaycan/ HTTP/1.1" 200 67526 "https://inf.websparkit.com/?p=1131" "Mozilla/5.0 AppleWebKit/537.36 (KHTML, like Gecko; compatible; ClaudeBot/1.0; +claudebot@anthropic.com)"
216.73.217.69 - - [28/Jul/2026:01:38:38 +0530] "GET /2026/07/27/qzl-simvollarla-dolu-srdab-pinco-azrbaycan/feed/ HTTP/1.1" 200 887 "-" "Mozilla/5.0 AppleWebKit/537.36 (KHTML, like Gecko; compatible; ClaudeBot/1.0; +claudebot@anthropic.com)"
216.73.217.69 - - [28/Jul/2026:01:41:30 +0530] "GET /2026/07/27/mlumatl-oyuncular-ucun-pinco-azrbaycan/feed/ HTTP/1.1" 200 879 "-" "Mozilla/5.0 AppleWebKit/537.36 (KHTML, like Gecko; compatible; ClaudeBot/1.0; +claudebot@anthropic.com)"
17.246.23.88 - - [28/Jul/2026:01:41:52 +0530] "GET /wp-includes/js/jquery/jquery-migrate.min.js?ver=3.4.1 HTTP/1.1" 200 13577 "https://inf.websparkit.com/2026/07/25/strategic-gameplay-and-lucrative-opportunities/" "Mozilla/5.0 (Macintosh; Intel Mac OS X 10_15_7) AppleWebKit/605.1.15 (KHTML, like Gecko) Version/17.4 Safari/605.1.15 (Applebot/0.1; +http://www.apple.com/go/applebot)"
17.246.23.88 - - [28/Jul/2026:01:41:53 +0530] "GET /wp-content/themes/unfia/assets/css/main.css?ver=1.0.0 HTTP/1.1" 200 46088 "https://inf.websparkit.com/2026/07/25/strategic-gameplay-and-lucrative-opportunities/" "Mozilla/5.0 (Macintosh; Intel Mac OS X 10_15_7) AppleWebKit/605.1.15 (KHTML, like Gecko) Version/17.4 Safari/605.1.15 (Applebot/0.1; +http://www.apple.com/go/applebot)"
17.246.23.88 - - [28/Jul/2026:01:41:54 +0530] "GET /wp-includes/js/jquery/jquery.min.js?ver=3.7.1 HTTP/1.1" 200 87553 "https://inf.websparkit.com/2026/07/25/strategic-gameplay-and-lucrative-opportunities/" "Mozilla/5.0 (Macintosh; Intel Mac OS X 10_15_7) AppleWebKit/605.1.15 (KHTML, like Gecko) Version/17.4 Safari/605.1.15 (Applebot/0.1; +http://www.apple.com/go/applebot)"
17.246.23.88 - - [28/Jul/2026:01:41:56 +0530] "GET /wp-content/themes/unfia/assets/js/main.js?ver=1.0.0 HTTP/1.1" 200 9800 "https://inf.websparkit.com/2026/07/25/strategic-gameplay-and-lucrative-opportunities/" "Mozilla/5.0 (Macintosh; Intel Mac OS X 10_15_7) AppleWebKit/605.1.15 (KHTML, like Gecko) Version/17.4 Safari/605.1.15 (Applebot/0.1; +http://www.apple.com/go/applebot)"
17.246.23.88 - - [28/Jul/2026:01:41:57 +0530] "GET /wp-includes/js/comment-reply.min.js?ver=7.0 HTTP/1.1" 200 3026 "https://inf.websparkit.com/2026/07/25/strategic-gameplay-and-lucrative-opportunities/" "Mozilla/5.0 (Macintosh; Intel Mac OS X 10_15_7) AppleWebKit/605.1.15 (KHTML, like Gecko) Version/17.4 Safari/605.1.15 (Applebot/0.1; +http://www.apple.com/go/applebot)"
17.246.23.88 - - [28/Jul/2026:01:41:59 +0530] "GET /wp-includes/js/wp-emoji-release.min.js?ver=7.0 HTTP/1.1" 200 22762 "https://inf.websparkit.com/2026/07/25/strategic-gameplay-and-lucrative-opportunities/" "Mozilla/5.0 (Macintosh; Intel Mac OS X 10_15_7) AppleWebKit/605.1.15 (KHTML, like Gecko) Version/17.4 Safari/605.1.15 (Applebot/0.1; +http://www.apple.com/go/applebot)"
188.40.203.66 - - [28/Jul/2026:01:43:39 +0530] "HEAD / HTTP/1.1" 421 - "-" "-"
79.137.67.90 - - [28/Jul/2026:01:46:14 +0530] "GET /robots.txt HTTP/1.1" 200 72 "-" "Mozilla/5.0 (compatible; MJ12bot/v1.4.8; http://mj12bot.com/)"
188.40.203.66 - - [28/Jul/2026:01:46:17 +0530] "POST /wp-cron.php?doing_wp_cron=1785183377.4661309719085693359375 HTTP/1.1" 200 - "-" "WordPress/7.0; https://inf.websparkit.com"
79.137.67.90 - - [28/Jul/2026:01:46:16 +0530] "GET /2026/07/27/impresionante-variedad-de-juegos-y-bonos/ HTTP/1.1" 200 68508 "-" "Mozilla/5.0 (compatible; MJ12bot/v1.4.8; http://mj12bot.com/)"
79.137.67.90 - - [28/Jul/2026:01:46:18 +0530] "GET /2026/07/27/mhrmlik-pinco-az-platformasnda-oyun-almin-aclr/ HTTP/1.1" 200 69952 "-" "Mozilla/5.0 (compatible; MJ12bot/v1.4.8; http://mj12bot.com/)"
79.137.67.90 - - [28/Jul/2026:01:46:21 +0530] "GET /2026/07/27/mohtm-oyun-tcrubsi-pinco-azerbaycan-yukle-edrk/ HTTP/1.1" 200 66775 "-" "Mozilla/5.0 (compatible; MJ12bot/v1.4.8; http://mj12bot.com/)"
79.137.67.90 - - [28/Jul/2026:01:46:24 +0530] "GET /2026/07/27/mon-experience-de-jeu-reelle-sur-megafishwins-casino-avec-des-mises-de-020-euro/ HTTP/1.1" 200 65598 "-" "Mozilla/5.0 (compatible; MJ12bot/v1.4.8; http://mj12bot.com/)"
79.137.67.90 - - [28/Jul/2026:01:46:27 +0530] "GET /2026/07/27/qdim-tikililrd-pinco-azerbaycan-il-syaht-hazr-olun/ HTTP/1.1" 200 68772 "-" "Mozilla/5.0 (compatible; MJ12bot/v1.4.8; http://mj12bot.com/)"
64.16.133.119 - - [28/Jul/2026:01:53:08 +0530] "GET /2026/07/25/rasantes-gameplay-mit-chicken-road-fordert-nerven-2/ HTTP/1.1" 200 68000 "-" "Mozilla/5.0 (Macintosh; Intel Mac OS X 10_15_7) AppleWebKit/537.36 (KHTML, like Gecko) Chrome/104.0.0.0 Safari/537.36"
93.92.20.252 - - [28/Jul/2026:01:53:10 +0530] "GET /2026/07/27/haziran-frsatlar-ile-sweet-bonanza-oyununda-yuksek/ HTTP/1.1" 200 68084 "-" "Mozilla/5.0 (Macintosh; Intel Mac OS X 10_15_7) AppleWebKit/537.36 (KHTML, like Gecko) Chrome/104.0.0.0 Safari/537.36"
93.92.20.244 - - [28/Jul/2026:01:53:11 +0530] "GET /2026/07/19/aktuelle-strategien-zur-vermogensbildung-mit-2/ HTTP/1.1" 200 68803 "-" "Mozilla/5.0 (Macintosh; Intel Mac OS X 10_15_7) AppleWebKit/537.36 (KHTML, like Gecko) Chrome/104.0.0.0 Safari/537.36"
82.26.28.251 - - [28/Jul/2026:01:53:13 +0530] "GET /category/megafishwins-casino/ HTTP/1.1" 200 58908 "-" "Mozilla/5.0 (Macintosh; Intel Mac OS X 10_15_7) AppleWebKit/537.36 (KHTML, like Gecko) Chrome/104.0.0.0 Safari/537.36"
93.92.20.210 - - [28/Jul/2026:01:53:15 +0530] "GET /2026/07/27/analisi-tecnica-e-prestazioni-di-gioco-su-megafishwins-casino/ HTTP/1.1" 200 66392 "-" "Mozilla/5.0 (Macintosh; Intel Mac OS X 10_15_7) AppleWebKit/537.36 (KHTML, like Gecko) Chrome/104.0.0.0 Safari/537.36"
93.92.20.133 - - [28/Jul/2026:01:53:17 +0530] "GET /2026/07/27/increible-aventura-y-chicken-road-para-superar-el/ HTTP/1.1" 200 68652 "-" "Mozilla/5.0 (Macintosh; Intel Mac OS X 10_15_7) AppleWebKit/537.36 (KHTML, like Gecko) Chrome/104.0.0.0 Safari/537.36"
82.26.28.136 - - [28/Jul/2026:01:53:18 +0530] "GET /category/uncategorized/page/5/ HTTP/1.1" 200 68667 "-" "Mozilla/5.0 (Macintosh; Intel Mac OS X 10_15_7) AppleWebKit/537.36 (KHTML, like Gecko) Chrome/104.0.0.0 Safari/537.36"
87.246.9.210 - - [28/Jul/2026:01:53:20 +0530] "GET /2026/06/14/shljuhi-belgoroda-kak-najti-luchshij-intim-dosug/ HTTP/1.1" 200 69794 "-" "Mozilla/5.0 (Macintosh; Intel Mac OS X 10_15_7) AppleWebKit/537.36 (KHTML, like Gecko) Chrome/104.0.0.0 Safari/537.36"
64.16.133.48 - - [28/Jul/2026:01:53:22 +0530] "GET /2026/07/25/oyun-dunyasnda-sweet-bonanza-maceras-seni-bekleyen/ HTTP/1.1" 200 67599 "-" "Mozilla/5.0 (Macintosh; Intel Mac OS X 10_15_7) AppleWebKit/537.36 (KHTML, like Gecko) Chrome/104.0.0.0 Safari/537.36"
64.16.133.142 - - [28/Jul/2026:01:53:24 +0530] "GET /2026/07/15/kuidas-lahendada-probleem-kasino-viivitustega/ HTTP/1.1" 200 58263 "-" "Mozilla/5.0 (Macintosh; Intel Mac OS X 10_15_7) AppleWebKit/537.36 (KHTML, like Gecko) Chrome/104.0.0.0 Safari/537.36"
188.40.203.66 - - [28/Jul/2026:02:09:29 +0530] "POST /wp-cron.php?doing_wp_cron=1785184769.8252279758453369140625 HTTP/1.1" 200 - "-" "WordPress/7.0; https://inf.websparkit.com"
65.109.114.175 - - [28/Jul/2026:02:09:28 +0530] "GET /2026/07/14/lucky-jet-%d0%ba%d0%b0%d0%ba-%d0%b2%d0%b7%d0%bb%d0%b5%d1%82%d0%b5%d1%82%d1%8c-%d0%b2%d0%bc%d0%b5%d1%81%d1%82%d0%b5-%d1%81-%d0%bf%d0%be%d0%bf%d1%83%d0%bb%d1%8f%d1%80%d0%bd%d0%be%d0%b9-%d0%b8%d0%b3/ HTTP/1.1" 200 75310 "-" "Mozilla/5.0 (Macintosh; Intel Mac OS X 10_15_7) AppleWebKit/537.36 (KHTML, like Gecko) Chrome/140.0.0.0 Safari/537.36"
65.109.114.175 - - [28/Jul/2026:02:09:30 +0530] "GET /2026/07/14/lucky-jet-%d0%ba%d0%b0%d0%ba-%d0%b2%d0%b7%d0%bb%d0%b5%d1%82%d0%b5%d1%82%d1%8c-%d0%b2%d0%bc%d0%b5%d1%81%d1%82%d0%b5-%d1%81-%d0%bf%d0%be%d0%bf%d1%83%d0%bb%d1%8f%d1%80%d0%bd%d0%be%d0%b9-%d0%b8%d0%b3/ HTTP/1.1" 200 75310 "-" "-"
65.109.114.175 - - [28/Jul/2026:02:09:32 +0530] "GET /2026/07/14/lucky-jet-%d0%ba%d0%b0%d0%ba-%d0%b2%d0%b7%d0%bb%d0%b5%d1%82%d0%b5%d1%82%d1%8c-%d0%b2%d0%bc%d0%b5%d1%81%d1%82%d0%b5-%d1%81-%d0%bf%d0%be%d0%bf%d1%83%d0%bb%d1%8f%d1%80%d0%bd%d0%be%d0%b9-%d0%b8%d0%b3/ HTTP/1.1" 200 75310 "-" "Mozilla/5.0 (Macintosh; Intel Mac OS X 10_15_7) AppleWebKit/537.36 (KHTML, like Gecko) Chrome/140.0.0.0 Safari/537.36"
65.109.114.175 - - [28/Jul/2026:02:09:34 +0530] "GET /2026/07/14/lucky-jet-%d0%ba%d0%b0%d0%ba-%d0%b2%d0%b7%d0%bb%d0%b5%d1%82%d0%b5%d1%82%d1%8c-%d0%b2%d0%bc%d0%b5%d1%81%d1%82%d0%b5-%d1%81-%d0%bf%d0%be%d0%bf%d1%83%d0%bb%d1%8f%d1%80%d0%bd%d0%be%d0%b9-%d0%b8%d0%b3/ HTTP/1.1" 200 75310 "-" "-"
65.109.114.175 - - [28/Jul/2026:02:11:05 +0530] "GET /2026/07/14/lucky-jet-%d0%ba%d0%b0%d0%ba-%d0%b2%d0%b7%d0%bb%d0%b5%d1%82%d0%b5%d1%82%d1%8c-%d0%b2%d0%bc%d0%b5%d1%81%d1%82%d0%b5-%d1%81-%d0%bf%d0%be%d0%bf%d1%83%d0%bb%d1%8f%d1%80%d0%bd%d0%be%d0%b9-%d0%b8%d0%b3/ HTTP/1.1" 200 75310 "-" "Mozilla/5.0 (Macintosh; Intel Mac OS X 10_15_7) AppleWebKit/537.36 (KHTML, like Gecko) Chrome/140.0.0.0 Safari/537.36"
65.109.114.175 - - [28/Jul/2026:02:11:07 +0530] "GET /2026/07/14/lucky-jet-%d0%ba%d0%b0%d0%ba-%d0%b2%d0%b7%d0%bb%d0%b5%d1%82%d0%b5%d1%82%d1%8c-%d0%b2%d0%bc%d0%b5%d1%81%d1%82%d0%b5-%d1%81-%d0%bf%d0%be%d0%bf%d1%83%d0%bb%d1%8f%d1%80%d0%bd%d0%be%d0%b9-%d0%b8%d0%b3/ HTTP/1.1" 200 75310 "-" "-"
17.22.245.190 - - [28/Jul/2026:02:11:38 +0530] "GET /2026/07/25/actuele-kansen-voor-spelers-met-https-uspin-2/ HTTP/1.1" 200 71382 "-" "Mozilla/5.0 (Macintosh; Intel Mac OS X 10_15_7) AppleWebKit/605.1.15 (KHTML, like Gecko) Version/17.4 Safari/605.1.15 (Applebot/0.1; +http://www.apple.com/go/applebot)"
216.73.217.69 - - [28/Jul/2026:02:11:56 +0530] "GET /robots.txt HTTP/1.1" 200 72 "-" "Mozilla/5.0 AppleWebKit/537.36 (KHTML, like Gecko; compatible; ClaudeBot/1.0; +claudebot@anthropic.com)"
216.73.217.69 - - [28/Jul/2026:02:11:56 +0530] "GET /2026/07/27/analisi-tecnica-e-prestazioni-di-gioco-su-megafishwins-casino/ HTTP/1.1" 200 66392 "-" "Mozilla/5.0 AppleWebKit/537.36 (KHTML, like Gecko; compatible; ClaudeBot/1.0; +claudebot@anthropic.com)"
216.73.217.69 - - [28/Jul/2026:02:12:40 +0530] "GET /2026/07/27/mon-experience-de-jeu-reelle-sur-megafishwins-casino-avec-des-mises-de-020-euro/feed/ HTTP/1.1" 200 961 "-" "Mozilla/5.0 AppleWebKit/537.36 (KHTML, like Gecko; compatible; ClaudeBot/1.0; +claudebot@anthropic.com)"
216.73.217.69 - - [28/Jul/2026:02:13:34 +0530] "GET /?p=1148 HTTP/1.1" 301 - "-" "Mozilla/5.0 AppleWebKit/537.36 (KHTML, like Gecko; compatible; ClaudeBot/1.0; +claudebot@anthropic.com)"
216.73.217.69 - - [28/Jul/2026:02:13:35 +0530] "GET /2026/07/27/mon-experience-de-jeu-reelle-sur-megafishwins-casino-avec-des-mises-de-020-euro/ HTTP/1.1" 200 65598 "https://inf.websparkit.com/?p=1148" "Mozilla/5.0 AppleWebKit/537.36 (KHTML, like Gecko; compatible; ClaudeBot/1.0; +claudebot@anthropic.com)"
216.73.217.69 - - [28/Jul/2026:02:14:43 +0530] "GET /2026/07/27/mijn-eerste-week-bij-megafishwins-casino-en-wat-ik-leerde-over-limieten/ HTTP/1.1" 200 59976 "-" "Mozilla/5.0 AppleWebKit/537.36 (KHTML, like Gecko; compatible; ClaudeBot/1.0; +claudebot@anthropic.com)"
216.73.217.69 - - [28/Jul/2026:02:15:05 +0530] "GET /category/megafishwins-casino/feed/ HTTP/1.1" 200 43293 "-" "Mozilla/5.0 AppleWebKit/537.36 (KHTML, like Gecko; compatible; ClaudeBot/1.0; +claudebot@anthropic.com)"
87.246.9.36 - - [28/Jul/2026:02:15:29 +0530] "GET /category/uncategorized/page/12/ HTTP/1.1" 200 68016 "-" "Mozilla/5.0 (Macintosh; Intel Mac OS X 10_15_7) AppleWebKit/537.36 (KHTML, like Gecko) Chrome/104.0.0.0 Safari/537.36"
64.16.133.49 - - [28/Jul/2026:02:15:32 +0530] "GET /2026/07/16/essential-guidance-for-understanding-the-world-of/ HTTP/1.1" 200 70164 "-" "Mozilla/5.0 (Macintosh; Intel Mac OS X 10_15_7) AppleWebKit/537.36 (KHTML, like Gecko) Chrome/104.0.0.0 Safari/537.36"
64.16.133.48 - - [28/Jul/2026:02:15:34 +0530] "GET /category/uncategorized/page/7/ HTTP/1.1" 200 66998 "-" "Mozilla/5.0 (Macintosh; Intel Mac OS X 10_15_7) AppleWebKit/537.36 (KHTML, like Gecko) Chrome/104.0.0.0 Safari/537.36"
93.92.20.230 - - [28/Jul/2026:02:15:36 +0530] "GET /2026/07/22/celestial-radiance-imbues-captivating-jewelry-with/ HTTP/1.1" 200 70725 "-" "Mozilla/5.0 (Macintosh; Intel Mac OS X 10_15_7) AppleWebKit/537.36 (KHTML, like Gecko) Chrome/104.0.0.0 Safari/537.36"
93.92.20.252 - - [28/Jul/2026:02:15:37 +0530] "GET /2026/07/26/olaanustu-deneyimler-merit-king-sayesinde-imdi-3/ HTTP/1.1" 200 68259 "-" "Mozilla/5.0 (Macintosh; Intel Mac OS X 10_15_7) AppleWebKit/537.36 (KHTML, like Gecko) Chrome/104.0.0.0 Safari/537.36"
64.16.133.27 - - [28/Jul/2026:02:15:39 +0530] "GET /2026/07/14/kak-vizity-v-bordel-mogut-izmenit-vashu/ HTTP/1.1" 200 74085 "-" "Mozilla/5.0 (Macintosh; Intel Mac OS X 10_15_7) AppleWebKit/537.36 (KHTML, like Gecko) Chrome/104.0.0.0 Safari/537.36"
93.92.20.101 - - [28/Jul/2026:02:15:44 +0530] "GET /2026/07/21/genuine-innovation-surrounds-kalshi-trading-and/ HTTP/1.1" 200 72481 "-" "Mozilla/5.0 (Macintosh; Intel Mac OS X 10_15_7) AppleWebKit/537.36 (KHTML, like Gecko) Chrome/104.0.0.0 Safari/537.36"
64.16.133.151 - - [28/Jul/2026:02:15:46 +0530] "GET /category/post/page/2/ HTTP/1.1" 200 66382 "-" "Mozilla/5.0 (Macintosh; Intel Mac OS X 10_15_7) AppleWebKit/537.36 (KHTML, like Gecko) Chrome/104.0.0.0 Safari/537.36"
93.92.20.214 - - [28/Jul/2026:02:15:48 +0530] "GET /2026/07/27/instrukcja-obslugi-konta-i-wyplat-w-megafishwins-casino-w-2026-roku/ HTTP/1.1" 200 64371 "-" "Mozilla/5.0 (Macintosh; Intel Mac OS X 10_15_7) AppleWebKit/537.36 (KHTML, like Gecko) Chrome/104.0.0.0 Safari/537.36"
216.73.217.69 - - [28/Jul/2026:02:19:30 +0530] "GET /?p=1143 HTTP/1.1" 301 - "-" "Mozilla/5.0 AppleWebKit/537.36 (KHTML, like Gecko; compatible; ClaudeBot/1.0; +claudebot@anthropic.com)"
216.73.217.69 - - [28/Jul/2026:02:19:31 +0530] "GET /2026/07/27/impresionante-variedad-de-juegos-y-bonos/ HTTP/1.1" 200 68508 "https://inf.websparkit.com/?p=1143" "Mozilla/5.0 AppleWebKit/537.36 (KHTML, like Gecko; compatible; ClaudeBot/1.0; +claudebot@anthropic.com)"
216.73.217.69 - - [28/Jul/2026:02:19:49 +0530] "GET /2026/07/27/qdim-tikililrd-pinco-azerbaycan-il-syaht-hazr-olun/ HTTP/1.1" 200 68772 "-" "Mozilla/5.0 AppleWebKit/537.36 (KHTML, like Gecko; compatible; ClaudeBot/1.0; +claudebot@anthropic.com)"
216.73.217.69 - - [28/Jul/2026:02:19:51 +0530] "GET /2026/07/27/impresionante-variedad-de-juegos-y-bonos/feed/ HTTP/1.1" 200 883 "-" "Mozilla/5.0 AppleWebKit/537.36 (KHTML, like Gecko; compatible; ClaudeBot/1.0; +claudebot@anthropic.com)"
216.73.217.69 - - [28/Jul/2026:02:20:17 +0530] "GET /?p=1145 HTTP/1.1" 301 - "-" "Mozilla/5.0 AppleWebKit/537.36 (KHTML, like Gecko; compatible; ClaudeBot/1.0; +claudebot@anthropic.com)"
216.73.217.69 - - [28/Jul/2026:02:20:18 +0530] "GET /2026/07/27/mohtm-oyun-tcrubsi-pinco-azerbaycan-yukle-edrk/ HTTP/1.1" 200 66775 "https://inf.websparkit.com/?p=1145" "Mozilla/5.0 AppleWebKit/537.36 (KHTML, like Gecko; compatible; ClaudeBot/1.0; +claudebot@anthropic.com)"
216.73.217.69 - - [28/Jul/2026:02:20:23 +0530] "GET /sitemap.xml HTTP/1.1" 200 145257 "-" "Mozilla/5.0 AppleWebKit/537.36 (KHTML, like Gecko; compatible; ClaudeBot/1.0; +claudebot@anthropic.com)"
34.127.51.238 - - [28/Jul/2026:02:21:55 +0530] "GET /wp-login.php HTTP/1.1" 200 - "-" "Mozilla/5.0 (Windows NT 10.0; Win64; x64) AppleWebKit/537.36 (KHTML, like Gecko) HeadlessChrome/150.0.0.0 Safari/537.36"
34.127.51.238 - - [28/Jul/2026:02:21:55 +0530] "GET /favicon.ico HTTP/1.1" 302 - "https://inf.websparkit.com/wp-login.php" "Mozilla/5.0 (Windows NT 10.0; Win64; x64) AppleWebKit/537.36 (KHTML, like Gecko) HeadlessChrome/150.0.0.0 Safari/537.36"
34.127.51.238 - - [28/Jul/2026:02:21:56 +0530] "GET /wp-login.php HTTP/1.1" 200 - "-" "Mozilla/5.0 (Windows NT 10.0; Win64; x64) AppleWebKit/537.36 (KHTML, like Gecko) HeadlessChrome/150.0.0.0 Safari/537.36"
34.127.51.238 - - [28/Jul/2026:02:21:56 +0530] "GET /wp-includes/images/w-logo-blue-white-bg.png HTTP/1.1" 200 4119 "https://inf.websparkit.com/wp-login.php" "Mozilla/5.0 (Windows NT 10.0; Win64; x64) AppleWebKit/537.36 (KHTML, like Gecko) HeadlessChrome/150.0.0.0 Safari/537.36"
34.127.51.238 - - [28/Jul/2026:02:21:56 +0530] "GET /favicon.ico HTTP/1.1" 302 - "https://inf.websparkit.com/wp-login.php" "Mozilla/5.0 (Windows NT 10.0; Win64; x64) AppleWebKit/537.36 (KHTML, like Gecko) HeadlessChrome/150.0.0.0 Safari/537.36"
34.127.51.238 - - [28/Jul/2026:02:21:57 +0530] "GET /wp-login.php HTTP/1.1" 200 - "-" "Mozilla/5.0 (Windows NT 10.0; Win64; x64) AppleWebKit/537.36 (KHTML, like Gecko) HeadlessChrome/150.0.0.0 Safari/537.36"
34.127.51.238 - - [28/Jul/2026:02:21:57 +0530] "GET /wp-includes/images/w-logo-blue-white-bg.png HTTP/1.1" 200 4119 "https://inf.websparkit.com/wp-login.php" "Mozilla/5.0 (Windows NT 10.0; Win64; x64) AppleWebKit/537.36 (KHTML, like Gecko) HeadlessChrome/150.0.0.0 Safari/537.36"
34.127.51.238 - - [28/Jul/2026:02:21:57 +0530] "GET /favicon.ico HTTP/1.1" 302 - "https://inf.websparkit.com/wp-login.php" "Mozilla/5.0 (Windows NT 10.0; Win64; x64) AppleWebKit/537.36 (KHTML, like Gecko) HeadlessChrome/150.0.0.0 Safari/537.36"
34.127.51.238 - - [28/Jul/2026:02:21:58 +0530] "GET /wp-includes/images/w-logo-blue-white-bg.png HTTP/1.1" 200 4119 "https://inf.websparkit.com/wp-login.php" "Mozilla/5.0 (Windows NT 10.0; Win64; x64) AppleWebKit/537.36 (KHTML, like Gecko) HeadlessChrome/150.0.0.0 Safari/537.36"
47.82.11.119 - - [28/Jul/2026:02:22:26 +0530] "GET /2026/07/21/atrakcyjne-bonusy-w-ggbet-casino-i-strategie-7/ HTTP/1.1" 200 67786 "https://inf.websparkit.com/" "Mozilla/5.0 (Windows NT 10.0; Win64; x64) AppleWebKit/537.36 (KHTML, like Gecko) Chrome/134.0.0.0 Safari/537.36"
216.73.217.69 - - [28/Jul/2026:02:23:36 +0530] "GET /2026/07/27/cosa-ho-scoperto-giocando-su-megafishwins-casino-dopo-quattordici-giorni-di-anal/ HTTP/1.1" 200 60247 "-" "Mozilla/5.0 AppleWebKit/537.36 (KHTML, like Gecko; compatible; ClaudeBot/1.0; +claudebot@anthropic.com)"
216.73.217.69 - - [28/Jul/2026:02:23:37 +0530] "GET /2026/07/27/mohtm-oyun-tcrubsi-pinco-azerbaycan-yukle-edrk/feed/ HTTP/1.1" 200 894 "-" "Mozilla/5.0 AppleWebKit/537.36 (KHTML, like Gecko; compatible; ClaudeBot/1.0; +claudebot@anthropic.com)"
216.73.217.69 - - [28/Jul/2026:02:24:56 +0530] "GET /2026/07/27/mhrmlik-pinco-az-platformasnda-oyun-almin-aclr/feed/ HTTP/1.1" 200 895 "-" "Mozilla/5.0 AppleWebKit/537.36 (KHTML, like Gecko; compatible; ClaudeBot/1.0; +claudebot@anthropic.com)"
216.73.217.69 - - [28/Jul/2026:02:24:58 +0530] "GET /?p=1150 HTTP/1.1" 301 - "-" "Mozilla/5.0 AppleWebKit/537.36 (KHTML, like Gecko; compatible; ClaudeBot/1.0; +claudebot@anthropic.com)"
216.73.217.69 - - [28/Jul/2026:02:24:59 +0530] "GET /2026/07/27/mhrmlik-pinco-az-platformasnda-oyun-almin-aclr/ HTTP/1.1" 200 69952 "https://inf.websparkit.com/?p=1150" "Mozilla/5.0 AppleWebKit/537.36 (KHTML, like Gecko; compatible; ClaudeBot/1.0; +claudebot@anthropic.com)"
66.249.65.165 - - [28/Jul/2026:02:25:59 +0530] "GET /robots.txt HTTP/1.1" 200 72 "-" "Mozilla/5.0 (compatible; Googlebot/2.1; +http://www.google.com/bot.html)"
66.249.65.163 - - [28/Jul/2026:02:26:10 +0530] "GET /?o=1610834554 HTTP/1.1" 200 197931 "-" "Mozilla/5.0 (Linux; Android 6.0.1; Nexus 5X Build/MMB29P) AppleWebKit/537.36 (KHTML, like Gecko) Chrome/150.0.7871.128 Mobile Safari/537.36 (compatible; GoogleOther)"
216.73.217.69 - - [28/Jul/2026:02:32:09 +0530] "GET /?p=1155 HTTP/1.1" 301 - "-" "Mozilla/5.0 AppleWebKit/537.36 (KHTML, like Gecko; compatible; ClaudeBot/1.0; +claudebot@anthropic.com)"
216.73.217.69 - - [28/Jul/2026:02:32:11 +0530] "GET /2026/07/27/instrukcja-obslugi-konta-i-wyplat-w-megafishwins-casino-w-2026-roku/ HTTP/1.1" 200 64371 "https://inf.websparkit.com/?p=1155" "Mozilla/5.0 AppleWebKit/537.36 (KHTML, like Gecko; compatible; ClaudeBot/1.0; +claudebot@anthropic.com)"
216.73.217.69 - - [28/Jul/2026:02:32:47 +0530] "GET /2026/07/27/instrukcja-obslugi-konta-i-wyplat-w-megafishwins-casino-w-2026-roku/feed/ HTTP/1.1" 200 924 "-" "Mozilla/5.0 AppleWebKit/537.36 (KHTML, like Gecko; compatible; ClaudeBot/1.0; +claudebot@anthropic.com)"
216.73.162.170 - - [28/Jul/2026:02:34:10 +0530] "POST /xmlrpc.php HTTP/1.1" 200 13201 "-" "Mozilla/5.0 (Macintosh; Intel Mac OS X 10_15_7) AppleWebKit/537.36 (KHTML, like Gecko) Chrome/122.0.0.0 Safari/537.36"
188.40.203.66 - - [28/Jul/2026:02:34:20 +0530] "POST /wp-cron.php?doing_wp_cron=1785186260.3831930160522460937500 HTTP/1.1" 200 - "-" "WordPress/7.0; https://inf.websparkit.com"
216.73.162.176 - - [28/Jul/2026:02:34:20 +0530] "POST /xmlrpc.php HTTP/1.1" 200 179 "-" "Mozilla/5.0 (Macintosh; Intel Mac OS X 10_15_7) AppleWebKit/537.36 (KHTML, like Gecko) Chrome/122.0.0.0 Safari/537.36"
216.73.162.190 - - [28/Jul/2026:02:34:27 +0530] "POST /xmlrpc.php HTTP/1.1" 200 14460 "-" "Mozilla/5.0 (Macintosh; Intel Mac OS X 10_15_7) AppleWebKit/537.36 (KHTML, like Gecko) Chrome/122.0.0.0 Safari/537.36"
38.242.226.127 - - [28/Jul/2026:02:34:42 +0530] "GET /robots.txt HTTP/1.1" 200 72 "-" "Mozilla/5.0 (compatible; MJ12bot/v1.4.8; http://mj12bot.com/)"
38.242.226.127 - - [28/Jul/2026:02:34:44 +0530] "GET /2026/07/10/%CF%80%CF%81%CE%B1%CE%B3%CE%BC%CE%B1%CF%84%CE%B9%CE%BA%CE%AE-%CF%81%CE%BF%CF%85%CE%BB%CE%AD%CF%84%CE%B1-%CE%BC%CE%B5-%CE%BC%CE%B5%CE%B3%CE%AC%CE%BB%CE%B1-%CE%BA%CE%AD%CF%81%CE%B4%CE%B7-%CE%BC%CE%B5/ HTTP/1.1" 200 61626 "-" "Mozilla/5.0 (compatible; MJ12bot/v1.4.8; http://mj12bot.com/)"
38.242.226.127 - - [28/Jul/2026:02:34:45 +0530] "GET /2026/07/10/%D0%B8%D0%B7%D0%B8-%D0%BA%D0%B0%D0%B7-%D0%BA%D0%B0%D0%BA-%D1%86%D0%B8%D1%84%D1%80%D0%BE%D0%B2%D1%8B%D0%B5-%D1%82%D0%B5%D1%85%D0%BD%D0%BE%D0%BB%D0%BE%D0%B3%D0%B8%D0%B8-%D0%BC%D0%B5%D0%BD%D1%8F%D1%8E/feed/ HTTP/1.1" 200 1233 "-" "Mozilla/5.0 (compatible; MJ12bot/v1.4.8; http://mj12bot.com/)"
38.242.226.127 - - [28/Jul/2026:02:34:48 +0530] "GET /2026/07/10/%D0%B8%D0%B7%D0%B8-%D0%BA%D0%B0%D0%B7-%D0%BA%D0%B0%D0%BA-%D1%86%D0%B8%D1%84%D1%80%D0%BE%D0%B2%D1%8B%D0%B5-%D1%82%D0%B5%D1%85%D0%BD%D0%BE%D0%BB%D0%BE%D0%B3%D0%B8%D0%B8-%D0%BC%D0%B5%D0%BD%D1%8F%D1%8E/ HTTP/1.1" 200 76734 "-" "Mozilla/5.0 (compatible; MJ12bot/v1.4.8; http://mj12bot.com/)"
38.242.226.127 - - [28/Jul/2026:02:34:50 +0530] "GET /2026/07/11/%CE%B4%CE%B7%CE%BC%CE%BF%CF%86%CE%B9%CE%BB%CE%AE%CF%82-%CF%81%CE%BF%CF%85%CE%BB%CE%AD%CF%84%CE%B1-%CE%BC%CE%B5-%CE%B6%CF%89%CE%BD%CF%84%CE%B1%CE%BD%CF%8C-%CE%BA%CE%B1%CE%B6%CE%AF%CE%BD%CE%BF-%CE%BC/ HTTP/1.1" 200 61656 "-" "Mozilla/5.0 (compatible; MJ12bot/v1.4.8; http://mj12bot.com/)"
38.242.226.127 - - [28/Jul/2026:02:34:52 +0530] "GET /2026/07/11/%D0%B3%D0%B4%D0%B5-%D0%BE%D0%B1%D1%81%D1%83%D0%B6%D0%B4%D0%B0%D1%8E%D1%82-%D1%83%D0%B4%D0%B0%D1%87%D1%83-%D0%BA%D0%B0%D0%BA-%D0%BA%D0%B0%D0%B7%D0%B8%D0%BD%D0%BE-%D1%84%D0%BE%D1%80%D1%83%D0%BC%D1%8B/ HTTP/1.1" 200 76613 "-" "Mozilla/5.0 (compatible; MJ12bot/v1.4.8; http://mj12bot.com/)"
38.242.226.127 - - [28/Jul/2026:02:34:54 +0530] "GET /2026/07/12/%D1%80%D1%83%D0%BB%D0%B5%D1%82%D0%BA%D0%B0-%D0%BE%D0%BD%D0%BB%D0%B0%D0%B9%D0%BD-%D0%BA%D0%B0%D0%BA-%D0%BD%D0%B5-%D0%BF%D0%BE%D1%82%D0%B5%D1%80%D1%8F%D1%82%D1%8C%D1%81%D1%8F-%D0%B2-%D1%81%D0%BF%D0%B8/feed/ HTTP/1.1" 200 1209 "-" "Mozilla/5.0 (compatible; MJ12bot/v1.4.8; http://mj12bot.com/)"
38.242.226.127 - - [28/Jul/2026:02:34:57 +0530] "GET /2026/07/12/%D1%81%D0%BB%D0%BE%D1%82%D0%B8%D0%BA-8-%D0%BA%D0%B0%D0%BA-%D0%BD%D0%B5%D0%B1%D0%BE%D0%BB%D1%8C%D1%88%D0%B0%D1%8F-%D0%B4%D0%B5%D1%82%D0%B0%D0%BB%D1%8C-%D0%BC%D0%B5%D0%BD%D1%8F%D0%B5%D1%82-%D0%BF%D1%80/feed/ HTTP/1.1" 200 1261 "-" "Mozilla/5.0 (compatible; MJ12bot/v1.4.8; http://mj12bot.com/)"
