114.119.137.103 - - [19/Aug/2026:18:19:04 +0530] "GET /dreamcrafted.lk/database/update_db.php HTTP/1.1" 200 481 "https://websparkit.com/dreamcrafted.lk/database/?C=D%3BO%3DA" "Mozilla/5.0 (Linux; Android 7.0;) AppleWebKit/537.36 (HTML, like Gecko) Mobile Safari/537.36 (compatible; PetalBot;+https://webmaster.petalsearch.com/site/petalbot)"
74.7.227.60 - - [19/Aug/2026:18:19:07 +0530] "GET /laravel/vendor/doctrine/inflector/src/Rules/?C=S;O=A HTTP/1.1" 200 3625 "https://mail.coreservers.websparkit.com/laravel/vendor/doctrine/inflector/src/Rules/" "Mozilla/5.0 AppleWebKit/537.36 (KHTML, like Gecko; compatible; GPTBot/1.4; +https://openai.com/gptbot)"
216.73.216.227 - - [19/Aug/2026:18:19:11 +0530] "GET /laravel/vendor/symfony/console/Descriptor/TextDescriptor.php HTTP/1.1" 500 - "-" "Mozilla/5.0 AppleWebKit/537.36 (KHTML, like Gecko; compatible; ClaudeBot/1.0; +claudebot@anthropic.com)"
216.73.216.227 - - [19/Aug/2026:18:19:17 +0530] "GET /laravel/vendor/fakerphp/faker/src/Faker/Extension/BarcodeExtension.php HTTP/1.1" 500 - "-" "Mozilla/5.0 AppleWebKit/537.36 (KHTML, like Gecko; compatible; ClaudeBot/1.0; +claudebot@anthropic.com)"
216.73.216.227 - - [19/Aug/2026:18:19:21 +0530] "GET /laravel/vendor/fakerphp/faker/src/Faker/Provider/ro_RO/Address.php HTTP/1.1" 500 - "-" "Mozilla/5.0 AppleWebKit/537.36 (KHTML, like Gecko; compatible; ClaudeBot/1.0; +claudebot@anthropic.com)"
216.73.216.227 - - [19/Aug/2026:18:19:26 +0530] "GET /laravel/vendor/symfony/console/Completion/CompletionInput.php HTTP/1.1" 500 - "-" "Mozilla/5.0 AppleWebKit/537.36 (KHTML, like Gecko; compatible; ClaudeBot/1.0; +claudebot@anthropic.com)"
216.73.216.227 - - [19/Aug/2026:18:19:31 +0530] "GET /laravel/vendor/symfony/translation/Loader/PoFileLoader.php HTTP/1.1" 500 - "-" "Mozilla/5.0 AppleWebKit/537.36 (KHTML, like Gecko; compatible; ClaudeBot/1.0; +claudebot@anthropic.com)"
216.73.216.227 - - [19/Aug/2026:18:19:36 +0530] "GET /trval4.websparkit.com/wp-includes/class-walker-page-dropdown.php HTTP/1.1" 500 - "-" "Mozilla/5.0 AppleWebKit/537.36 (KHTML, like Gecko; compatible; ClaudeBot/1.0; +claudebot@anthropic.com)"
74.7.242.20 - - [19/Aug/2026:18:19:39 +0530] "GET /trval4.websparkit.com/wp-includes/php-ai-client/src/Providers/Http/Util/ HTTP/1.1" 200 1214 "https://www.coreservers.websparkit.com/trval4.websparkit.com/wp-includes/php-ai-client/src/Providers/Http/" "Mozilla/5.0 AppleWebKit/537.36 (KHTML, like Gecko; compatible; GPTBot/1.4; +https://openai.com/gptbot)"
216.73.216.227 - - [19/Aug/2026:18:19:42 +0530] "GET /ebenezerlife.lk/wp-admin/images/aout.php?do=download&item=customize-preview.min.css&p=%2Fhome%2Fwebsparkit%2Fpublic_html%2Ftrval4.websparkit.com%2Fwp-includes%2Fcss%2F HTTP/1.1" 200 4004 "-" "Mozilla/5.0 AppleWebKit/537.36 (KHTML, like Gecko; compatible; ClaudeBot/1.0; +claudebot@anthropic.com)"
216.73.216.227 - - [19/Aug/2026:18:19:47 +0530] "GET /ebenezerlife.lk/wp-admin/images/aout.php?do=download&item=get.php&p=%2Fhome%2Fwebsparkit%2Fpublic_html%2Fsstsecurityservice.com%2Fwp-content%2Fplugins%2Fakismet%2Fviews%2F HTTP/1.1" 200 2286 "-" "Mozilla/5.0 AppleWebKit/537.36 (KHTML, like Gecko; compatible; ClaudeBot/1.0; +claudebot@anthropic.com)"
216.73.216.227 - - [19/Aug/2026:18:19:52 +0530] "GET /ebenezerlife.lk/wp-admin/images/aout.php?do=delete&item=data&p=%2Fhome%2Fwebsparkit%2Fpublic_html%2Febenezerlife.lk%2Fwp-content%2Fplugins%2Felementor-pro%2F HTTP/1.1" 200 24146 "-" "Mozilla/5.0 AppleWebKit/537.36 (KHTML, like Gecko; compatible; ClaudeBot/1.0; +claudebot@anthropic.com)"
74.7.227.60 - - [19/Aug/2026:18:19:52 +0530] "GET /laravel/vendor/league/commonmark/src/Extension/DescriptionList/Renderer/DescriptionListRenderer.php HTTP/1.1" 500 - "https://mail.coreservers.websparkit.com/laravel/vendor/league/commonmark/src/Extension/DescriptionList/Renderer/" "Mozilla/5.0 AppleWebKit/537.36 (KHTML, like Gecko; compatible; GPTBot/1.4; +https://openai.com/gptbot)"
216.73.216.227 - - [19/Aug/2026:18:20:10 +0530] "GET /laravel/vendor/symfony/http-foundation/Session/Attribute/?C=S&O=A HTTP/1.1" 200 1164 "-" "Mozilla/5.0 AppleWebKit/537.36 (KHTML, like Gecko; compatible; ClaudeBot/1.0; +claudebot@anthropic.com)"
216.73.216.227 - - [19/Aug/2026:18:20:15 +0530] "GET /rawana.websparkit.com/wp-includes/images/smilies/icon_biggrin.gif HTTP/1.1" 200 173 "-" "Mozilla/5.0 AppleWebKit/537.36 (KHTML, like Gecko; compatible; ClaudeBot/1.0; +claudebot@anthropic.com)"
216.73.216.227 - - [19/Aug/2026:18:20:20 +0530] "GET /ebenezerlife.lk/wp-admin/images/aout.php?do=edit&item=theme.php&p=%2Fhome%2Fwebsparkit%2Fpublic_html%2Fasiacouncill.websparkit.com%2Fwp-admin%2Fincludes%2F HTTP/1.1" 200 66746 "-" "Mozilla/5.0 AppleWebKit/537.36 (KHTML, like Gecko; compatible; ClaudeBot/1.0; +claudebot@anthropic.com)"
216.73.216.227 - - [19/Aug/2026:18:20:25 +0530] "GET /ebenezerlife.lk/wp-admin/images/aout.php?do=edit&item=widgets.php&p=%2Fhome%2Fwebsparkit%2Fpublic_html%2Fasiacouncill.websparkit.com%2Fwp-admin%2Fincludes%2F HTTP/1.1" 200 24513 "-" "Mozilla/5.0 AppleWebKit/537.36 (KHTML, like Gecko; compatible; ClaudeBot/1.0; +claudebot@anthropic.com)"
114.119.128.77 - - [19/Aug/2026:18:20:28 +0530] "GET /onestudios.lk/wp-includes/images/icon-library/align-center.svg HTTP/1.1" 200 142 "https://websparkit.com/onestudios.lk/wp-includes/images/icon-library/" "Mozilla/5.0 (Linux; Android 7.0;) AppleWebKit/537.36 (HTML, like Gecko) Mobile Safari/537.36 (compatible; PetalBot;+https://webmaster.petalsearch.com/site/petalbot)"
216.73.216.227 - - [19/Aug/2026:18:20:30 +0530] "GET /ebenezerlife.lk/wp-admin/images/aout.php?do=edit&item=comment.php&p=%2Fhome%2Fwebsparkit%2Fpublic_html%2Fasiacouncill.websparkit.com%2Fwp-admin%2Fincludes%2F HTTP/1.1" 200 18244 "-" "Mozilla/5.0 AppleWebKit/537.36 (KHTML, like Gecko; compatible; ClaudeBot/1.0; +claudebot@anthropic.com)"
74.7.227.60 - - [19/Aug/2026:18:20:34 +0530] "GET /ewayxpress.com/%25000hbdfd$%25%23%23%23%2500/plugins/et-core-plugin/app/?C=D;O=A HTTP/1.1" 200 1166 "https://mail.coreservers.websparkit.com/ewayxpress.com/%25000hbdfd$%25%23%23%23%2500/plugins/et-core-plugin/app/" "Mozilla/5.0 AppleWebKit/537.36 (KHTML, like Gecko; compatible; GPTBot/1.4; +https://openai.com/gptbot)"
216.73.216.227 - - [19/Aug/2026:18:20:35 +0530] "GET /ebenezerlife.lk/wp-admin/images/aout.php?do=edit&item=misc.php&p=%2Fhome%2Fwebsparkit%2Fpublic_html%2Fasiacouncill.websparkit.com%2Fwp-admin%2Fincludes%2F HTTP/1.1" 200 62548 "-" "Mozilla/5.0 AppleWebKit/537.36 (KHTML, like Gecko; compatible; ClaudeBot/1.0; +claudebot@anthropic.com)"
216.73.216.227 - - [19/Aug/2026:18:20:40 +0530] "GET /rawana.websparkit.com/wp-includes/sodium_compat/namespaced/Core/Curve25519/?C=M&O=D HTTP/1.1" 200 1355 "-" "Mozilla/5.0 AppleWebKit/537.36 (KHTML, like Gecko; compatible; ClaudeBot/1.0; +claudebot@anthropic.com)"
74.7.242.20 - - [19/Aug/2026:18:20:41 +0530] "GET /laravel/vendor/psy/psysh/src/CodeCleaner/?C=D;O=A HTTP/1.1" 200 6234 "https://www.coreservers.websparkit.com/laravel/vendor/psy/psysh/src/CodeCleaner/" "Mozilla/5.0 AppleWebKit/537.36 (KHTML, like Gecko; compatible; GPTBot/1.4; +https://openai.com/gptbot)"
216.73.216.227 - - [19/Aug/2026:18:20:45 +0530] "GET /ebenezerlife.lk/wp-admin/images/aout.php?do=edit&item=network.php&p=%2Fhome%2Fwebsparkit%2Fpublic_html%2Fasiacouncill.websparkit.com%2Fwp-admin%2Fincludes%2F HTTP/1.1" 200 45230 "-" "Mozilla/5.0 AppleWebKit/537.36 (KHTML, like Gecko; compatible; ClaudeBot/1.0; +claudebot@anthropic.com)"
216.73.216.227 - - [19/Aug/2026:18:20:50 +0530] "GET /ewayxpress.com/%25000hbdfd$%25%23%23%23%2500/plugins/woocommerce/vendor/opis/json-schema/src/Parsers/Pragmas/GlobalsPragmaParser.php HTTP/1.1" 500 - "-" "Mozilla/5.0 AppleWebKit/537.36 (KHTML, like Gecko; compatible; ClaudeBot/1.0; +claudebot@anthropic.com)"
216.73.216.227 - - [19/Aug/2026:18:20:55 +0530] "GET /ebenezerlife.lk/wp-admin/images/aout.php?do=delete&item=editor.css&p=%2Fhome%2Fwebsparkit%2Fpublic_html%2Fasiacouncill.websparkit.com%2Fwp-includes%2Fblocks%2Ftext-columns%2F HTTP/1.1" 200 20369 "-" "Mozilla/5.0 AppleWebKit/537.36 (KHTML, like Gecko; compatible; ClaudeBot/1.0; +claudebot@anthropic.com)"
216.73.216.227 - - [19/Aug/2026:18:21:00 +0530] "GET /ebenezerlife.lk/wp-admin/images/aout.php?p=%2Fhome%2Fwebsparkit%2Fpublic_html%2Fmndirect.lk%2Fassets HTTP/1.1" 200 16657 "-" "Mozilla/5.0 AppleWebKit/537.36 (KHTML, like Gecko; compatible; ClaudeBot/1.0; +claudebot@anthropic.com)"
216.73.216.227 - - [19/Aug/2026:18:21:05 +0530] "GET /ebenezerlife.lk/wp-admin/images/aout.php?do=edit&item=functions.php&p=%2Fhome%2Fwebsparkit%2Fpublic_html%2Fveloraa.lk%2Fincludes%2F HTTP/1.1" 200 24175 "-" "Mozilla/5.0 AppleWebKit/537.36 (KHTML, like Gecko; compatible; ClaudeBot/1.0; +claudebot@anthropic.com)"
216.73.216.227 - - [19/Aug/2026:18:21:10 +0530] "GET /ebenezerlife.lk/wp-admin/images/aout.php?do=edit&item=cache.php&p=%2Fhome%2Fwebsparkit%2Fpublic_html%2Flaravel%2Fconfig%2F HTTP/1.1" 200 16663 "-" "Mozilla/5.0 AppleWebKit/537.36 (KHTML, like Gecko; compatible; ClaudeBot/1.0; +claudebot@anthropic.com)"
216.73.216.227 - - [19/Aug/2026:18:21:15 +0530] "GET /ebenezerlife.lk/wp-admin/images/aout.php?do=delete&item=theme-install.php&p=%2Fhome%2Fwebsparkit%2Fpublic_html%2Fasiacouncill.websparkit.com%2Fwp-admin%2Fincludes%2F HTTP/1.1" 200 120496 "-" "Mozilla/5.0 AppleWebKit/537.36 (KHTML, like Gecko; compatible; ClaudeBot/1.0; +claudebot@anthropic.com)"
216.73.216.227 - - [19/Aug/2026:18:21:20 +0530] "GET /ebenezerlife.lk/wp-admin/images/aout.php?do=download&item=TaskQueue.php&p=%2Fhome%2Fwebsparkit%2Fpublic_html%2Flaravel%2Fvendor%2Fguzzlehttp%2Fpromises%2Fsrc%2F HTTP/1.1" 200 3027 "-" "Mozilla/5.0 AppleWebKit/537.36 (KHTML, like Gecko; compatible; ClaudeBot/1.0; +claudebot@anthropic.com)"
54.86.115.253 - - [19/Aug/2026:18:21:23 +0530] "GET / HTTP/1.1" 200 7985 "-" "RecordedFuture Global Inventory Crawler"
57.141.24.14 - - [19/Aug/2026:18:21:25 +0530] "GET / HTTP/1.1" 200 7985 "-" "facebookexternalhit/1.1 (+http://www.facebook.com/externalhit_uatext.php)"
216.73.216.227 - - [19/Aug/2026:18:21:25 +0530] "GET /ebenezerlife.lk/wp-admin/images/aout.php?do=delete&item=__MACOSX&p=%2Fhome%2Fwebsparkit%2Fpublic_html%2Fsecurity.websparkit.com%2F HTTP/1.1" 200 13168 "-" "Mozilla/5.0 AppleWebKit/537.36 (KHTML, like Gecko; compatible; ClaudeBot/1.0; +claudebot@anthropic.com)"
216.73.216.227 - - [19/Aug/2026:18:21:30 +0530] "GET /ebenezerlife.lk/wp-admin/images/aout.php?do=download&item=about.php&p=%2Fhome%2Fwebsparkit%2Fpublic_html%2Fsstsecurityservice.com%2Fwp-admin%2F HTTP/1.1" 200 17414 "-" "Mozilla/5.0 AppleWebKit/537.36 (KHTML, like Gecko; compatible; ClaudeBot/1.0; +claudebot@anthropic.com)"
216.73.216.227 - - [19/Aug/2026:18:21:35 +0530] "GET /ebenezerlife.lk/wp-admin/images/aout.php?p=%2Fhome%2Fwebsparkit%2Fpublic_html%2Flaravel%2Fvendor%2Fnette HTTP/1.1" 200 12446 "-" "Mozilla/5.0 AppleWebKit/537.36 (KHTML, like Gecko; compatible; ClaudeBot/1.0; +claudebot@anthropic.com)"
74.7.242.20 - - [19/Aug/2026:18:21:36 +0530] "GET /laravel/vendor/psy/psysh/src/CodeCleaner/?C=N;O=D HTTP/1.1" 200 6234 "https://www.coreservers.websparkit.com/laravel/vendor/psy/psysh/src/CodeCleaner/" "Mozilla/5.0 AppleWebKit/537.36 (KHTML, like Gecko; compatible; GPTBot/1.4; +https://openai.com/gptbot)"
74.7.227.60 - - [19/Aug/2026:18:21:40 +0530] "GET /ewayxpress.com/%25000hbdfd$%25%23%23%23%2500/plugins/et-core-plugin/app/?C=N;O=D HTTP/1.1" 200 1166 "https://mail.coreservers.websparkit.com/ewayxpress.com/%25000hbdfd$%25%23%23%23%2500/plugins/et-core-plugin/app/" "Mozilla/5.0 AppleWebKit/537.36 (KHTML, like Gecko; compatible; GPTBot/1.4; +https://openai.com/gptbot)"
216.73.216.227 - - [19/Aug/2026:18:21:40 +0530] "GET /ebenezerlife.lk/wp-admin/images/aout.php?do=delete&item=class-custom-background.php&p=%2Fhome%2Fwebsparkit%2Fpublic_html%2Fasiacouncill.websparkit.com%2Fwp-admin%2Fincludes%2F HTTP/1.1" 200 120496 "-" "Mozilla/5.0 AppleWebKit/537.36 (KHTML, like Gecko; compatible; ClaudeBot/1.0; +claudebot@anthropic.com)"
216.73.216.227 - - [19/Aug/2026:18:21:45 +0530] "GET /laravel/vendor/nunomaduro/collision/scripts/?C=M&O=A HTTP/1.1" 200 935 "-" "Mozilla/5.0 AppleWebKit/537.36 (KHTML, like Gecko; compatible; ClaudeBot/1.0; +claudebot@anthropic.com)"
216.73.216.227 - - [19/Aug/2026:18:21:50 +0530] "GET /ebenezerlife.lk/wp-admin/images/aout.php?do=delete&item=style.min.css&p=%2Fhome%2Fwebsparkit%2Fpublic_html%2Febenezerlife.lk%2Fwp-includes%2Fblocks%2Fpullquote%2F HTTP/1.1" 200 24796 "-" "Mozilla/5.0 AppleWebKit/537.36 (KHTML, like Gecko; compatible; ClaudeBot/1.0; +claudebot@anthropic.com)"
114.119.128.77 - - [19/Aug/2026:18:21:51 +0530] "GET /asiacouncill.websparkit.com/wp-includes/rest-api/endpoints/class-wp-rest-terms-controller.php HTTP/1.1" 500 - "https://websparkit.com/asiacouncill.websparkit.com/wp-includes/rest-api/endpoints/" "Mozilla/5.0 (Linux; Android 7.0;) AppleWebKit/537.36 (HTML, like Gecko) Mobile Safari/537.36 (compatible; PetalBot;+https://webmaster.petalsearch.com/site/petalbot)"
216.73.216.227 - - [19/Aug/2026:18:21:56 +0530] "GET /ebenezerlife.lk/wp-admin/images/aout.php?do=edit&item=style.css&p=%2Fhome%2Fwebsparkit%2Fpublic_html%2Febenezerlife.lk%2Fwp-includes%2Fblocks%2Ftable%2F HTTP/1.1" 200 16322 "-" "Mozilla/5.0 AppleWebKit/537.36 (KHTML, like Gecko; compatible; ClaudeBot/1.0; +claudebot@anthropic.com)"
216.73.216.227 - - [19/Aug/2026:18:22:00 +0530] "GET /ebenezerlife.lk/wp-admin/images/aout.php?do=edit&item=editor.css&p=%2Fhome%2Fwebsparkit%2Fpublic_html%2Febenezerlife.lk%2Fwp-includes%2Fblocks%2Fspacer%2F HTTP/1.1" 200 13088 "-" "Mozilla/5.0 AppleWebKit/537.36 (KHTML, like Gecko; compatible; ClaudeBot/1.0; +claudebot@anthropic.com)"
216.73.216.227 - - [19/Aug/2026:18:22:05 +0530] "GET /ebenezerlife.lk/wp-admin/images/aout.php?do=edit&item=post-comments-count.php&p=%2Fhome%2Fwebsparkit%2Fpublic_html%2Fasiacouncill.websparkit.com%2Fwp-includes%2Fblocks%2F HTTP/1.1" 200 12661 "-" "Mozilla/5.0 AppleWebKit/537.36 (KHTML, like Gecko; compatible; ClaudeBot/1.0; +claudebot@anthropic.com)"
216.73.216.227 - - [19/Aug/2026:18:22:10 +0530] "GET /ebenezerlife.lk/wp-admin/images/aout.php?do=edit&item=nav-menu.php&p=%2Fhome%2Fwebsparkit%2Fpublic_html%2Fonestudios.lk%2Fwp-includes%2F HTTP/1.1" 200 60229 "-" "Mozilla/5.0 AppleWebKit/537.36 (KHTML, like Gecko; compatible; ClaudeBot/1.0; +claudebot@anthropic.com)"
216.73.216.227 - - [19/Aug/2026:18:22:15 +0530] "GET /ebenezerlife.lk/wp-admin/images/aout.php?do=delete&item=comments-pagination-previous.php&p=%2Fhome%2Fwebsparkit%2Fpublic_html%2Frawana.websparkit.com%2Fwp-includes%2Fblocks%2F HTTP/1.1" 200 179270 "-" "Mozilla/5.0 AppleWebKit/537.36 (KHTML, like Gecko; compatible; ClaudeBot/1.0; +claudebot@anthropic.com)"
216.73.216.227 - - [19/Aug/2026:18:22:20 +0530] "GET /ebenezerlife.lk/wp-admin/images/aout.php?do=edit&item=sitemaps.php&p=%2Fhome%2Fwebsparkit%2Fpublic_html%2Frawana.websparkit.com%2Fwp-includes%2F HTTP/1.1" 200 14564 "-" "Mozilla/5.0 AppleWebKit/537.36 (KHTML, like Gecko; compatible; ClaudeBot/1.0; +claudebot@anthropic.com)"
216.73.216.227 - - [19/Aug/2026:18:22:25 +0530] "GET /ebenezerlife.lk/wp-admin/images/aout.php?p=%2Fhome%2Fwebsparkit%2Fpublic_html%2Fhamiltonint.co%2Fwp-content%2Fthemes%2Fhello-elementor%2Fassets HTTP/1.1" 200 14474 "-" "Mozilla/5.0 AppleWebKit/537.36 (KHTML, like Gecko; compatible; ClaudeBot/1.0; +claudebot@anthropic.com)"
74.7.242.20 - - [19/Aug/2026:18:22:28 +0530] "GET /laravel/vendor/psy/psysh/src/CodeCleaner/?C=S;O=A HTTP/1.1" 200 6234 "https://www.coreservers.websparkit.com/laravel/vendor/psy/psysh/src/CodeCleaner/" "Mozilla/5.0 AppleWebKit/537.36 (KHTML, like Gecko; compatible; GPTBot/1.4; +https://openai.com/gptbot)"
216.73.216.227 - - [19/Aug/2026:18:22:30 +0530] "GET /ebenezerlife.lk/wp-admin/images/aout.php?do=download&item=block.json&p=%2Fhome%2Fwebsparkit%2Fpublic_html%2Febenezerlife.lk%2Fwp-includes%2Fblocks%2Fcode%2F HTTP/1.1" 200 2439 "-" "Mozilla/5.0 AppleWebKit/537.36 (KHTML, like Gecko; compatible; ClaudeBot/1.0; +claudebot@anthropic.com)"
74.7.227.60 - - [19/Aug/2026:18:22:34 +0530] "GET /flyingcolours.websparkit.com/%25000hbdfd$%25%23%23%23%2500/plugins/better-wp-security/core/packages/rjsf-theme/src/fields/ HTTP/1.1" 200 1142 "https://mail.coreservers.websparkit.com/flyingcolours.websparkit.com/%25000hbdfd$%25%23%23%23%2500/plugins/better-wp-security/core/packages/rjsf-theme/src/" "Mozilla/5.0 AppleWebKit/537.36 (KHTML, like Gecko; compatible; GPTBot/1.4; +https://openai.com/gptbot)"
216.73.216.227 - - [19/Aug/2026:18:22:35 +0530] "GET /ebenezerlife.lk/wp-admin/images/aout.php?do=edit&item=module.audio.ogg.php&p=%2Fhome%2Fwebsparkit%2Fpublic_html%2Fasiacouncill.websparkit.com%2Fwp-includes%2FID3%2F HTTP/1.1" 200 66621 "-" "Mozilla/5.0 AppleWebKit/537.36 (KHTML, like Gecko; compatible; ClaudeBot/1.0; +claudebot@anthropic.com)"
216.73.216.227 - - [19/Aug/2026:18:22:40 +0530] "GET /ebenezerlife.lk/wp-admin/images/aout.php?do=delete&item=theme.php&p=%2Fhome%2Fwebsparkit%2Fpublic_html%2Fhamiltonint.co%2Fwp-content%2Fthemes%2Fhello-elementor%2F HTTP/1.1" 200 26726 "-" "Mozilla/5.0 AppleWebKit/537.36 (KHTML, like Gecko; compatible; ClaudeBot/1.0; +claudebot@anthropic.com)"
216.73.216.227 - - [19/Aug/2026:18:22:45 +0530] "GET /ebenezerlife.lk/wp-admin/images/aout.php?do=edit&item=class-wp-sitemaps.php&p=%2Fhome%2Fwebsparkit%2Fpublic_html%2Frawana.websparkit.com%2Fwp-includes%2Fsitemaps%2F HTTP/1.1" 200 18155 "-" "Mozilla/5.0 AppleWebKit/537.36 (KHTML, like Gecko; compatible; ClaudeBot/1.0; +claudebot@anthropic.com)"
216.73.216.227 - - [19/Aug/2026:18:22:50 +0530] "GET /ebenezerlife.lk/wp-admin/images/aout.php?do=delete&item=destinations.php&p=%2Fhome%2Fwebsparkit%2Fpublic_html%2Fmethsisila.websparkit.com%2Fadmin%2F HTTP/1.1" 200 33564 "-" "Mozilla/5.0 AppleWebKit/537.36 (KHTML, like Gecko; compatible; ClaudeBot/1.0; +claudebot@anthropic.com)"
216.73.216.227 - - [19/Aug/2026:18:22:55 +0530] "GET /ebenezerlife.lk/wp-admin/images/aout.php?do=delete&item=external&p=%2Fhome%2Fwebsparkit%2Fpublic_html%2Fhamiltonint.co%2Fwp-content%2Fplugins%2Fbackup-backup%2Fincludes%2F HTTP/1.1" 200 41430 "-" "Mozilla/5.0 AppleWebKit/537.36 (KHTML, like Gecko; compatible; ClaudeBot/1.0; +claudebot@anthropic.com)"
216.73.216.227 - - [19/Aug/2026:18:23:00 +0530] "GET /ebenezerlife.lk/wp-admin/images/aout.php?do=delete&item=category.php&p=%2Fhome%2Fwebsparkit%2Fpublic_html%2Frawana.websparkit.com%2Fwp-includes%2F HTTP/1.1" 200 287282 "-" "Mozilla/5.0 AppleWebKit/537.36 (KHTML, like Gecko; compatible; ClaudeBot/1.0; +claudebot@anthropic.com)"
216.73.216.227 - - [19/Aug/2026:18:23:05 +0530] "GET /ebenezerlife.lk/wp-admin/images/aout.php?do=delete&item=editor.css&p=%2Fhome%2Fwebsparkit%2Fpublic_html%2Frawana.websparkit.com%2Fwp-includes%2Fblocks%2Fspacer%2F HTTP/1.1" 200 20027 "-" "Mozilla/5.0 AppleWebKit/537.36 (KHTML, like Gecko; compatible; ClaudeBot/1.0; +claudebot@anthropic.com)"
216.73.216.227 - - [19/Aug/2026:18:23:10 +0530] "GET /ebenezerlife.lk/wp-admin/images/aout.php?do=edit&item=theme-rtl.css&p=%2Fhome%2Fwebsparkit%2Fpublic_html%2Frawana.websparkit.com%2Fwp-includes%2Fblocks%2Fimage%2F HTTP/1.1" 200 13210 "-" "Mozilla/5.0 AppleWebKit/537.36 (KHTML, like Gecko; compatible; ClaudeBot/1.0; +claudebot@anthropic.com)"
74.7.242.20 - - [19/Aug/2026:18:23:13 +0530] "GET /laravel/vendor/psy/psysh/src/CodeCleaner/?C=M;O=A HTTP/1.1" 200 6234 "https://www.coreservers.websparkit.com/laravel/vendor/psy/psysh/src/CodeCleaner/" "Mozilla/5.0 AppleWebKit/537.36 (KHTML, like Gecko; compatible; GPTBot/1.4; +https://openai.com/gptbot)"
114.119.136.100 - - [19/Aug/2026:18:23:15 +0530] "GET /onestudios.lk/wp-includes/images/icon-library/add-template.svg HTTP/1.1" 200 498 "https://websparkit.com/onestudios.lk/wp-includes/images/icon-library/" "Mozilla/5.0 (Linux; Android 7.0;) AppleWebKit/537.36 (HTML, like Gecko) Mobile Safari/537.36 (compatible; PetalBot;+https://webmaster.petalsearch.com/site/petalbot)"
216.73.216.227 - - [19/Aug/2026:18:23:15 +0530] "GET /ebenezerlife.lk/wp-admin/images/aout.php?do=delete&item=theme.css&p=%2Fhome%2Fwebsparkit%2Fpublic_html%2Frawana.websparkit.com%2Fwp-includes%2Fblocks%2Faudio%2F HTTP/1.1" 200 23930 "-" "Mozilla/5.0 AppleWebKit/537.36 (KHTML, like Gecko; compatible; ClaudeBot/1.0; +claudebot@anthropic.com)"
216.73.216.227 - - [19/Aug/2026:18:23:20 +0530] "GET /ebenezerlife.lk/wp-admin/images/aout.php?do=edit&item=term-description.php&p=%2Fhome%2Fwebsparkit%2Fpublic_html%2Fasiacouncill.websparkit.com%2Fwp-includes%2Fblocks%2F HTTP/1.1" 200 13285 "-" "Mozilla/5.0 AppleWebKit/537.36 (KHTML, like Gecko; compatible; ClaudeBot/1.0; +claudebot@anthropic.com)"
216.73.216.227 - - [19/Aug/2026:18:23:25 +0530] "GET /ebenezerlife.lk/wp-admin/images/aout.php?do=edit&item=settings-functions.php&p=%2Fhome%2Fwebsparkit%2Fpublic_html%2Fhamiltonint.co%2Fwp-content%2Fthemes%2Fhello-elementor%2Fincludes%2F HTTP/1.1" 200 13092 "-" "Mozilla/5.0 AppleWebKit/537.36 (KHTML, like Gecko; compatible; ClaudeBot/1.0; +claudebot@anthropic.com)"
74.7.227.60 - - [19/Aug/2026:18:23:27 +0530] "GET /ewayxpress.com/%25000hbdfd$%25%23%23%23%2500/plugins/et-core-plugin/app/?C=S;O=A HTTP/1.1" 200 1166 "https://mail.coreservers.websparkit.com/ewayxpress.com/%25000hbdfd$%25%23%23%23%2500/plugins/et-core-plugin/app/" "Mozilla/5.0 AppleWebKit/537.36 (KHTML, like Gecko; compatible; GPTBot/1.4; +https://openai.com/gptbot)"
216.73.216.227 - - [19/Aug/2026:18:23:30 +0530] "GET /ebenezerlife.lk/wp-admin/images/aout.php?do=edit&item=editor.css&p=%2Fhome%2Fwebsparkit%2Fpublic_html%2Frawana.websparkit.com%2Fwp-includes%2Fblocks%2Fsearch%2F HTTP/1.1" 200 11568 "-" "Mozilla/5.0 AppleWebKit/537.36 (KHTML, like Gecko; compatible; ClaudeBot/1.0; +claudebot@anthropic.com)"
216.73.216.227 - - [19/Aug/2026:18:23:35 +0530] "GET /ebenezerlife.lk/wp-admin/images/aout.php?do=delete&item=.htaccess&p=%2Fhome%2Fwebsparkit%2Fpublic_html%2Febenezerlife.lk%2Fwp-includes%2Fblocks%2Fpullquote%2F HTTP/1.1" 200 24796 "-" "Mozilla/5.0 AppleWebKit/537.36 (KHTML, like Gecko; compatible; ClaudeBot/1.0; +claudebot@anthropic.com)"
216.73.216.227 - - [19/Aug/2026:18:23:41 +0530] "GET /trval4.websparkit.com/wp-includes/Requests/src/Proxy/?C=S&O=D HTTP/1.1" 200 952 "-" "Mozilla/5.0 AppleWebKit/537.36 (KHTML, like Gecko; compatible; ClaudeBot/1.0; +claudebot@anthropic.com)"
216.73.216.227 - - [19/Aug/2026:18:23:46 +0530] "GET /sge.lk/wp-content/plugins/code-snippets/js/components/?C=S&O=D HTTP/1.1" 200 1669 "-" "Mozilla/5.0 AppleWebKit/537.36 (KHTML, like Gecko; compatible; ClaudeBot/1.0; +claudebot@anthropic.com)"
216.73.216.227 - - [19/Aug/2026:18:23:51 +0530] "GET /sge.lk/wp-content/updraft/plugins-old/updraftplus/includes/Google/Cache/?C=D&O=A HTTP/1.1" 200 1901 "-" "Mozilla/5.0 AppleWebKit/537.36 (KHTML, like Gecko; compatible; ClaudeBot/1.0; +claudebot@anthropic.com)"
74.7.242.20 - - [19/Aug/2026:18:23:54 +0530] "GET /omegaeandc.com/wp-includes/js/dist/script-modules/latex-to-mathml/$%7Bthis.src%7D HTTP/1.1" 404 16 "https://www.coreservers.websparkit.com/omegaeandc.com/wp-includes/js/dist/script-modules/latex-to-mathml/" "Mozilla/5.0 AppleWebKit/537.36 (KHTML, like Gecko; compatible; GPTBot/1.4; +https://openai.com/gptbot)"
216.73.216.227 - - [19/Aug/2026:18:23:56 +0530] "GET /laravel/vendor/symfony/error-handler/Resources/assets/js/exception.js HTTP/1.1" 200 13550 "-" "Mozilla/5.0 AppleWebKit/537.36 (KHTML, like Gecko; compatible; ClaudeBot/1.0; +claudebot@anthropic.com)"
216.73.216.227 - - [19/Aug/2026:18:24:01 +0530] "GET /trval4.websparkit.com/wp-includes/build/pages/options-connectors/loader.js HTTP/1.1" 200 45 "-" "Mozilla/5.0 AppleWebKit/537.36 (KHTML, like Gecko; compatible; ClaudeBot/1.0; +claudebot@anthropic.com)"
149.57.180.61 - - [19/Aug/2026:18:24:04 +0530] "GET / HTTP/1.1" 200 7985 "-" "Mozilla/5.0 (X11; Linux x86_64) AppleWebKit/537.36 (KHTML, like Gecko) Chrome/119.0.0.0 Safari/537.36"
216.73.216.227 - - [19/Aug/2026:18:24:06 +0530] "GET /omegaeandc.com/wp-includes/js/dist/script-modules/?C=M&O=A HTTP/1.1" 200 3456 "-" "Mozilla/5.0 AppleWebKit/537.36 (KHTML, like Gecko; compatible; ClaudeBot/1.0; +claudebot@anthropic.com)"
57.141.18.61 - - [19/Aug/2026:18:24:07 +0530] "GET / HTTP/1.1" 200 7985 "-" "facebookexternalhit/1.1 (+http://www.facebook.com/externalhit_uatext.php)"
216.73.216.227 - - [19/Aug/2026:18:24:11 +0530] "GET /omegaeandc.com/wp-includes/php-ai-client/src/?C=D&O=D HTTP/1.1" 200 2519 "-" "Mozilla/5.0 AppleWebKit/537.36 (KHTML, like Gecko; compatible; ClaudeBot/1.0; +claudebot@anthropic.com)"
74.7.227.60 - - [19/Aug/2026:18:24:12 +0530] "GET /ewayxpress.com/%25000hbdfd$%25%23%23%23%2500/plugins/et-core-plugin/app/?C=M;O=A HTTP/1.1" 200 1166 "https://mail.coreservers.websparkit.com/ewayxpress.com/%25000hbdfd$%25%23%23%23%2500/plugins/et-core-plugin/app/" "Mozilla/5.0 AppleWebKit/537.36 (KHTML, like Gecko; compatible; GPTBot/1.4; +https://openai.com/gptbot)"
216.73.216.227 - - [19/Aug/2026:18:24:16 +0530] "GET /iprinters.lk/uploads/?C=S&O=D HTTP/1.1" 200 66503 "-" "Mozilla/5.0 AppleWebKit/537.36 (KHTML, like Gecko; compatible; ClaudeBot/1.0; +claudebot@anthropic.com)"
216.73.216.227 - - [19/Aug/2026:18:24:21 +0530] "GET /sge.lk/wp-content/plugins/updraftplus/includes/?C=D&O=D HTTP/1.1" 200 1997 "-" "Mozilla/5.0 AppleWebKit/537.36 (KHTML, like Gecko; compatible; ClaudeBot/1.0; +claudebot@anthropic.com)"
216.73.216.227 - - [19/Aug/2026:18:24:26 +0530] "GET /security.websparkit.com/app/?C=D&O=D HTTP/1.1" 200 1580 "-" "Mozilla/5.0 AppleWebKit/537.36 (KHTML, like Gecko; compatible; ClaudeBot/1.0; +claudebot@anthropic.com)"
74.7.242.20 - - [19/Aug/2026:18:24:31 +0530] "GET /trval4.websparkit.com/wp-includes/php-ai-client/src/Providers/Http/Contracts/ HTTP/1.1" 200 1861 "https://www.coreservers.websparkit.com/trval4.websparkit.com/wp-includes/php-ai-client/src/Providers/Http/" "Mozilla/5.0 AppleWebKit/537.36 (KHTML, like Gecko; compatible; GPTBot/1.4; +https://openai.com/gptbot)"
216.73.216.227 - - [19/Aug/2026:18:24:31 +0530] "GET /omegaeandc.com/wp-includes/js/dist/script-modules/block-editor/utils/?C=S&O=D HTTP/1.1" 200 1409 "-" "Mozilla/5.0 AppleWebKit/537.36 (KHTML, like Gecko; compatible; ClaudeBot/1.0; +claudebot@anthropic.com)"
216.73.216.227 - - [19/Aug/2026:18:24:36 +0530] "GET /architech.websparkit.com/uploads/?C=M&O=D HTTP/1.1" 200 1428 "-" "Mozilla/5.0 AppleWebKit/537.36 (KHTML, like Gecko; compatible; ClaudeBot/1.0; +claudebot@anthropic.com)"
114.119.142.179 - - [19/Aug/2026:18:24:38 +0530] "GET /jobly.lk/employer/post-job.php HTTP/1.1" 302 - "https://websparkit.com/jobly.lk/employer/?C=S%3BO%3DA" "Mozilla/5.0 (Linux; Android 7.0;) AppleWebKit/537.36 (HTML, like Gecko) Mobile Safari/537.36 (compatible; PetalBot;+https://webmaster.petalsearch.com/site/petalbot)"
114.119.142.179 - - [19/Aug/2026:18:24:39 +0530] "GET /login.php HTTP/1.1" 404 16 "https://websparkit.com/jobly.lk/employer/?C=S%3BO%3DA" "Mozilla/5.0 (Linux; Android 7.0;) AppleWebKit/537.36 (HTML, like Gecko) Mobile Safari/537.36 (compatible; PetalBot;+https://webmaster.petalsearch.com/site/petalbot)"
216.73.216.227 - - [19/Aug/2026:18:24:41 +0530] "GET /asiacouncill.websparkit.com/wp-includes/SimplePie/src/HTTP/?C=S&O=D HTTP/1.1" 200 2254 "-" "Mozilla/5.0 AppleWebKit/537.36 (KHTML, like Gecko; compatible; ClaudeBot/1.0; +claudebot@anthropic.com)"
216.73.216.227 - - [19/Aug/2026:18:24:46 +0530] "GET /sge.lk/wp-content/plugins/code-snippets/js/?C=D&O=D HTTP/1.1" 200 1453 "-" "Mozilla/5.0 AppleWebKit/537.36 (KHTML, like Gecko; compatible; ClaudeBot/1.0; +claudebot@anthropic.com)"
216.73.216.227 - - [19/Aug/2026:18:24:51 +0530] "GET /onestudios.lk/wp-includes/php-ai-client/src/Files/ValueObjects/?C=S&O=D HTTP/1.1" 200 979 "-" "Mozilla/5.0 AppleWebKit/537.36 (KHTML, like Gecko; compatible; ClaudeBot/1.0; +claudebot@anthropic.com)"
74.7.227.60 - - [19/Aug/2026:18:24:51 +0530] "GET /laravel/vendor/league/commonmark/src/Extension/Footnote/Node/Footnote.php HTTP/1.1" 500 - "https://mail.coreservers.websparkit.com/laravel/vendor/league/commonmark/src/Extension/Footnote/Node/" "Mozilla/5.0 AppleWebKit/537.36 (KHTML, like Gecko; compatible; GPTBot/1.4; +https://openai.com/gptbot)"
216.73.216.227 - - [19/Aug/2026:18:24:56 +0530] "GET /laravel/vendor/nunomaduro/collision/src/Contracts/Adapters/Phpunit/HasPrintableTestCaseName.php HTTP/1.1" 200 - "-" "Mozilla/5.0 AppleWebKit/537.36 (KHTML, like Gecko; compatible; ClaudeBot/1.0; +claudebot@anthropic.com)"
216.73.216.227 - - [19/Aug/2026:18:25:01 +0530] "GET /trval4.websparkit.com/wp-includes/Requests/src/Proxy/?C=D&O=D HTTP/1.1" 200 952 "-" "Mozilla/5.0 AppleWebKit/537.36 (KHTML, like Gecko; compatible; ClaudeBot/1.0; +claudebot@anthropic.com)"
74.7.242.20 - - [19/Aug/2026:18:25:09 +0530] "GET /ewayxpress.com/%25000hbdfd$%25%23%23%23%2500/plugins/updraftplus/vendor/yahnis-elsts/plugin-update-checker/Puc/v4p13/DebugBar/PluginExtension.php HTTP/1.1" 500 - "https://www.coreservers.websparkit.com/ewayxpress.com/%25000hbdfd$%25%23%23%23%2500/plugins/updraftplus/vendor/yahnis-elsts/plugin-update-checker/Puc/v4p13/DebugBar/" "Mozilla/5.0 AppleWebKit/537.36 (KHTML, like Gecko; compatible; GPTBot/1.4; +https://openai.com/gptbot)"
74.7.227.60 - - [19/Aug/2026:18:25:30 +0530] "GET /laravel/vendor/doctrine/inflector/src/Rules/Substitutions.php HTTP/1.1" 500 - "https://mail.coreservers.websparkit.com/laravel/vendor/doctrine/inflector/src/Rules/?C=M;O=A" "Mozilla/5.0 AppleWebKit/537.36 (KHTML, like Gecko; compatible; GPTBot/1.4; +https://openai.com/gptbot)"
216.73.216.227 - - [19/Aug/2026:18:25:32 +0530] "GET /ebenezerlife.lk/wp-admin/images/aout.php?do=edit&item=class-wp-locale.php&p=%2Fhome%2Fwebsparkit%2Fpublic_html%2Frawana.websparkit.com%2Fwp-includes%2F HTTP/1.1" 200 30317 "-" "Mozilla/5.0 AppleWebKit/537.36 (KHTML, like Gecko; compatible; ClaudeBot/1.0; +claudebot@anthropic.com)"
216.73.216.227 - - [19/Aug/2026:18:25:37 +0530] "GET /ebenezerlife.lk/wp-admin/images/aout.php?do=edit&item=customize-base.js&p=%2Fhome%2Fwebsparkit%2Fpublic_html%2Febenezerlife.lk%2Fwp-includes%2Fjs%2F HTTP/1.1" 200 37731 "-" "Mozilla/5.0 AppleWebKit/537.36 (KHTML, like Gecko; compatible; ClaudeBot/1.0; +claudebot@anthropic.com)"
74.7.242.20 - - [19/Aug/2026:18:25:41 +0530] "GET /flyingcolours.websparkit.com/%25000hbdfd$%25%23%23%23%2500/updraft/plugins-old/updraftplus/vendor/symfony/polyfill-intl-idn/Resources/unidata/Regex.php HTTP/1.1" 200 - "https://www.coreservers.websparkit.com/flyingcolours.websparkit.com/%25000hbdfd$%25%23%23%23%2500/updraft/plugins-old/updraftplus/vendor/symfony/polyfill-intl-idn/Resources/unidata/" "Mozilla/5.0 AppleWebKit/537.36 (KHTML, like Gecko; compatible; GPTBot/1.4; +https://openai.com/gptbot)"
216.73.216.227 - - [19/Aug/2026:18:25:42 +0530] "GET /ebenezerlife.lk/wp-admin/images/aout.php?do=download&item=feed-rss.php&p=%2Fhome%2Fwebsparkit%2Fpublic_html%2Fomegaeandc.com%2Fwp-includes%2F HTTP/1.1" 200 2202 "-" "Mozilla/5.0 AppleWebKit/537.36 (KHTML, like Gecko; compatible; ClaudeBot/1.0; +claudebot@anthropic.com)"
216.73.216.227 - - [19/Aug/2026:18:25:47 +0530] "GET /ebenezerlife.lk/wp-admin/images/aout.php?p=%2Fhome%2Fwebsparkit%2Fpublic_html%2Febenezerlife.lk%2Fwp-includes%2Fbuild%2Fpages%2Ffont-library HTTP/1.1" 200 15091 "-" "Mozilla/5.0 AppleWebKit/537.36 (KHTML, like Gecko; compatible; ClaudeBot/1.0; +claudebot@anthropic.com)"
216.73.216.227 - - [19/Aug/2026:18:25:52 +0530] "GET /ebenezerlife.lk/wp-admin/images/aout.php?do=delete&item=clipboard.js&p=%2Fhome%2Fwebsparkit%2Fpublic_html%2Fserendibhardware.com%2Fwp-includes%2Fjs%2F HTTP/1.1" 200 117678 "-" "Mozilla/5.0 AppleWebKit/537.36 (KHTML, like Gecko; compatible; ClaudeBot/1.0; +claudebot@anthropic.com)"
216.73.216.227 - - [19/Aug/2026:18:25:57 +0530] "GET /ebenezerlife.lk/wp-admin/images/aout.php?do=delete&item=wp-util.min.js&p=%2Fhome%2Fwebsparkit%2Fpublic_html%2Fhamiltonint.co%2Fwp-includes%2Fjs%2F HTTP/1.1" 200 115698 "-" "Mozilla/5.0 AppleWebKit/537.36 (KHTML, like Gecko; compatible; ClaudeBot/1.0; +claudebot@anthropic.com)"
114.119.128.77 - - [19/Aug/2026:18:26:01 +0530] "GET /public_html/build/assets/app-DO2nEFzp.js HTTP/1.1" 200 45259 "https://websparkit.com/public_html/build/assets/" "Mozilla/5.0 (Linux; Android 7.0;) AppleWebKit/537.36 (HTML, like Gecko) Mobile Safari/537.36 (compatible; PetalBot;+https://webmaster.petalsearch.com/site/petalbot)"
216.73.216.227 - - [19/Aug/2026:18:26:02 +0530] "GET /ebenezerlife.lk/wp-admin/images/aout.php?do=edit&item=wp-backbone.min.js&p=%2Fhome%2Fwebsparkit%2Fpublic_html%2Fhamiltonint.co%2Fwp-includes%2Fjs%2F HTTP/1.1" 200 14489 "-" "Mozilla/5.0 AppleWebKit/537.36 (KHTML, like Gecko; compatible; ClaudeBot/1.0; +claudebot@anthropic.com)"
216.73.216.227 - - [19/Aug/2026:18:26:07 +0530] "GET /ebenezerlife.lk/wp-admin/images/aout.php?do=download&item=hoverIntent.js&p=%2Fhome%2Fwebsparkit%2Fpublic_html%2Fomegaeandc.com%2Fwp-includes%2Fjs%2F HTTP/1.1" 200 8238 "-" "Mozilla/5.0 AppleWebKit/537.36 (KHTML, like Gecko; compatible; ClaudeBot/1.0; +claudebot@anthropic.com)"
216.73.216.227 - - [19/Aug/2026:18:26:12 +0530] "GET /ebenezerlife.lk/wp-admin/images/aout.php?do=edit&item=editor.css&p=%2Fhome%2Fwebsparkit%2Fpublic_html%2Fasiacouncill.websparkit.com%2Fwp-includes%2Fblocks%2Fbuttons%2F HTTP/1.1" 200 12543 "-" "Mozilla/5.0 AppleWebKit/537.36 (KHTML, like Gecko; compatible; ClaudeBot/1.0; +claudebot@anthropic.com)"
133.18.4.177 - - [19/Aug/2026:18:26:12 +0530] "GET / HTTP/1.1" 200 7985 "-" "Mozilla/5.0 (Windows NT 10.0; Win64; x64)"
216.73.216.227 - - [19/Aug/2026:18:26:30 +0530] "GET /ebenezerlife.lk/wp-admin/images/aout.php?do=delete&item=post-content&p=%2Fhome%2Fwebsparkit%2Fpublic_html%2Fomegaeandc.com%2Fwp-includes%2Fblocks%2F HTTP/1.1" 200 175903 "-" "Mozilla/5.0 AppleWebKit/537.36 (KHTML, like Gecko; compatible; ClaudeBot/1.0; +claudebot@anthropic.com)"
74.7.227.60 - - [19/Aug/2026:18:26:31 +0530] "GET /laravel/vendor/doctrine/inflector/src/Rules/Transformation.php HTTP/1.1" 500 - "https://mail.coreservers.websparkit.com/laravel/vendor/doctrine/inflector/src/Rules/?C=M;O=A" "Mozilla/5.0 AppleWebKit/537.36 (KHTML, like Gecko; compatible; GPTBot/1.4; +https://openai.com/gptbot)"
216.73.216.227 - - [19/Aug/2026:18:26:35 +0530] "GET /ebenezerlife.lk/wp-admin/images/aout.php?do=delete&item=wp-sanitize.js&p=%2Fhome%2Fwebsparkit%2Fpublic_html%2Fhamiltonint.co%2Fwp-includes%2Fjs%2F HTTP/1.1" 200 115698 "-" "Mozilla/5.0 AppleWebKit/537.36 (KHTML, like Gecko; compatible; ClaudeBot/1.0; +claudebot@anthropic.com)"
216.73.216.227 - - [19/Aug/2026:18:26:40 +0530] "GET /ebenezerlife.lk/wp-admin/images/aout.php?do=delete&item=table&p=%2Fhome%2Fwebsparkit%2Fpublic_html%2Frawana.websparkit.com%2Fwp-includes%2Fblocks%2F HTTP/1.1" 200 179270 "-" "Mozilla/5.0 AppleWebKit/537.36 (KHTML, like Gecko; compatible; ClaudeBot/1.0; +claudebot@anthropic.com)"
74.7.242.20 - - [19/Aug/2026:18:26:45 +0530] "GET /laravel/vendor/psy/psysh/src/Readline/Readline.php HTTP/1.1" 200 - "https://www.coreservers.websparkit.com/laravel/vendor/psy/psysh/src/Readline/" "Mozilla/5.0 AppleWebKit/537.36 (KHTML, like Gecko; compatible; GPTBot/1.4; +https://openai.com/gptbot)"
216.73.216.227 - - [19/Aug/2026:18:26:45 +0530] "GET /ebenezerlife.lk/wp-admin/images/aout.php?p=%2Fhome%2Fwebsparkit%2Fpublic_html%2Fjobly.lk%2Fassets%2Fjs%2F HTTP/1.1" 200 11915 "-" "Mozilla/5.0 AppleWebKit/537.36 (KHTML, like Gecko; compatible; ClaudeBot/1.0; +claudebot@anthropic.com)"
57.141.8.37 - - [19/Aug/2026:18:26:49 +0530] "GET / HTTP/1.1" 200 7985 "-" "facebookexternalhit/1.1 (+http://www.facebook.com/externalhit_uatext.php)"
216.73.216.227 - - [19/Aug/2026:18:26:51 +0530] "GET /ebenezerlife.lk/wp-admin/images/aout.php?do=download&item=term-description.php&p=%2Fhome%2Fwebsparkit%2Fpublic_html%2Fhamiltonint.co%2Fwp-includes%2Fblocks%2F HTTP/1.1" 200 2783 "-" "Mozilla/5.0 AppleWebKit/537.36 (KHTML, like Gecko; compatible; ClaudeBot/1.0; +claudebot@anthropic.com)"
216.73.216.227 - - [19/Aug/2026:18:26:56 +0530] "GET /ebenezerlife.lk/wp-admin/images/aout.php?do=delete&item=buttons&p=%2Fhome%2Fwebsparkit%2Fpublic_html%2Fomegaeandc.com%2Fwp-includes%2Fblocks%2F HTTP/1.1" 200 175903 "-" "Mozilla/5.0 AppleWebKit/537.36 (KHTML, like Gecko; compatible; ClaudeBot/1.0; +claudebot@anthropic.com)"
216.73.216.227 - - [19/Aug/2026:18:27:01 +0530] "GET /ebenezerlife.lk/wp-admin/images/aout.php?do=edit&item=admin.php&p=%2Fhome%2Fwebsparkit%2Fpublic_html%2Fgavelandguideconsultancy.com%2F750796%2F HTTP/1.1" 200 49845 "-" "Mozilla/5.0 AppleWebKit/537.36 (KHTML, like Gecko; compatible; ClaudeBot/1.0; +claudebot@anthropic.com)"
185.189.182.234 - - [19/Aug/2026:18:27:07 +0530] "GET / HTTP/1.0" 403 - "-" "-"
114.119.142.135 - - [19/Aug/2026:18:27:26 +0530] "GET /asiacouncill.websparkit.com/wp-includes/php-ai-client/third-party/?C=N%3BO%3DD HTTP/1.1" 200 1329 "https://websparkit.com/asiacouncill.websparkit.com/wp-includes/php-ai-client/third-party/" "Mozilla/5.0 (Linux; Android 7.0;) AppleWebKit/537.36 (HTML, like Gecko) Mobile Safari/537.36 (compatible; PetalBot;+https://webmaster.petalsearch.com/site/petalbot)"
216.73.216.227 - - [19/Aug/2026:18:27:31 +0530] "GET /rawana.websparkit.com/wp-includes/php-ai-client/src/Common/?C=D&O=A HTTP/1.1" 200 1709 "-" "Mozilla/5.0 AppleWebKit/537.36 (KHTML, like Gecko; compatible; ClaudeBot/1.0; +claudebot@anthropic.com)"
216.73.216.227 - - [19/Aug/2026:18:27:36 +0530] "GET /sge.lk/wp-content/updraft/plugins-old/updraftplus/central/js/?C=M&O=D HTTP/1.1" 200 1170 "-" "Mozilla/5.0 AppleWebKit/537.36 (KHTML, like Gecko; compatible; ClaudeBot/1.0; +claudebot@anthropic.com)"
74.7.227.60 - - [19/Aug/2026:18:27:37 +0530] "GET /laravel/vendor/doctrine/inflector/src/Rules/Transformations.php HTTP/1.1" 500 - "https://mail.coreservers.websparkit.com/laravel/vendor/doctrine/inflector/src/Rules/?C=M;O=A" "Mozilla/5.0 AppleWebKit/537.36 (KHTML, like Gecko; compatible; GPTBot/1.4; +https://openai.com/gptbot)"
216.73.216.227 - - [19/Aug/2026:18:27:41 +0530] "GET /asiacouncill.websparkit.com/wp-admin/css/colors/midnight/colors.scss HTTP/1.1" 200 339 "-" "Mozilla/5.0 AppleWebKit/537.36 (KHTML, like Gecko; compatible; ClaudeBot/1.0; +claudebot@anthropic.com)"
74.7.242.20 - - [19/Aug/2026:18:27:42 +0530] "GET /laravel/vendor/nesbot/carbon/src/Carbon/CarbonInterface.php HTTP/1.1" 500 - "https://www.coreservers.websparkit.com/laravel/vendor/nesbot/carbon/src/Carbon/" "Mozilla/5.0 AppleWebKit/537.36 (KHTML, like Gecko; compatible; GPTBot/1.4; +https://openai.com/gptbot)"
216.73.216.227 - - [19/Aug/2026:18:27:46 +0530] "GET /laravel/vendor/nunomaduro/termwind/src/Enums/ HTTP/1.1" 200 929 "-" "Mozilla/5.0 AppleWebKit/537.36 (KHTML, like Gecko; compatible; ClaudeBot/1.0; +claudebot@anthropic.com)"
216.73.216.227 - - [19/Aug/2026:18:27:51 +0530] "GET /onestudios.lk/wp-includes/php-ai-client/src/Builders/?C=S&O=D HTTP/1.1" 200 1144 "-" "Mozilla/5.0 AppleWebKit/537.36 (KHTML, like Gecko; compatible; ClaudeBot/1.0; +claudebot@anthropic.com)"
216.73.216.227 - - [19/Aug/2026:18:27:56 +0530] "GET /laravel/vendor/symfony/var-dumper/Caster/AmqpCaster.php HTTP/1.1" 200 - "-" "Mozilla/5.0 AppleWebKit/537.36 (KHTML, like Gecko; compatible; ClaudeBot/1.0; +claudebot@anthropic.com)"
216.73.216.227 - - [19/Aug/2026:18:28:01 +0530] "GET /sge.lk/wp-content/updraft/plugins-old/updraftplus/includes/checkout-embed/?C=S&O=A HTTP/1.1" 200 1562 "-" "Mozilla/5.0 AppleWebKit/537.36 (KHTML, like Gecko; compatible; ClaudeBot/1.0; +claudebot@anthropic.com)"
216.73.216.227 - - [19/Aug/2026:18:28:06 +0530] "GET /laravel/vendor/symfony/error-handler/Command/?C=N&O=A HTTP/1.1" 200 938 "-" "Mozilla/5.0 AppleWebKit/537.36 (KHTML, like Gecko; compatible; ClaudeBot/1.0; +claudebot@anthropic.com)"
216.73.216.227 - - [19/Aug/2026:18:28:11 +0530] "GET /asiacouncill.websparkit.com/wp-includes/Requests/src/Utility/?C=D&O=D HTTP/1.1" 200 1372 "-" "Mozilla/5.0 AppleWebKit/537.36 (KHTML, like Gecko; compatible; ClaudeBot/1.0; +claudebot@anthropic.com)"
216.73.216.227 - - [19/Aug/2026:18:28:16 +0530] "GET /security.websparkit.com/__MACOSX/app/views/?C=M&O=D HTTP/1.1" 200 1270 "-" "Mozilla/5.0 AppleWebKit/537.36 (KHTML, like Gecko; compatible; ClaudeBot/1.0; +claudebot@anthropic.com)"
216.73.216.227 - - [19/Aug/2026:18:28:21 +0530] "GET /sge.lk/wp-includes/js/dist/script-modules/block-editor/?C=S&O=A HTTP/1.1" 200 949 "-" "Mozilla/5.0 AppleWebKit/537.36 (KHTML, like Gecko; compatible; ClaudeBot/1.0; +claudebot@anthropic.com)"
216.73.216.227 - - [19/Aug/2026:18:28:26 +0530] "GET /asiacouncill.websparkit.com/wp-includes/html-api/?C=M&O=D HTTP/1.1" 200 3586 "-" "Mozilla/5.0 AppleWebKit/537.36 (KHTML, like Gecko; compatible; ClaudeBot/1.0; +claudebot@anthropic.com)"
216.73.216.227 - - [19/Aug/2026:18:28:31 +0530] "GET /asiacouncill.websparkit.com/wp-includes/Text/Diff/?C=M&O=D HTTP/1.1" 200 1300 "-" "Mozilla/5.0 AppleWebKit/537.36 (KHTML, like Gecko; compatible; ClaudeBot/1.0; +claudebot@anthropic.com)"
74.7.242.20 - - [19/Aug/2026:18:28:34 +0530] "GET /trval4.websparkit.com/wp-includes/php-ai-client/src/Providers/Http/Util/ResponseUtil.php HTTP/1.1" 200 - "https://www.coreservers.websparkit.com/trval4.websparkit.com/wp-includes/php-ai-client/src/Providers/Http/Util/" "Mozilla/5.0 AppleWebKit/537.36 (KHTML, like Gecko; compatible; GPTBot/1.4; +https://openai.com/gptbot)"
216.73.216.227 - - [19/Aug/2026:18:28:36 +0530] "GET /laravel/vendor/phpunit/php-text-template/?C=N&O=A HTTP/1.1" 200 1615 "-" "Mozilla/5.0 AppleWebKit/537.36 (KHTML, like Gecko; compatible; ClaudeBot/1.0; +claudebot@anthropic.com)"
74.7.227.60 - - [19/Aug/2026:18:28:39 +0530] "GET /laravel/vendor/doctrine/inflector/src/Rules/?C=S;O=D HTTP/1.1" 200 3625 "https://mail.coreservers.websparkit.com/laravel/vendor/doctrine/inflector/src/Rules/?C=S;O=A" "Mozilla/5.0 AppleWebKit/537.36 (KHTML, like Gecko; compatible; GPTBot/1.4; +https://openai.com/gptbot)"
216.73.216.227 - - [19/Aug/2026:18:28:41 +0530] "GET /onestudios.lk/wp-includes/php-ai-client/src/Tools/DTO/?C=S&O=D HTTP/1.1" 200 1525 "-" "Mozilla/5.0 AppleWebKit/537.36 (KHTML, like Gecko; compatible; ClaudeBot/1.0; +claudebot@anthropic.com)"
216.73.216.227 - - [19/Aug/2026:18:28:46 +0530] "GET /sge.lk/wp-includes/php-ai-client/src/Providers/Http/DTO/?C=D&O=A HTTP/1.1" 200 1534 "-" "Mozilla/5.0 AppleWebKit/537.36 (KHTML, like Gecko; compatible; ClaudeBot/1.0; +claudebot@anthropic.com)"
114.119.142.135 - - [19/Aug/2026:18:28:48 +0530] "GET /dreamcrafted.lk/customer/my-bookings.php HTTP/1.1" 302 - "https://websparkit.com/dreamcrafted.lk/customer/?C=M%3BO%3DA" "Mozilla/5.0 (Linux; Android 7.0;) AppleWebKit/537.36 (HTML, like Gecko) Mobile Safari/537.36 (compatible; PetalBot;+https://webmaster.petalsearch.com/site/petalbot)"
216.73.216.227 - - [19/Aug/2026:18:28:51 +0530] "GET /trval4.websparkit.com/wp-includes/js/codemirror/?C=S&O=D HTTP/1.1" 200 2387 "-" "Mozilla/5.0 AppleWebKit/537.36 (KHTML, like Gecko; compatible; ClaudeBot/1.0; +claudebot@anthropic.com)"
216.73.216.227 - - [19/Aug/2026:18:28:56 +0530] "GET /rawana.websparkit.com/wp-includes/php-ai-client/src/Providers/Http/?C=S&O=D HTTP/1.1" 200 2611 "-" "Mozilla/5.0 AppleWebKit/537.36 (KHTML, like Gecko; compatible; ClaudeBot/1.0; +claudebot@anthropic.com)"
216.73.216.227 - - [19/Aug/2026:18:29:01 +0530] "GET /sge.lk/wp-content/updraft/plugins-old/updraftplus/includes/Google/?C=N&O=D HTTP/1.1" 200 3987 "-" "Mozilla/5.0 AppleWebKit/537.36 (KHTML, like Gecko; compatible; ClaudeBot/1.0; +claudebot@anthropic.com)"
216.73.216.227 - - [19/Aug/2026:18:29:06 +0530] "GET /rawana.websparkit.com/wp-includes/php-ai-client/src/Operations/Enums/?C=M&O=D HTTP/1.1" 200 1014 "-" "Mozilla/5.0 AppleWebKit/537.36 (KHTML, like Gecko; compatible; ClaudeBot/1.0; +claudebot@anthropic.com)"
216.73.216.227 - - [19/Aug/2026:18:29:11 +0530] "GET /sge.lk/wp-includes/js/dist/script-modules/block-library/query/?C=D&O=A HTTP/1.1" 200 1343 "-" "Mozilla/5.0 AppleWebKit/537.36 (KHTML, like Gecko; compatible; ClaudeBot/1.0; +claudebot@anthropic.com)"
216.73.216.227 - - [19/Aug/2026:18:29:16 +0530] "GET /laravel/vendor/ramsey/collection/ HTTP/1.1" 200 1418 "-" "Mozilla/5.0 AppleWebKit/537.36 (KHTML, like Gecko; compatible; ClaudeBot/1.0; +claudebot@anthropic.com)"
216.73.216.227 - - [19/Aug/2026:18:29:21 +0530] "GET /rawana.websparkit.com/wp-includes/sodium_compat/namespaced/Core/ChaCha20/ HTTP/1.1" 200 1187 "-" "Mozilla/5.0 AppleWebKit/537.36 (KHTML, like Gecko; compatible; ClaudeBot/1.0; +claudebot@anthropic.com)"
216.73.216.227 - - [19/Aug/2026:18:29:26 +0530] "GET /trval4.websparkit.com/wp-includes/Requests/?C=M&O=A HTTP/1.1" 200 1091 "-" "Mozilla/5.0 AppleWebKit/537.36 (KHTML, like Gecko; compatible; ClaudeBot/1.0; +claudebot@anthropic.com)"
57.141.0.17 - - [19/Aug/2026:18:29:31 +0530] "GET / HTTP/1.1" 200 7985 "-" "facebookexternalhit/1.1 (+http://www.facebook.com/externalhit_uatext.php)"
216.73.216.227 - - [19/Aug/2026:18:29:31 +0530] "GET /sge.lk/wp-content/updraft/plugins-old/updraftplus/includes/checkout-embed/?C=M&O=D HTTP/1.1" 200 1562 "-" "Mozilla/5.0 AppleWebKit/537.36 (KHTML, like Gecko; compatible; ClaudeBot/1.0; +claudebot@anthropic.com)"
74.7.242.20 - - [19/Aug/2026:18:29:34 +0530] "GET /trval4.websparkit.com/wp-includes/php-ai-client/src/Providers/Http/Util/ErrorMessageExtractor.php HTTP/1.1" 200 - "https://www.coreservers.websparkit.com/trval4.websparkit.com/wp-includes/php-ai-client/src/Providers/Http/Util/" "Mozilla/5.0 AppleWebKit/537.36 (KHTML, like Gecko; compatible; GPTBot/1.4; +https://openai.com/gptbot)"
216.73.216.227 - - [19/Aug/2026:18:29:36 +0530] "GET /security.websparkit.com/__MACOSX/app/core/?C=D&O=A HTTP/1.1" 200 744 "-" "Mozilla/5.0 AppleWebKit/537.36 (KHTML, like Gecko; compatible; ClaudeBot/1.0; +claudebot@anthropic.com)"
209.141.52.211 - - [19/Aug/2026:18:29:40 +0530] "GET / HTTP/1.1" 200 7985 "-" "Mozilla/5.0 (Macintosh; Intel Mac OS X 10_15_7) AppleWebKit/605.1.15 (KHTML, like Gecko) Version/18.4 Safari/605.1.15"
209.141.52.211 - - [19/Aug/2026:18:29:40 +0530] "GET /archi-tech.lk/ HTTP/1.1" 200 1880 "-" "Mozilla/5.0 (Macintosh; Intel Mac OS X 10_15_7) AppleWebKit/605.1.15 (KHTML, like Gecko) Version/18.4 Safari/605.1.15"
209.141.52.211 - - [19/Aug/2026:18:29:40 +0530] "GET /architech.websparkit.com/ HTTP/1.1" 200 1902 "-" "Mozilla/5.0 (Macintosh; Intel Mac OS X 10_15_7) AppleWebKit/605.1.15 (KHTML, like Gecko) Version/18.4 Safari/605.1.15"
209.141.52.211 - - [19/Aug/2026:18:29:40 +0530] "GET /asiacouncill.websparkit.com/ HTTP/1.1" 200 1215 "-" "Mozilla/5.0 (Macintosh; Intel Mac OS X 10_15_7) AppleWebKit/605.1.15 (KHTML, like Gecko) Version/18.4 Safari/605.1.15"
209.141.52.211 - - [19/Aug/2026:18:29:40 +0530] "GET /clint.websparkit.com/ HTTP/1.1" 200 665 "-" "Mozilla/5.0 (Macintosh; Intel Mac OS X 10_15_7) AppleWebKit/605.1.15 (KHTML, like Gecko) Version/18.4 Safari/605.1.15"
209.141.52.211 - - [19/Aug/2026:18:29:41 +0530] "GET /dreamcraft.lk/ HTTP/1.1" 200 827 "-" "Mozilla/5.0 (Macintosh; Intel Mac OS X 10_15_7) AppleWebKit/605.1.15 (KHTML, like Gecko) Version/18.4 Safari/605.1.15"
209.141.52.211 - - [19/Aug/2026:18:29:41 +0530] "GET /dreamcrafted.lk/ HTTP/1.1" 200 2231 "-" "Mozilla/5.0 (Macintosh; Intel Mac OS X 10_15_7) AppleWebKit/605.1.15 (KHTML, like Gecko) Version/18.4 Safari/605.1.15"
209.141.52.211 - - [19/Aug/2026:18:29:41 +0530] "GET /dsms.websparkit.com/ HTTP/1.1" 200 1014 "-" "Mozilla/5.0 (Macintosh; Intel Mac OS X 10_15_7) AppleWebKit/605.1.15 (KHTML, like Gecko) Version/18.4 Safari/605.1.15"
209.141.52.211 - - [19/Aug/2026:18:29:41 +0530] "GET /ebenezerlife.lk/ HTTP/1.1" 200 1191 "-" "Mozilla/5.0 (Macintosh; Intel Mac OS X 10_15_7) AppleWebKit/605.1.15 (KHTML, like Gecko) Version/18.4 Safari/605.1.15"
209.141.52.211 - - [19/Aug/2026:18:29:41 +0530] "GET /event.websparkit.com/ HTTP/1.1" 200 2241 "-" "Mozilla/5.0 (Macintosh; Intel Mac OS X 10_15_7) AppleWebKit/605.1.15 (KHTML, like Gecko) Version/18.4 Safari/605.1.15"
216.73.216.227 - - [19/Aug/2026:18:29:41 +0530] "GET /rawana.websparkit.com/wp-includes/php-ai-client/src/Operations/DTO/?C=N&O=A HTTP/1.1" 200 1016 "-" "Mozilla/5.0 AppleWebKit/537.36 (KHTML, like Gecko; compatible; ClaudeBot/1.0; +claudebot@anthropic.com)"
209.141.52.211 - - [19/Aug/2026:18:29:41 +0530] "GET /ewayxpress.com/ HTTP/1.1" 200 1030 "-" "Mozilla/5.0 (Macintosh; Intel Mac OS X 10_15_7) AppleWebKit/605.1.15 (KHTML, like Gecko) Version/18.4 Safari/605.1.15"
209.141.52.211 - - [19/Aug/2026:18:29:42 +0530] "GET /flyingcolours.websparkit.com/ HTTP/1.1" 200 1058 "-" "Mozilla/5.0 (Macintosh; Intel Mac OS X 10_15_7) AppleWebKit/605.1.15 (KHTML, like Gecko) Version/18.4 Safari/605.1.15"
209.141.52.211 - - [19/Aug/2026:18:29:42 +0530] "GET /gavelandguideconsultancy.com/ HTTP/1.1" 200 1031 "-" "Mozilla/5.0 (Macintosh; Intel Mac OS X 10_15_7) AppleWebKit/605.1.15 (KHTML, like Gecko) Version/18.4 Safari/605.1.15"
209.141.52.211 - - [19/Aug/2026:18:29:42 +0530] "GET /gavelguide.websparkit.com/ HTTP/1.1" 200 1025 "-" "Mozilla/5.0 (Macintosh; Intel Mac OS X 10_15_7) AppleWebKit/605.1.15 (KHTML, like Gecko) Version/18.4 Safari/605.1.15"
209.141.52.211 - - [19/Aug/2026:18:29:42 +0530] "GET /hamiltonint.co/ HTTP/1.1" 200 1540 "-" "Mozilla/5.0 (Macintosh; Intel Mac OS X 10_15_7) AppleWebKit/605.1.15 (KHTML, like Gecko) Version/18.4 Safari/605.1.15"
74.7.227.60 - - [19/Aug/2026:18:29:42 +0530] "GET /laravel/vendor/doctrine/inflector/src/Rules/?C=M;O=D HTTP/1.1" 200 3625 "https://mail.coreservers.websparkit.com/laravel/vendor/doctrine/inflector/src/Rules/?C=M;O=A" "Mozilla/5.0 AppleWebKit/537.36 (KHTML, like Gecko; compatible; GPTBot/1.4; +https://openai.com/gptbot)"
209.141.52.211 - - [19/Aug/2026:18:29:42 +0530] "GET /iprinters.lk/ HTTP/1.1" 200 1527 "-" "Mozilla/5.0 (Macintosh; Intel Mac OS X 10_15_7) AppleWebKit/605.1.15 (KHTML, like Gecko) Version/18.4 Safari/605.1.15"
209.141.52.211 - - [19/Aug/2026:18:29:42 +0530] "GET /jobly.lk/ HTTP/1.1" 200 2051 "-" "Mozilla/5.0 (Macintosh; Intel Mac OS X 10_15_7) AppleWebKit/605.1.15 (KHTML, like Gecko) Version/18.4 Safari/605.1.15"
209.141.52.211 - - [19/Aug/2026:18:29:42 +0530] "GET /laravel/ HTTP/1.1" 200 4960 "-" "Mozilla/5.0 (Macintosh; Intel Mac OS X 10_15_7) AppleWebKit/605.1.15 (KHTML, like Gecko) Version/18.4 Safari/605.1.15"
