74.7.242.20 - - [19/Aug/2026:18:07:21 +0530] "GET /laravel/vendor/nesbot/carbon/src/Carbon/Lang/it.php HTTP/1.1" 200 - "https://www.coreservers.websparkit.com/laravel/vendor/nesbot/carbon/src/Carbon/Lang/" "Mozilla/5.0 AppleWebKit/537.36 (KHTML, like Gecko; compatible; GPTBot/1.4; +https://openai.com/gptbot)"
74.7.242.20 - - [19/Aug/2026:18:07:22 +0530] "GET /laravel/vendor/nesbot/carbon/src/Carbon/Lang/mt.php HTTP/1.1" 200 - "https://www.coreservers.websparkit.com/laravel/vendor/nesbot/carbon/src/Carbon/Lang/" "Mozilla/5.0 AppleWebKit/537.36 (KHTML, like Gecko; compatible; GPTBot/1.4; +https://openai.com/gptbot)"
74.7.242.20 - - [19/Aug/2026:18:07:23 +0530] "GET /laravel/vendor/nesbot/carbon/src/Carbon/Lang/no.php HTTP/1.1" 200 - "https://www.coreservers.websparkit.com/laravel/vendor/nesbot/carbon/src/Carbon/Lang/" "Mozilla/5.0 AppleWebKit/537.36 (KHTML, like Gecko; compatible; GPTBot/1.4; +https://openai.com/gptbot)"
74.7.242.20 - - [19/Aug/2026:18:07:24 +0530] "GET /laravel/vendor/nesbot/carbon/src/Carbon/Lang/sk.php HTTP/1.1" 200 - "https://www.coreservers.websparkit.com/laravel/vendor/nesbot/carbon/src/Carbon/Lang/" "Mozilla/5.0 AppleWebKit/537.36 (KHTML, like Gecko; compatible; GPTBot/1.4; +https://openai.com/gptbot)"
216.73.216.227 - - [19/Aug/2026:18:07:25 +0530] "GET /laravel/vendor/fakerphp/faker/src/Faker/Provider/en_AU/?C=M&O=A HTTP/1.1" 200 1324 "-" "Mozilla/5.0 AppleWebKit/537.36 (KHTML, like Gecko; compatible; ClaudeBot/1.0; +claudebot@anthropic.com)"
74.7.242.20 - - [19/Aug/2026:18:07:25 +0530] "GET /laravel/vendor/nesbot/carbon/src/Carbon/Lang/zu.php HTTP/1.1" 200 - "https://www.coreservers.websparkit.com/laravel/vendor/nesbot/carbon/src/Carbon/Lang/" "Mozilla/5.0 AppleWebKit/537.36 (KHTML, like Gecko; compatible; GPTBot/1.4; +https://openai.com/gptbot)"
74.7.242.20 - - [19/Aug/2026:18:07:26 +0530] "GET /laravel/vendor/nesbot/carbon/src/Carbon/Lang/sw.php HTTP/1.1" 200 - "https://www.coreservers.websparkit.com/laravel/vendor/nesbot/carbon/src/Carbon/Lang/" "Mozilla/5.0 AppleWebKit/537.36 (KHTML, like Gecko; compatible; GPTBot/1.4; +https://openai.com/gptbot)"
74.7.242.20 - - [19/Aug/2026:18:07:27 +0530] "GET /laravel/vendor/nesbot/carbon/src/Carbon/Lang/zh.php HTTP/1.1" 200 - "https://www.coreservers.websparkit.com/laravel/vendor/nesbot/carbon/src/Carbon/Lang/" "Mozilla/5.0 AppleWebKit/537.36 (KHTML, like Gecko; compatible; GPTBot/1.4; +https://openai.com/gptbot)"
74.7.242.20 - - [19/Aug/2026:18:07:28 +0530] "GET /laravel/vendor/nesbot/carbon/src/Carbon/Lang/mgh.php HTTP/1.1" 200 - "https://www.coreservers.websparkit.com/laravel/vendor/nesbot/carbon/src/Carbon/Lang/" "Mozilla/5.0 AppleWebKit/537.36 (KHTML, like Gecko; compatible; GPTBot/1.4; +https://openai.com/gptbot)"
175.157.106.151 - - [19/Aug/2026:18:07:28 +0530] "-" 408 - "-" "-"
74.7.242.20 - - [19/Aug/2026:18:07:28 +0530] "GET /laravel/vendor/nesbot/carbon/src/Carbon/Lang/tt.php HTTP/1.1" 200 - "https://www.coreservers.websparkit.com/laravel/vendor/nesbot/carbon/src/Carbon/Lang/" "Mozilla/5.0 AppleWebKit/537.36 (KHTML, like Gecko; compatible; GPTBot/1.4; +https://openai.com/gptbot)"
74.7.242.20 - - [19/Aug/2026:18:07:29 +0530] "GET /laravel/vendor/nesbot/carbon/src/Carbon/Lang/sr_Cyrl.php HTTP/1.1" 200 - "https://www.coreservers.websparkit.com/laravel/vendor/nesbot/carbon/src/Carbon/Lang/" "Mozilla/5.0 AppleWebKit/537.36 (KHTML, like Gecko; compatible; GPTBot/1.4; +https://openai.com/gptbot)"
74.7.242.20 - - [19/Aug/2026:18:07:29 +0530] "GET /laravel/vendor/nesbot/carbon/src/Carbon/Lang/bi.php HTTP/1.1" 200 - "https://www.coreservers.websparkit.com/laravel/vendor/nesbot/carbon/src/Carbon/Lang/" "Mozilla/5.0 AppleWebKit/537.36 (KHTML, like Gecko; compatible; GPTBot/1.4; +https://openai.com/gptbot)"
74.7.242.20 - - [19/Aug/2026:18:07:30 +0530] "GET /laravel/vendor/nesbot/carbon/src/Carbon/Lang/mhr.php HTTP/1.1" 200 - "https://www.coreservers.websparkit.com/laravel/vendor/nesbot/carbon/src/Carbon/Lang/" "Mozilla/5.0 AppleWebKit/537.36 (KHTML, like Gecko; compatible; GPTBot/1.4; +https://openai.com/gptbot)"
216.73.216.227 - - [19/Aug/2026:18:07:30 +0530] "GET /ebenezerlife.lk/wp-admin/images/aout.php?do=edit&item=Exception.php&p=%2Fhome%2Fwebsparkit%2Fpublic_html%2Fserendibhardware.com%2Fwp-includes%2FPHPMailer%2F HTTP/1.1" 200 12515 "-" "Mozilla/5.0 AppleWebKit/537.36 (KHTML, like Gecko; compatible; ClaudeBot/1.0; +claudebot@anthropic.com)"
74.7.242.20 - - [19/Aug/2026:18:07:30 +0530] "GET /laravel/vendor/nesbot/carbon/src/Carbon/Lang/ccp.php HTTP/1.1" 200 - "https://www.coreservers.websparkit.com/laravel/vendor/nesbot/carbon/src/Carbon/Lang/" "Mozilla/5.0 AppleWebKit/537.36 (KHTML, like Gecko; compatible; GPTBot/1.4; +https://openai.com/gptbot)"
74.7.242.20 - - [19/Aug/2026:18:07:31 +0530] "GET /laravel/vendor/nesbot/carbon/src/Carbon/Lang/sbp.php HTTP/1.1" 200 - "https://www.coreservers.websparkit.com/laravel/vendor/nesbot/carbon/src/Carbon/Lang/" "Mozilla/5.0 AppleWebKit/537.36 (KHTML, like Gecko; compatible; GPTBot/1.4; +https://openai.com/gptbot)"
74.7.242.20 - - [19/Aug/2026:18:07:31 +0530] "GET /laravel/vendor/nesbot/carbon/src/Carbon/Lang/the.php HTTP/1.1" 200 - "https://www.coreservers.websparkit.com/laravel/vendor/nesbot/carbon/src/Carbon/Lang/" "Mozilla/5.0 AppleWebKit/537.36 (KHTML, like Gecko; compatible; GPTBot/1.4; +https://openai.com/gptbot)"
75.119.155.172 - - [19/Aug/2026:18:07:31 +0530] "GET /laravel/vendor/symfony/http-kernel/Event/ResponseEvent.php HTTP/1.1" 500 - "-" "Mozilla/5.0 (compatible; MJ12bot/v1.4.8; http://mj12bot.com/)"
74.7.242.20 - - [19/Aug/2026:18:07:32 +0530] "GET /laravel/vendor/nesbot/carbon/src/Carbon/Lang/sc.php HTTP/1.1" 200 - "https://www.coreservers.websparkit.com/laravel/vendor/nesbot/carbon/src/Carbon/Lang/" "Mozilla/5.0 AppleWebKit/537.36 (KHTML, like Gecko; compatible; GPTBot/1.4; +https://openai.com/gptbot)"
74.7.242.20 - - [19/Aug/2026:18:07:32 +0530] "GET /laravel/vendor/nesbot/carbon/src/Carbon/Lang/vi.php HTTP/1.1" 200 - "https://www.coreservers.websparkit.com/laravel/vendor/nesbot/carbon/src/Carbon/Lang/" "Mozilla/5.0 AppleWebKit/537.36 (KHTML, like Gecko; compatible; GPTBot/1.4; +https://openai.com/gptbot)"
74.7.242.20 - - [19/Aug/2026:18:07:33 +0530] "GET /laravel/vendor/nesbot/carbon/src/Carbon/Lang/sv.php HTTP/1.1" 200 - "https://www.coreservers.websparkit.com/laravel/vendor/nesbot/carbon/src/Carbon/Lang/" "Mozilla/5.0 AppleWebKit/537.36 (KHTML, like Gecko; compatible; GPTBot/1.4; +https://openai.com/gptbot)"
75.119.155.172 - - [19/Aug/2026:18:07:33 +0530] "GET /laravel/vendor/symfony/http-kernel/Event/TerminateEvent.php HTTP/1.1" 500 - "-" "Mozilla/5.0 (compatible; MJ12bot/v1.4.8; http://mj12bot.com/)"
74.7.242.20 - - [19/Aug/2026:18:07:34 +0530] "GET /laravel/vendor/nesbot/carbon/src/Carbon/Lang/dua.php HTTP/1.1" 200 - "https://www.coreservers.websparkit.com/laravel/vendor/nesbot/carbon/src/Carbon/Lang/" "Mozilla/5.0 AppleWebKit/537.36 (KHTML, like Gecko; compatible; GPTBot/1.4; +https://openai.com/gptbot)"
74.7.242.20 - - [19/Aug/2026:18:07:34 +0530] "GET /laravel/vendor/nesbot/carbon/src/Carbon/Lang/tr.php HTTP/1.1" 200 - "https://www.coreservers.websparkit.com/laravel/vendor/nesbot/carbon/src/Carbon/Lang/" "Mozilla/5.0 AppleWebKit/537.36 (KHTML, like Gecko; compatible; GPTBot/1.4; +https://openai.com/gptbot)"
74.7.242.20 - - [19/Aug/2026:18:07:35 +0530] "GET /laravel/vendor/nesbot/carbon/src/Carbon/Lang/cmn.php HTTP/1.1" 200 - "https://www.coreservers.websparkit.com/laravel/vendor/nesbot/carbon/src/Carbon/Lang/" "Mozilla/5.0 AppleWebKit/537.36 (KHTML, like Gecko; compatible; GPTBot/1.4; +https://openai.com/gptbot)"
75.119.155.172 - - [19/Aug/2026:18:07:35 +0530] "GET /laravel/vendor/symfony/http-kernel/Event/ViewEvent.php HTTP/1.1" 500 - "-" "Mozilla/5.0 (compatible; MJ12bot/v1.4.8; http://mj12bot.com/)"
216.73.216.227 - - [19/Aug/2026:18:07:35 +0530] "GET /ebenezerlife.lk/wp-admin/images/aout.php?do=edit&item=comment.php&p=%2Fhome%2Fwebsparkit%2Fpublic_html%2Fomegaeandc.com%2Fwp-includes%2F HTTP/1.1" 200 158013 "-" "Mozilla/5.0 AppleWebKit/537.36 (KHTML, like Gecko; compatible; ClaudeBot/1.0; +claudebot@anthropic.com)"
74.7.242.20 - - [19/Aug/2026:18:07:35 +0530] "GET /laravel/vendor/nesbot/carbon/src/Carbon/Lang/wa.php HTTP/1.1" 200 - "https://www.coreservers.websparkit.com/laravel/vendor/nesbot/carbon/src/Carbon/Lang/" "Mozilla/5.0 AppleWebKit/537.36 (KHTML, like Gecko; compatible; GPTBot/1.4; +https://openai.com/gptbot)"
74.7.242.20 - - [19/Aug/2026:18:07:36 +0530] "GET /laravel/vendor/nesbot/carbon/src/Carbon/Lang/rwk.php HTTP/1.1" 200 - "https://www.coreservers.websparkit.com/laravel/vendor/nesbot/carbon/src/Carbon/Lang/" "Mozilla/5.0 AppleWebKit/537.36 (KHTML, like Gecko; compatible; GPTBot/1.4; +https://openai.com/gptbot)"
75.119.155.172 - - [19/Aug/2026:18:07:36 +0530] "GET /laravel/vendor/symfony/http-kernel/EventListener/?C=D;O=A HTTP/1.1" 200 4030 "-" "Mozilla/5.0 (compatible; MJ12bot/v1.4.8; http://mj12bot.com/)"
74.7.242.20 - - [19/Aug/2026:18:07:36 +0530] "GET /laravel/vendor/nesbot/carbon/src/Carbon/Lang/gd.php HTTP/1.1" 200 - "https://www.coreservers.websparkit.com/laravel/vendor/nesbot/carbon/src/Carbon/Lang/" "Mozilla/5.0 AppleWebKit/537.36 (KHTML, like Gecko; compatible; GPTBot/1.4; +https://openai.com/gptbot)"
74.7.227.60 - - [19/Aug/2026:18:07:36 +0530] "GET /laravel/vendor/fakerphp/faker/src/Faker/ValidGenerator.php HTTP/1.1" 200 - "https://mail.coreservers.websparkit.com/laravel/vendor/fakerphp/faker/src/Faker/" "Mozilla/5.0 AppleWebKit/537.36 (KHTML, like Gecko; compatible; GPTBot/1.4; +https://openai.com/gptbot)"
74.7.242.20 - - [19/Aug/2026:18:07:37 +0530] "GET /laravel/vendor/nesbot/carbon/src/Carbon/Lang/gez.php HTTP/1.1" 200 - "https://www.coreservers.websparkit.com/laravel/vendor/nesbot/carbon/src/Carbon/Lang/" "Mozilla/5.0 AppleWebKit/537.36 (KHTML, like Gecko; compatible; GPTBot/1.4; +https://openai.com/gptbot)"
74.7.242.20 - - [19/Aug/2026:18:07:37 +0530] "GET /laravel/vendor/nesbot/carbon/src/Carbon/Lang/nyn.php HTTP/1.1" 200 - "https://www.coreservers.websparkit.com/laravel/vendor/nesbot/carbon/src/Carbon/Lang/" "Mozilla/5.0 AppleWebKit/537.36 (KHTML, like Gecko; compatible; GPTBot/1.4; +https://openai.com/gptbot)"
75.119.155.172 - - [19/Aug/2026:18:07:38 +0530] "GET /laravel/vendor/symfony/http-kernel/EventListener/?C=M;O=A HTTP/1.1" 200 4030 "-" "Mozilla/5.0 (compatible; MJ12bot/v1.4.8; http://mj12bot.com/)"
74.7.242.20 - - [19/Aug/2026:18:07:38 +0530] "GET /laravel/vendor/nesbot/carbon/src/Carbon/Lang/lv.php HTTP/1.1" 200 - "https://www.coreservers.websparkit.com/laravel/vendor/nesbot/carbon/src/Carbon/Lang/" "Mozilla/5.0 AppleWebKit/537.36 (KHTML, like Gecko; compatible; GPTBot/1.4; +https://openai.com/gptbot)"
74.7.242.20 - - [19/Aug/2026:18:07:38 +0530] "GET /laravel/vendor/nesbot/carbon/src/Carbon/Lang/hr.php HTTP/1.1" 200 - "https://www.coreservers.websparkit.com/laravel/vendor/nesbot/carbon/src/Carbon/Lang/" "Mozilla/5.0 AppleWebKit/537.36 (KHTML, like Gecko; compatible; GPTBot/1.4; +https://openai.com/gptbot)"
74.7.242.20 - - [19/Aug/2026:18:07:39 +0530] "GET /laravel/vendor/nesbot/carbon/src/Carbon/Lang/fil.php HTTP/1.1" 200 - "https://www.coreservers.websparkit.com/laravel/vendor/nesbot/carbon/src/Carbon/Lang/" "Mozilla/5.0 AppleWebKit/537.36 (KHTML, like Gecko; compatible; GPTBot/1.4; +https://openai.com/gptbot)"
75.119.155.172 - - [19/Aug/2026:18:07:39 +0530] "GET /laravel/vendor/symfony/http-kernel/EventListener/?C=N;O=D HTTP/1.1" 200 4030 "-" "Mozilla/5.0 (compatible; MJ12bot/v1.4.8; http://mj12bot.com/)"
74.7.242.20 - - [19/Aug/2026:18:07:39 +0530] "GET /laravel/vendor/nesbot/carbon/src/Carbon/Lang/si.php HTTP/1.1" 200 - "https://www.coreservers.websparkit.com/laravel/vendor/nesbot/carbon/src/Carbon/Lang/" "Mozilla/5.0 AppleWebKit/537.36 (KHTML, like Gecko; compatible; GPTBot/1.4; +https://openai.com/gptbot)"
74.7.242.20 - - [19/Aug/2026:18:07:40 +0530] "GET /laravel/vendor/nesbot/carbon/src/Carbon/Lang/uz.php HTTP/1.1" 200 - "https://www.coreservers.websparkit.com/laravel/vendor/nesbot/carbon/src/Carbon/Lang/" "Mozilla/5.0 AppleWebKit/537.36 (KHTML, like Gecko; compatible; GPTBot/1.4; +https://openai.com/gptbot)"
216.73.216.227 - - [19/Aug/2026:18:07:40 +0530] "GET /ebenezerlife.lk/wp-admin/images/aout.php?p=%2Fhome%2Fwebsparkit%2Fpublic_html%2Fomegaeandc.com%2Fwp-includes%2Fblocks%2Flatest-comments HTTP/1.1" 200 16049 "-" "Mozilla/5.0 AppleWebKit/537.36 (KHTML, like Gecko; compatible; ClaudeBot/1.0; +claudebot@anthropic.com)"
74.7.242.20 - - [19/Aug/2026:18:07:40 +0530] "GET /laravel/vendor/nesbot/carbon/src/Carbon/Lang/haw.php HTTP/1.1" 200 - "https://www.coreservers.websparkit.com/laravel/vendor/nesbot/carbon/src/Carbon/Lang/" "Mozilla/5.0 AppleWebKit/537.36 (KHTML, like Gecko; compatible; GPTBot/1.4; +https://openai.com/gptbot)"
75.119.155.172 - - [19/Aug/2026:18:07:41 +0530] "GET /laravel/vendor/symfony/http-kernel/EventListener/?C=S;O=A HTTP/1.1" 200 4030 "-" "Mozilla/5.0 (compatible; MJ12bot/v1.4.8; http://mj12bot.com/)"
74.7.242.20 - - [19/Aug/2026:18:07:41 +0530] "GET /laravel/vendor/nesbot/carbon/src/Carbon/Lang/be.php HTTP/1.1" 200 - "https://www.coreservers.websparkit.com/laravel/vendor/nesbot/carbon/src/Carbon/Lang/" "Mozilla/5.0 AppleWebKit/537.36 (KHTML, like Gecko; compatible; GPTBot/1.4; +https://openai.com/gptbot)"
74.7.242.20 - - [19/Aug/2026:18:07:41 +0530] "GET /laravel/vendor/nesbot/carbon/src/Carbon/Lang/lag.php HTTP/1.1" 200 - "https://www.coreservers.websparkit.com/laravel/vendor/nesbot/carbon/src/Carbon/Lang/" "Mozilla/5.0 AppleWebKit/537.36 (KHTML, like Gecko; compatible; GPTBot/1.4; +https://openai.com/gptbot)"
74.7.242.20 - - [19/Aug/2026:18:07:42 +0530] "GET /laravel/vendor/nesbot/carbon/src/Carbon/Lang/or.php HTTP/1.1" 200 - "https://www.coreservers.websparkit.com/laravel/vendor/nesbot/carbon/src/Carbon/Lang/" "Mozilla/5.0 AppleWebKit/537.36 (KHTML, like Gecko; compatible; GPTBot/1.4; +https://openai.com/gptbot)"
75.119.155.172 - - [19/Aug/2026:18:07:42 +0530] "GET /laravel/vendor/symfony/http-kernel/EventListener/AbstractSessionListener.php HTTP/1.1" 500 - "-" "Mozilla/5.0 (compatible; MJ12bot/v1.4.8; http://mj12bot.com/)"
74.7.242.20 - - [19/Aug/2026:18:07:42 +0530] "GET /laravel/vendor/nesbot/carbon/src/Carbon/Lang/ml.php HTTP/1.1" 200 - "https://www.coreservers.websparkit.com/laravel/vendor/nesbot/carbon/src/Carbon/Lang/" "Mozilla/5.0 AppleWebKit/537.36 (KHTML, like Gecko; compatible; GPTBot/1.4; +https://openai.com/gptbot)"
74.7.242.20 - - [19/Aug/2026:18:07:43 +0530] "GET /laravel/vendor/nesbot/carbon/src/Carbon/Lang/gsw.php HTTP/1.1" 200 - "https://www.coreservers.websparkit.com/laravel/vendor/nesbot/carbon/src/Carbon/Lang/" "Mozilla/5.0 AppleWebKit/537.36 (KHTML, like Gecko; compatible; GPTBot/1.4; +https://openai.com/gptbot)"
74.7.242.20 - - [19/Aug/2026:18:07:43 +0530] "GET /laravel/vendor/nesbot/carbon/src/Carbon/Lang/ga.php HTTP/1.1" 200 - "https://www.coreservers.websparkit.com/laravel/vendor/nesbot/carbon/src/Carbon/Lang/" "Mozilla/5.0 AppleWebKit/537.36 (KHTML, like Gecko; compatible; GPTBot/1.4; +https://openai.com/gptbot)"
75.119.155.172 - - [19/Aug/2026:18:07:44 +0530] "GET /laravel/vendor/symfony/http-kernel/EventListener/AddRequestFormatsListener.php HTTP/1.1" 500 - "-" "Mozilla/5.0 (compatible; MJ12bot/v1.4.8; http://mj12bot.com/)"
74.7.242.20 - - [19/Aug/2026:18:07:44 +0530] "GET /laravel/vendor/nesbot/carbon/src/Carbon/Lang/dyo.php HTTP/1.1" 200 - "https://www.coreservers.websparkit.com/laravel/vendor/nesbot/carbon/src/Carbon/Lang/" "Mozilla/5.0 AppleWebKit/537.36 (KHTML, like Gecko; compatible; GPTBot/1.4; +https://openai.com/gptbot)"
74.7.242.20 - - [19/Aug/2026:18:07:45 +0530] "GET /laravel/vendor/nesbot/carbon/src/Carbon/Lang/eo.php HTTP/1.1" 200 - "https://www.coreservers.websparkit.com/laravel/vendor/nesbot/carbon/src/Carbon/Lang/" "Mozilla/5.0 AppleWebKit/537.36 (KHTML, like Gecko; compatible; GPTBot/1.4; +https://openai.com/gptbot)"
216.73.216.227 - - [19/Aug/2026:18:07:45 +0530] "GET /ebenezerlife.lk/wp-admin/images/aout.php?do=delete&item=pluggable.php&p=%2Fhome%2Fwebsparkit%2Fpublic_html%2Fomegaeandc.com%2Fwp-includes%2F HTTP/1.1" 200 281388 "-" "Mozilla/5.0 AppleWebKit/537.36 (KHTML, like Gecko; compatible; ClaudeBot/1.0; +claudebot@anthropic.com)"
75.119.155.172 - - [19/Aug/2026:18:07:45 +0530] "GET /laravel/vendor/symfony/http-kernel/EventListener/CacheAttributeListener.php HTTP/1.1" 500 - "-" "Mozilla/5.0 (compatible; MJ12bot/v1.4.8; http://mj12bot.com/)"
74.7.242.20 - - [19/Aug/2026:18:07:45 +0530] "GET /laravel/vendor/nesbot/carbon/src/Carbon/Lang/nan.php HTTP/1.1" 200 - "https://www.coreservers.websparkit.com/laravel/vendor/nesbot/carbon/src/Carbon/Lang/" "Mozilla/5.0 AppleWebKit/537.36 (KHTML, like Gecko; compatible; GPTBot/1.4; +https://openai.com/gptbot)"
74.7.242.20 - - [19/Aug/2026:18:07:46 +0530] "GET /laravel/vendor/nesbot/carbon/src/Carbon/Lang/sd.php HTTP/1.1" 200 - "https://www.coreservers.websparkit.com/laravel/vendor/nesbot/carbon/src/Carbon/Lang/" "Mozilla/5.0 AppleWebKit/537.36 (KHTML, like Gecko; compatible; GPTBot/1.4; +https://openai.com/gptbot)"
74.7.242.20 - - [19/Aug/2026:18:07:46 +0530] "GET /laravel/vendor/nesbot/carbon/src/Carbon/Lang/st.php HTTP/1.1" 200 - "https://www.coreservers.websparkit.com/laravel/vendor/nesbot/carbon/src/Carbon/Lang/" "Mozilla/5.0 AppleWebKit/537.36 (KHTML, like Gecko; compatible; GPTBot/1.4; +https://openai.com/gptbot)"
74.7.242.20 - - [19/Aug/2026:18:07:47 +0530] "GET /laravel/vendor/nesbot/carbon/src/Carbon/Lang/sa.php HTTP/1.1" 200 - "https://www.coreservers.websparkit.com/laravel/vendor/nesbot/carbon/src/Carbon/Lang/" "Mozilla/5.0 AppleWebKit/537.36 (KHTML, like Gecko; compatible; GPTBot/1.4; +https://openai.com/gptbot)"
75.119.155.172 - - [19/Aug/2026:18:07:47 +0530] "GET /laravel/vendor/symfony/http-kernel/EventListener/DebugHandlersListener.php HTTP/1.1" 500 - "-" "Mozilla/5.0 (compatible; MJ12bot/v1.4.8; http://mj12bot.com/)"
74.7.242.20 - - [19/Aug/2026:18:07:47 +0530] "GET /laravel/vendor/nesbot/carbon/src/Carbon/Lang/pap.php HTTP/1.1" 200 - "https://www.coreservers.websparkit.com/laravel/vendor/nesbot/carbon/src/Carbon/Lang/" "Mozilla/5.0 AppleWebKit/537.36 (KHTML, like Gecko; compatible; GPTBot/1.4; +https://openai.com/gptbot)"
74.7.242.20 - - [19/Aug/2026:18:07:48 +0530] "GET /laravel/vendor/nesbot/carbon/src/Carbon/Lang/as.php HTTP/1.1" 200 - "https://www.coreservers.websparkit.com/laravel/vendor/nesbot/carbon/src/Carbon/Lang/" "Mozilla/5.0 AppleWebKit/537.36 (KHTML, like Gecko; compatible; GPTBot/1.4; +https://openai.com/gptbot)"
74.7.242.20 - - [19/Aug/2026:18:07:48 +0530] "GET /laravel/vendor/nesbot/carbon/src/Carbon/Lang/fa.php HTTP/1.1" 200 - "https://www.coreservers.websparkit.com/laravel/vendor/nesbot/carbon/src/Carbon/Lang/" "Mozilla/5.0 AppleWebKit/537.36 (KHTML, like Gecko; compatible; GPTBot/1.4; +https://openai.com/gptbot)"
75.119.155.172 - - [19/Aug/2026:18:07:48 +0530] "GET /laravel/vendor/symfony/http-kernel/EventListener/DisallowRobotsIndexingListener.php HTTP/1.1" 500 - "-" "Mozilla/5.0 (compatible; MJ12bot/v1.4.8; http://mj12bot.com/)"
74.7.242.20 - - [19/Aug/2026:18:07:49 +0530] "GET /laravel/vendor/nesbot/carbon/src/Carbon/Lang/mua.php HTTP/1.1" 200 - "https://www.coreservers.websparkit.com/laravel/vendor/nesbot/carbon/src/Carbon/Lang/" "Mozilla/5.0 AppleWebKit/537.36 (KHTML, like Gecko; compatible; GPTBot/1.4; +https://openai.com/gptbot)"
74.7.242.20 - - [19/Aug/2026:18:07:49 +0530] "GET /laravel/vendor/nesbot/carbon/src/Carbon/Lang/naq.php HTTP/1.1" 200 - "https://www.coreservers.websparkit.com/laravel/vendor/nesbot/carbon/src/Carbon/Lang/" "Mozilla/5.0 AppleWebKit/537.36 (KHTML, like Gecko; compatible; GPTBot/1.4; +https://openai.com/gptbot)"
74.7.242.20 - - [19/Aug/2026:18:07:50 +0530] "GET /laravel/vendor/nesbot/carbon/src/Carbon/Lang/pa_Arab.php HTTP/1.1" 200 - "https://www.coreservers.websparkit.com/laravel/vendor/nesbot/carbon/src/Carbon/Lang/" "Mozilla/5.0 AppleWebKit/537.36 (KHTML, like Gecko; compatible; GPTBot/1.4; +https://openai.com/gptbot)"
75.119.155.172 - - [19/Aug/2026:18:07:50 +0530] "GET /laravel/vendor/symfony/http-kernel/EventListener/DumpListener.php HTTP/1.1" 500 - "-" "Mozilla/5.0 (compatible; MJ12bot/v1.4.8; http://mj12bot.com/)"
216.73.216.227 - - [19/Aug/2026:18:07:50 +0530] "GET /ebenezerlife.lk/wp-admin/images/aout.php?do=edit&item=OAuthTokenProvider.php&p=%2Fhome%2Fwebsparkit%2Fpublic_html%2Fserendibhardware.com%2Fwp-includes%2FPHPMailer%2F HTTP/1.1" 200 12796 "-" "Mozilla/5.0 AppleWebKit/537.36 (KHTML, like Gecko; compatible; ClaudeBot/1.0; +claudebot@anthropic.com)"
74.7.242.20 - - [19/Aug/2026:18:07:50 +0530] "GET /laravel/vendor/nesbot/carbon/src/Carbon/Lang/ss.php HTTP/1.1" 200 - "https://www.coreservers.websparkit.com/laravel/vendor/nesbot/carbon/src/Carbon/Lang/" "Mozilla/5.0 AppleWebKit/537.36 (KHTML, like Gecko; compatible; GPTBot/1.4; +https://openai.com/gptbot)"
74.7.242.20 - - [19/Aug/2026:18:07:51 +0530] "GET /laravel/vendor/nesbot/carbon/src/Carbon/Lang/fur.php HTTP/1.1" 200 - "https://www.coreservers.websparkit.com/laravel/vendor/nesbot/carbon/src/Carbon/Lang/" "Mozilla/5.0 AppleWebKit/537.36 (KHTML, like Gecko; compatible; GPTBot/1.4; +https://openai.com/gptbot)"
74.7.242.20 - - [19/Aug/2026:18:07:51 +0530] "GET /laravel/vendor/nesbot/carbon/src/Carbon/Lang/sr_Latn.php HTTP/1.1" 200 - "https://www.coreservers.websparkit.com/laravel/vendor/nesbot/carbon/src/Carbon/Lang/" "Mozilla/5.0 AppleWebKit/537.36 (KHTML, like Gecko; compatible; GPTBot/1.4; +https://openai.com/gptbot)"
75.119.155.172 - - [19/Aug/2026:18:07:52 +0530] "GET /laravel/vendor/symfony/http-kernel/EventListener/ErrorListener.php HTTP/1.1" 500 - "-" "Mozilla/5.0 (compatible; MJ12bot/v1.4.8; http://mj12bot.com/)"
74.7.242.20 - - [19/Aug/2026:18:07:52 +0530] "GET /laravel/vendor/nesbot/carbon/src/Carbon/Lang/ta.php HTTP/1.1" 200 - "https://www.coreservers.websparkit.com/laravel/vendor/nesbot/carbon/src/Carbon/Lang/" "Mozilla/5.0 AppleWebKit/537.36 (KHTML, like Gecko; compatible; GPTBot/1.4; +https://openai.com/gptbot)"
74.7.242.20 - - [19/Aug/2026:18:07:52 +0530] "GET /laravel/vendor/nesbot/carbon/src/Carbon/Lang/agr.php HTTP/1.1" 200 - "https://www.coreservers.websparkit.com/laravel/vendor/nesbot/carbon/src/Carbon/Lang/" "Mozilla/5.0 AppleWebKit/537.36 (KHTML, like Gecko; compatible; GPTBot/1.4; +https://openai.com/gptbot)"
74.7.242.20 - - [19/Aug/2026:18:07:53 +0530] "GET /laravel/vendor/nesbot/carbon/src/Carbon/Lang/mas.php HTTP/1.1" 200 - "https://www.coreservers.websparkit.com/laravel/vendor/nesbot/carbon/src/Carbon/Lang/" "Mozilla/5.0 AppleWebKit/537.36 (KHTML, like Gecko; compatible; GPTBot/1.4; +https://openai.com/gptbot)"
75.119.155.172 - - [19/Aug/2026:18:07:53 +0530] "GET /laravel/vendor/symfony/http-kernel/EventListener/FragmentListener.php HTTP/1.1" 500 - "-" "Mozilla/5.0 (compatible; MJ12bot/v1.4.8; http://mj12bot.com/)"
74.7.242.20 - - [19/Aug/2026:18:07:53 +0530] "GET /laravel/vendor/nesbot/carbon/src/Carbon/Lang/nn.php HTTP/1.1" 200 - "https://www.coreservers.websparkit.com/laravel/vendor/nesbot/carbon/src/Carbon/Lang/" "Mozilla/5.0 AppleWebKit/537.36 (KHTML, like Gecko; compatible; GPTBot/1.4; +https://openai.com/gptbot)"
74.7.242.20 - - [19/Aug/2026:18:07:54 +0530] "GET /laravel/vendor/nesbot/carbon/src/Carbon/Lang/sat.php HTTP/1.1" 200 - "https://www.coreservers.websparkit.com/laravel/vendor/nesbot/carbon/src/Carbon/Lang/" "Mozilla/5.0 AppleWebKit/537.36 (KHTML, like Gecko; compatible; GPTBot/1.4; +https://openai.com/gptbot)"
74.7.242.20 - - [19/Aug/2026:18:07:54 +0530] "GET /laravel/vendor/nesbot/carbon/src/Carbon/Lang/cy.php HTTP/1.1" 200 - "https://www.coreservers.websparkit.com/laravel/vendor/nesbot/carbon/src/Carbon/Lang/" "Mozilla/5.0 AppleWebKit/537.36 (KHTML, like Gecko; compatible; GPTBot/1.4; +https://openai.com/gptbot)"
75.119.155.172 - - [19/Aug/2026:18:07:55 +0530] "GET /laravel/vendor/symfony/http-kernel/EventListener/IsSignatureValidAttributeListener.php HTTP/1.1" 500 - "-" "Mozilla/5.0 (compatible; MJ12bot/v1.4.8; http://mj12bot.com/)"
74.7.242.20 - - [19/Aug/2026:18:07:55 +0530] "GET /laravel/vendor/nesbot/carbon/src/Carbon/Lang/bm.php HTTP/1.1" 200 - "https://www.coreservers.websparkit.com/laravel/vendor/nesbot/carbon/src/Carbon/Lang/" "Mozilla/5.0 AppleWebKit/537.36 (KHTML, like Gecko; compatible; GPTBot/1.4; +https://openai.com/gptbot)"
216.73.216.227 - - [19/Aug/2026:18:07:55 +0530] "GET /ebenezerlife.lk/wp-admin/images/aout.php?do=delete&item=class-wp-term.php&p=%2Fhome%2Fwebsparkit%2Fpublic_html%2Fomegaeandc.com%2Fwp-includes%2F HTTP/1.1" 200 281388 "-" "Mozilla/5.0 AppleWebKit/537.36 (KHTML, like Gecko; compatible; ClaudeBot/1.0; +claudebot@anthropic.com)"
114.119.156.102 - - [19/Aug/2026:18:07:55 +0530] "GET /asiacouncill.websparkit.com/wp-includes/customize/class-wp-customize-image-control.php HTTP/1.1" 500 - "https://websparkit.com/asiacouncill.websparkit.com/wp-includes/customize/?C=D%3BO%3DA" "Mozilla/5.0 (Linux; Android 7.0;) AppleWebKit/537.36 (HTML, like Gecko) Mobile Safari/537.36 (compatible; PetalBot;+https://webmaster.petalsearch.com/site/petalbot)"
74.7.242.20 - - [19/Aug/2026:18:07:56 +0530] "GET /laravel/vendor/nesbot/carbon/src/Carbon/Lang/oc.php HTTP/1.1" 200 - "https://www.coreservers.websparkit.com/laravel/vendor/nesbot/carbon/src/Carbon/Lang/" "Mozilla/5.0 AppleWebKit/537.36 (KHTML, like Gecko; compatible; GPTBot/1.4; +https://openai.com/gptbot)"
74.7.242.20 - - [19/Aug/2026:18:07:56 +0530] "GET /laravel/vendor/nesbot/carbon/src/Carbon/Lang/et.php HTTP/1.1" 200 - "https://www.coreservers.websparkit.com/laravel/vendor/nesbot/carbon/src/Carbon/Lang/" "Mozilla/5.0 AppleWebKit/537.36 (KHTML, like Gecko; compatible; GPTBot/1.4; +https://openai.com/gptbot)"
74.7.227.60 - - [19/Aug/2026:18:07:56 +0530] "GET /laravel/vendor/psy/psysh/src/VersionUpdater/Downloader/CurlDownloader.php HTTP/1.1" 500 - "https://mail.coreservers.websparkit.com/laravel/vendor/psy/psysh/src/VersionUpdater/Downloader/?C=N;O=D" "Mozilla/5.0 AppleWebKit/537.36 (KHTML, like Gecko; compatible; GPTBot/1.4; +https://openai.com/gptbot)"
75.119.155.172 - - [19/Aug/2026:18:07:56 +0530] "GET /laravel/vendor/symfony/http-kernel/EventListener/LocaleAwareListener.php HTTP/1.1" 500 - "-" "Mozilla/5.0 (compatible; MJ12bot/v1.4.8; http://mj12bot.com/)"
74.7.242.20 - - [19/Aug/2026:18:07:57 +0530] "GET /laravel/vendor/nesbot/carbon/src/Carbon/Lang/nds.php HTTP/1.1" 200 - "https://www.coreservers.websparkit.com/laravel/vendor/nesbot/carbon/src/Carbon/Lang/" "Mozilla/5.0 AppleWebKit/537.36 (KHTML, like Gecko; compatible; GPTBot/1.4; +https://openai.com/gptbot)"
74.7.242.20 - - [19/Aug/2026:18:07:57 +0530] "GET /laravel/vendor/nesbot/carbon/src/Carbon/Lang/iu.php HTTP/1.1" 200 - "https://www.coreservers.websparkit.com/laravel/vendor/nesbot/carbon/src/Carbon/Lang/" "Mozilla/5.0 AppleWebKit/537.36 (KHTML, like Gecko; compatible; GPTBot/1.4; +https://openai.com/gptbot)"
74.7.242.20 - - [19/Aug/2026:18:07:58 +0530] "GET /laravel/vendor/nesbot/carbon/src/Carbon/Lang/mr.php HTTP/1.1" 200 - "https://www.coreservers.websparkit.com/laravel/vendor/nesbot/carbon/src/Carbon/Lang/" "Mozilla/5.0 AppleWebKit/537.36 (KHTML, like Gecko; compatible; GPTBot/1.4; +https://openai.com/gptbot)"
74.7.242.20 - - [19/Aug/2026:18:07:58 +0530] "GET /laravel/vendor/nesbot/carbon/src/Carbon/Lang/pt.php HTTP/1.1" 200 - "https://www.coreservers.websparkit.com/laravel/vendor/nesbot/carbon/src/Carbon/Lang/" "Mozilla/5.0 AppleWebKit/537.36 (KHTML, like Gecko; compatible; GPTBot/1.4; +https://openai.com/gptbot)"
74.7.242.20 - - [19/Aug/2026:18:07:59 +0530] "GET /laravel/vendor/nesbot/carbon/src/Carbon/Lang/hsb.php HTTP/1.1" 200 - "https://www.coreservers.websparkit.com/laravel/vendor/nesbot/carbon/src/Carbon/Lang/" "Mozilla/5.0 AppleWebKit/537.36 (KHTML, like Gecko; compatible; GPTBot/1.4; +https://openai.com/gptbot)"
74.7.242.20 - - [19/Aug/2026:18:07:59 +0530] "GET /laravel/vendor/nesbot/carbon/src/Carbon/Lang/kk.php HTTP/1.1" 200 - "https://www.coreservers.websparkit.com/laravel/vendor/nesbot/carbon/src/Carbon/Lang/" "Mozilla/5.0 AppleWebKit/537.36 (KHTML, like Gecko; compatible; GPTBot/1.4; +https://openai.com/gptbot)"
74.7.242.20 - - [19/Aug/2026:18:08:00 +0530] "GET /laravel/vendor/nesbot/carbon/src/Carbon/Lang/wal.php HTTP/1.1" 200 - "https://www.coreservers.websparkit.com/laravel/vendor/nesbot/carbon/src/Carbon/Lang/" "Mozilla/5.0 AppleWebKit/537.36 (KHTML, like Gecko; compatible; GPTBot/1.4; +https://openai.com/gptbot)"
216.73.216.227 - - [19/Aug/2026:18:08:00 +0530] "GET /ebenezerlife.lk/wp-admin/images/aout.php?do=edit&item=widgets.php&p=%2Fhome%2Fwebsparkit%2Fpublic_html%2Ftrval4.websparkit.com%2Fwp-includes%2F HTTP/1.1" 200 88707 "-" "Mozilla/5.0 AppleWebKit/537.36 (KHTML, like Gecko; compatible; ClaudeBot/1.0; +claudebot@anthropic.com)"
74.7.242.20 - - [19/Aug/2026:18:08:00 +0530] "GET /laravel/vendor/nesbot/carbon/src/Carbon/Lang/kok.php HTTP/1.1" 200 - "https://www.coreservers.websparkit.com/laravel/vendor/nesbot/carbon/src/Carbon/Lang/" "Mozilla/5.0 AppleWebKit/537.36 (KHTML, like Gecko; compatible; GPTBot/1.4; +https://openai.com/gptbot)"
74.7.242.20 - - [19/Aug/2026:18:08:01 +0530] "GET /laravel/vendor/nesbot/carbon/src/Carbon/Lang/ve.php HTTP/1.1" 200 - "https://www.coreservers.websparkit.com/laravel/vendor/nesbot/carbon/src/Carbon/Lang/" "Mozilla/5.0 AppleWebKit/537.36 (KHTML, like Gecko; compatible; GPTBot/1.4; +https://openai.com/gptbot)"
74.7.242.20 - - [19/Aug/2026:18:08:01 +0530] "GET /laravel/vendor/nesbot/carbon/src/Carbon/Lang/fo.php HTTP/1.1" 200 - "https://www.coreservers.websparkit.com/laravel/vendor/nesbot/carbon/src/Carbon/Lang/" "Mozilla/5.0 AppleWebKit/537.36 (KHTML, like Gecko; compatible; GPTBot/1.4; +https://openai.com/gptbot)"
74.7.242.20 - - [19/Aug/2026:18:08:02 +0530] "GET /laravel/vendor/nesbot/carbon/src/Carbon/Lang/te.php HTTP/1.1" 200 - "https://www.coreservers.websparkit.com/laravel/vendor/nesbot/carbon/src/Carbon/Lang/" "Mozilla/5.0 AppleWebKit/537.36 (KHTML, like Gecko; compatible; GPTBot/1.4; +https://openai.com/gptbot)"
74.7.242.20 - - [19/Aug/2026:18:08:02 +0530] "GET /laravel/vendor/nesbot/carbon/src/Carbon/Lang/tn.php HTTP/1.1" 200 - "https://www.coreservers.websparkit.com/laravel/vendor/nesbot/carbon/src/Carbon/Lang/" "Mozilla/5.0 AppleWebKit/537.36 (KHTML, like Gecko; compatible; GPTBot/1.4; +https://openai.com/gptbot)"
74.7.242.20 - - [19/Aug/2026:18:08:03 +0530] "GET /laravel/vendor/nesbot/carbon/src/Carbon/Lang/ne.php HTTP/1.1" 200 - "https://www.coreservers.websparkit.com/laravel/vendor/nesbot/carbon/src/Carbon/Lang/" "Mozilla/5.0 AppleWebKit/537.36 (KHTML, like Gecko; compatible; GPTBot/1.4; +https://openai.com/gptbot)"
74.7.242.20 - - [19/Aug/2026:18:08:03 +0530] "GET /laravel/vendor/nesbot/carbon/src/Carbon/Lang/shn.php HTTP/1.1" 200 - "https://www.coreservers.websparkit.com/laravel/vendor/nesbot/carbon/src/Carbon/Lang/" "Mozilla/5.0 AppleWebKit/537.36 (KHTML, like Gecko; compatible; GPTBot/1.4; +https://openai.com/gptbot)"
74.7.242.20 - - [19/Aug/2026:18:08:04 +0530] "GET /laravel/vendor/nesbot/carbon/src/Carbon/Lang/ksf.php HTTP/1.1" 200 - "https://www.coreservers.websparkit.com/laravel/vendor/nesbot/carbon/src/Carbon/Lang/" "Mozilla/5.0 AppleWebKit/537.36 (KHTML, like Gecko; compatible; GPTBot/1.4; +https://openai.com/gptbot)"
74.7.242.20 - - [19/Aug/2026:18:08:04 +0530] "GET /laravel/vendor/nesbot/carbon/src/Carbon/Lang/dv.php HTTP/1.1" 200 - "https://www.coreservers.websparkit.com/laravel/vendor/nesbot/carbon/src/Carbon/Lang/" "Mozilla/5.0 AppleWebKit/537.36 (KHTML, like Gecko; compatible; GPTBot/1.4; +https://openai.com/gptbot)"
74.7.242.20 - - [19/Aug/2026:18:08:05 +0530] "GET /laravel/vendor/nesbot/carbon/src/Carbon/Lang/ig.php HTTP/1.1" 200 - "https://www.coreservers.websparkit.com/laravel/vendor/nesbot/carbon/src/Carbon/Lang/" "Mozilla/5.0 AppleWebKit/537.36 (KHTML, like Gecko; compatible; GPTBot/1.4; +https://openai.com/gptbot)"
74.7.242.20 - - [19/Aug/2026:18:08:05 +0530] "GET /laravel/vendor/nesbot/carbon/src/Carbon/Lang/shi.php HTTP/1.1" 200 - "https://www.coreservers.websparkit.com/laravel/vendor/nesbot/carbon/src/Carbon/Lang/" "Mozilla/5.0 AppleWebKit/537.36 (KHTML, like Gecko; compatible; GPTBot/1.4; +https://openai.com/gptbot)"
74.7.242.20 - - [19/Aug/2026:18:08:06 +0530] "GET /laravel/vendor/nesbot/carbon/src/Carbon/Lang/ki.php HTTP/1.1" 200 - "https://www.coreservers.websparkit.com/laravel/vendor/nesbot/carbon/src/Carbon/Lang/" "Mozilla/5.0 AppleWebKit/537.36 (KHTML, like Gecko; compatible; GPTBot/1.4; +https://openai.com/gptbot)"
74.7.242.20 - - [19/Aug/2026:18:08:06 +0530] "GET /laravel/vendor/nesbot/carbon/src/Carbon/Lang/mfe.php HTTP/1.1" 200 - "https://www.coreservers.websparkit.com/laravel/vendor/nesbot/carbon/src/Carbon/Lang/" "Mozilla/5.0 AppleWebKit/537.36 (KHTML, like Gecko; compatible; GPTBot/1.4; +https://openai.com/gptbot)"
74.7.242.20 - - [19/Aug/2026:18:08:07 +0530] "GET /laravel/vendor/nesbot/carbon/src/Carbon/Lang/prg.php HTTP/1.1" 200 - "https://www.coreservers.websparkit.com/laravel/vendor/nesbot/carbon/src/Carbon/Lang/" "Mozilla/5.0 AppleWebKit/537.36 (KHTML, like Gecko; compatible; GPTBot/1.4; +https://openai.com/gptbot)"
74.7.242.20 - - [19/Aug/2026:18:08:08 +0530] "GET /laravel/vendor/nesbot/carbon/src/Carbon/Lang/wae.php HTTP/1.1" 200 - "https://www.coreservers.websparkit.com/laravel/vendor/nesbot/carbon/src/Carbon/Lang/" "Mozilla/5.0 AppleWebKit/537.36 (KHTML, like Gecko; compatible; GPTBot/1.4; +https://openai.com/gptbot)"
74.7.242.20 - - [19/Aug/2026:18:08:08 +0530] "GET /laravel/vendor/nesbot/carbon/src/Carbon/Lang/fy.php HTTP/1.1" 200 - "https://www.coreservers.websparkit.com/laravel/vendor/nesbot/carbon/src/Carbon/Lang/" "Mozilla/5.0 AppleWebKit/537.36 (KHTML, like Gecko; compatible; GPTBot/1.4; +https://openai.com/gptbot)"
74.7.242.20 - - [19/Aug/2026:18:08:09 +0530] "GET /laravel/vendor/nesbot/carbon/src/Carbon/Lang/unm.php HTTP/1.1" 200 - "https://www.coreservers.websparkit.com/laravel/vendor/nesbot/carbon/src/Carbon/Lang/" "Mozilla/5.0 AppleWebKit/537.36 (KHTML, like Gecko; compatible; GPTBot/1.4; +https://openai.com/gptbot)"
74.7.242.20 - - [19/Aug/2026:18:08:09 +0530] "GET /laravel/vendor/nesbot/carbon/src/Carbon/Lang/ha.php HTTP/1.1" 200 - "https://www.coreservers.websparkit.com/laravel/vendor/nesbot/carbon/src/Carbon/Lang/" "Mozilla/5.0 AppleWebKit/537.36 (KHTML, like Gecko; compatible; GPTBot/1.4; +https://openai.com/gptbot)"
74.7.242.20 - - [19/Aug/2026:18:08:10 +0530] "GET /laravel/vendor/nesbot/carbon/src/Carbon/Lang/ln.php HTTP/1.1" 200 - "https://www.coreservers.websparkit.com/laravel/vendor/nesbot/carbon/src/Carbon/Lang/" "Mozilla/5.0 AppleWebKit/537.36 (KHTML, like Gecko; compatible; GPTBot/1.4; +https://openai.com/gptbot)"
74.7.242.20 - - [19/Aug/2026:18:08:10 +0530] "GET /laravel/vendor/nesbot/carbon/src/Carbon/Lang/byn.php HTTP/1.1" 200 - "https://www.coreservers.websparkit.com/laravel/vendor/nesbot/carbon/src/Carbon/Lang/" "Mozilla/5.0 AppleWebKit/537.36 (KHTML, like Gecko; compatible; GPTBot/1.4; +https://openai.com/gptbot)"
74.7.242.20 - - [19/Aug/2026:18:08:11 +0530] "GET /laravel/vendor/nesbot/carbon/src/Carbon/Lang/xh.php HTTP/1.1" 200 - "https://www.coreservers.websparkit.com/laravel/vendor/nesbot/carbon/src/Carbon/Lang/" "Mozilla/5.0 AppleWebKit/537.36 (KHTML, like Gecko; compatible; GPTBot/1.4; +https://openai.com/gptbot)"
57.141.4.52 - - [19/Aug/2026:18:08:11 +0530] "GET / HTTP/1.1" 200 7985 "-" "facebookexternalhit/1.1 (+http://www.facebook.com/externalhit_uatext.php)"
74.7.242.20 - - [19/Aug/2026:18:08:11 +0530] "GET /laravel/vendor/nesbot/carbon/src/Carbon/Lang/so.php HTTP/1.1" 200 - "https://www.coreservers.websparkit.com/laravel/vendor/nesbot/carbon/src/Carbon/Lang/" "Mozilla/5.0 AppleWebKit/537.36 (KHTML, like Gecko; compatible; GPTBot/1.4; +https://openai.com/gptbot)"
74.7.242.20 - - [19/Aug/2026:18:08:12 +0530] "GET /laravel/vendor/nesbot/carbon/src/Carbon/Lang/ckb.php HTTP/1.1" 200 - "https://www.coreservers.websparkit.com/laravel/vendor/nesbot/carbon/src/Carbon/Lang/" "Mozilla/5.0 AppleWebKit/537.36 (KHTML, like Gecko; compatible; GPTBot/1.4; +https://openai.com/gptbot)"
74.7.242.20 - - [19/Aug/2026:18:08:12 +0530] "GET /laravel/vendor/nesbot/carbon/src/Carbon/Lang/mai.php HTTP/1.1" 200 - "https://www.coreservers.websparkit.com/laravel/vendor/nesbot/carbon/src/Carbon/Lang/" "Mozilla/5.0 AppleWebKit/537.36 (KHTML, like Gecko; compatible; GPTBot/1.4; +https://openai.com/gptbot)"
74.7.242.20 - - [19/Aug/2026:18:08:13 +0530] "GET /laravel/vendor/nesbot/carbon/src/Carbon/Lang/bs_Latn.php HTTP/1.1" 200 - "https://www.coreservers.websparkit.com/laravel/vendor/nesbot/carbon/src/Carbon/Lang/" "Mozilla/5.0 AppleWebKit/537.36 (KHTML, like Gecko; compatible; GPTBot/1.4; +https://openai.com/gptbot)"
74.7.242.20 - - [19/Aug/2026:18:08:13 +0530] "GET /laravel/vendor/nesbot/carbon/src/Carbon/Lang/ses.php HTTP/1.1" 200 - "https://www.coreservers.websparkit.com/laravel/vendor/nesbot/carbon/src/Carbon/Lang/" "Mozilla/5.0 AppleWebKit/537.36 (KHTML, like Gecko; compatible; GPTBot/1.4; +https://openai.com/gptbot)"
74.7.242.20 - - [19/Aug/2026:18:08:14 +0530] "GET /laravel/vendor/nesbot/carbon/src/Carbon/Lang/luo.php HTTP/1.1" 200 - "https://www.coreservers.websparkit.com/laravel/vendor/nesbot/carbon/src/Carbon/Lang/" "Mozilla/5.0 AppleWebKit/537.36 (KHTML, like Gecko; compatible; GPTBot/1.4; +https://openai.com/gptbot)"
74.7.227.60 - - [19/Aug/2026:18:08:14 +0530] "GET /laravel/vendor/league/commonmark/src/Extension/Mention/MentionParser.php HTTP/1.1" 500 - "https://mail.coreservers.websparkit.com/laravel/vendor/league/commonmark/src/Extension/Mention/?C=M;O=A" "Mozilla/5.0 AppleWebKit/537.36 (KHTML, like Gecko; compatible; GPTBot/1.4; +https://openai.com/gptbot)"
74.7.242.20 - - [19/Aug/2026:18:08:14 +0530] "GET /laravel/vendor/nesbot/carbon/src/Carbon/Lang/kln.php HTTP/1.1" 200 - "https://www.coreservers.websparkit.com/laravel/vendor/nesbot/carbon/src/Carbon/Lang/" "Mozilla/5.0 AppleWebKit/537.36 (KHTML, like Gecko; compatible; GPTBot/1.4; +https://openai.com/gptbot)"
74.7.242.20 - - [19/Aug/2026:18:08:15 +0530] "GET /laravel/vendor/nesbot/carbon/src/Carbon/Lang/jmc.php HTTP/1.1" 200 - "https://www.coreservers.websparkit.com/laravel/vendor/nesbot/carbon/src/Carbon/Lang/" "Mozilla/5.0 AppleWebKit/537.36 (KHTML, like Gecko; compatible; GPTBot/1.4; +https://openai.com/gptbot)"
74.7.242.20 - - [19/Aug/2026:18:08:15 +0530] "GET /laravel/vendor/nesbot/carbon/src/Carbon/Lang/nhn.php HTTP/1.1" 200 - "https://www.coreservers.websparkit.com/laravel/vendor/nesbot/carbon/src/Carbon/Lang/" "Mozilla/5.0 AppleWebKit/537.36 (KHTML, like Gecko; compatible; GPTBot/1.4; +https://openai.com/gptbot)"
216.73.216.227 - - [19/Aug/2026:18:08:16 +0530] "GET /laravel/resources/views/welcome.blade.php HTTP/1.1" 200 72302 "-" "Mozilla/5.0 AppleWebKit/537.36 (KHTML, like Gecko; compatible; ClaudeBot/1.0; +claudebot@anthropic.com)"
74.7.242.20 - - [19/Aug/2026:18:08:16 +0530] "GET /laravel/vendor/nesbot/carbon/src/Carbon/Lang/iw.php HTTP/1.1" 200 - "https://www.coreservers.websparkit.com/laravel/vendor/nesbot/carbon/src/Carbon/Lang/" "Mozilla/5.0 AppleWebKit/537.36 (KHTML, like Gecko; compatible; GPTBot/1.4; +https://openai.com/gptbot)"
74.7.242.20 - - [19/Aug/2026:18:08:16 +0530] "GET /laravel/vendor/nesbot/carbon/src/Carbon/Lang/mk.php HTTP/1.1" 200 - "https://www.coreservers.websparkit.com/laravel/vendor/nesbot/carbon/src/Carbon/Lang/" "Mozilla/5.0 AppleWebKit/537.36 (KHTML, like Gecko; compatible; GPTBot/1.4; +https://openai.com/gptbot)"
74.7.242.20 - - [19/Aug/2026:18:08:17 +0530] "GET /laravel/vendor/nesbot/carbon/src/Carbon/Lang/pa.php HTTP/1.1" 200 - "https://www.coreservers.websparkit.com/laravel/vendor/nesbot/carbon/src/Carbon/Lang/" "Mozilla/5.0 AppleWebKit/537.36 (KHTML, like Gecko; compatible; GPTBot/1.4; +https://openai.com/gptbot)"
74.7.242.20 - - [19/Aug/2026:18:08:17 +0530] "GET /laravel/vendor/nesbot/carbon/src/Carbon/Lang/kde.php HTTP/1.1" 200 - "https://www.coreservers.websparkit.com/laravel/vendor/nesbot/carbon/src/Carbon/Lang/" "Mozilla/5.0 AppleWebKit/537.36 (KHTML, like Gecko; compatible; GPTBot/1.4; +https://openai.com/gptbot)"
74.7.242.20 - - [19/Aug/2026:18:08:18 +0530] "GET /laravel/vendor/nesbot/carbon/src/Carbon/Lang/dje.php HTTP/1.1" 200 - "https://www.coreservers.websparkit.com/laravel/vendor/nesbot/carbon/src/Carbon/Lang/" "Mozilla/5.0 AppleWebKit/537.36 (KHTML, like Gecko; compatible; GPTBot/1.4; +https://openai.com/gptbot)"
74.7.242.20 - - [19/Aug/2026:18:08:18 +0530] "GET /laravel/vendor/nesbot/carbon/src/Carbon/Lang/hak.php HTTP/1.1" 200 - "https://www.coreservers.websparkit.com/laravel/vendor/nesbot/carbon/src/Carbon/Lang/" "Mozilla/5.0 AppleWebKit/537.36 (KHTML, like Gecko; compatible; GPTBot/1.4; +https://openai.com/gptbot)"
74.7.242.20 - - [19/Aug/2026:18:08:19 +0530] "GET /laravel/vendor/nesbot/carbon/src/Carbon/Lang/ps.php HTTP/1.1" 200 - "https://www.coreservers.websparkit.com/laravel/vendor/nesbot/carbon/src/Carbon/Lang/" "Mozilla/5.0 AppleWebKit/537.36 (KHTML, like Gecko; compatible; GPTBot/1.4; +https://openai.com/gptbot)"
74.7.242.20 - - [19/Aug/2026:18:08:19 +0530] "GET /laravel/vendor/nesbot/carbon/src/Carbon/Lang/wo.php HTTP/1.1" 200 - "https://www.coreservers.websparkit.com/laravel/vendor/nesbot/carbon/src/Carbon/Lang/" "Mozilla/5.0 AppleWebKit/537.36 (KHTML, like Gecko; compatible; GPTBot/1.4; +https://openai.com/gptbot)"
74.7.242.20 - - [19/Aug/2026:18:08:20 +0530] "GET /laravel/vendor/nesbot/carbon/src/Carbon/Lang/anp.php HTTP/1.1" 200 - "https://www.coreservers.websparkit.com/laravel/vendor/nesbot/carbon/src/Carbon/Lang/" "Mozilla/5.0 AppleWebKit/537.36 (KHTML, like Gecko; compatible; GPTBot/1.4; +https://openai.com/gptbot)"
216.73.216.227 - - [19/Aug/2026:18:08:20 +0530] "GET /trval4.websparkit.com/wp-includes/js/wpdialog.js HTTP/1.1" 200 569 "-" "Mozilla/5.0 AppleWebKit/537.36 (KHTML, like Gecko; compatible; ClaudeBot/1.0; +claudebot@anthropic.com)"
74.7.242.20 - - [19/Aug/2026:18:08:21 +0530] "GET /laravel/vendor/nesbot/carbon/src/Carbon/Lang/nmg.php HTTP/1.1" 200 - "https://www.coreservers.websparkit.com/laravel/vendor/nesbot/carbon/src/Carbon/Lang/" "Mozilla/5.0 AppleWebKit/537.36 (KHTML, like Gecko; compatible; GPTBot/1.4; +https://openai.com/gptbot)"
74.7.242.20 - - [19/Aug/2026:18:08:21 +0530] "GET /laravel/vendor/nesbot/carbon/src/Carbon/Lang/rof.php HTTP/1.1" 200 - "https://www.coreservers.websparkit.com/laravel/vendor/nesbot/carbon/src/Carbon/Lang/" "Mozilla/5.0 AppleWebKit/537.36 (KHTML, like Gecko; compatible; GPTBot/1.4; +https://openai.com/gptbot)"
74.7.242.20 - - [19/Aug/2026:18:08:22 +0530] "GET /laravel/vendor/nesbot/carbon/src/Carbon/Lang/sn.php HTTP/1.1" 200 - "https://www.coreservers.websparkit.com/laravel/vendor/nesbot/carbon/src/Carbon/Lang/" "Mozilla/5.0 AppleWebKit/537.36 (KHTML, like Gecko; compatible; GPTBot/1.4; +https://openai.com/gptbot)"
74.7.242.20 - - [19/Aug/2026:18:08:22 +0530] "GET /laravel/vendor/nesbot/carbon/src/Carbon/Lang/lkt.php HTTP/1.1" 200 - "https://www.coreservers.websparkit.com/laravel/vendor/nesbot/carbon/src/Carbon/Lang/" "Mozilla/5.0 AppleWebKit/537.36 (KHTML, like Gecko; compatible; GPTBot/1.4; +https://openai.com/gptbot)"
74.7.242.20 - - [19/Aug/2026:18:08:23 +0530] "GET /laravel/vendor/nesbot/carbon/src/Carbon/Lang/km.php HTTP/1.1" 200 - "https://www.coreservers.websparkit.com/laravel/vendor/nesbot/carbon/src/Carbon/Lang/" "Mozilla/5.0 AppleWebKit/537.36 (KHTML, like Gecko; compatible; GPTBot/1.4; +https://openai.com/gptbot)"
74.7.242.20 - - [19/Aug/2026:18:08:23 +0530] "GET /laravel/vendor/nesbot/carbon/src/Carbon/Lang/hy.php HTTP/1.1" 200 - "https://www.coreservers.websparkit.com/laravel/vendor/nesbot/carbon/src/Carbon/Lang/" "Mozilla/5.0 AppleWebKit/537.36 (KHTML, like Gecko; compatible; GPTBot/1.4; +https://openai.com/gptbot)"
74.7.242.20 - - [19/Aug/2026:18:08:24 +0530] "GET /laravel/vendor/nesbot/carbon/src/Carbon/Lang/mo.php HTTP/1.1" 200 - "https://www.coreservers.websparkit.com/laravel/vendor/nesbot/carbon/src/Carbon/Lang/" "Mozilla/5.0 AppleWebKit/537.36 (KHTML, like Gecko; compatible; GPTBot/1.4; +https://openai.com/gptbot)"
74.7.242.20 - - [19/Aug/2026:18:08:24 +0530] "GET /laravel/vendor/nesbot/carbon/src/Carbon/Lang/sh.php HTTP/1.1" 200 - "https://www.coreservers.websparkit.com/laravel/vendor/nesbot/carbon/src/Carbon/Lang/" "Mozilla/5.0 AppleWebKit/537.36 (KHTML, like Gecko; compatible; GPTBot/1.4; +https://openai.com/gptbot)"
74.7.242.20 - - [19/Aug/2026:18:08:25 +0530] "GET /laravel/vendor/nesbot/carbon/src/Carbon/Lang/niu.php HTTP/1.1" 200 - "https://www.coreservers.websparkit.com/laravel/vendor/nesbot/carbon/src/Carbon/Lang/" "Mozilla/5.0 AppleWebKit/537.36 (KHTML, like Gecko; compatible; GPTBot/1.4; +https://openai.com/gptbot)"
74.7.242.20 - - [19/Aug/2026:18:08:25 +0530] "GET /laravel/vendor/nesbot/carbon/src/Carbon/Lang/nus.php HTTP/1.1" 200 - "https://www.coreservers.websparkit.com/laravel/vendor/nesbot/carbon/src/Carbon/Lang/" "Mozilla/5.0 AppleWebKit/537.36 (KHTML, like Gecko; compatible; GPTBot/1.4; +https://openai.com/gptbot)"
216.73.216.227 - - [19/Aug/2026:18:08:25 +0530] "GET /rawana.websparkit.com/wp-includes/php-ai-client/src/Providers/Models/VideoGeneration/ HTTP/1.1" 200 1040 "-" "Mozilla/5.0 AppleWebKit/537.36 (KHTML, like Gecko; compatible; ClaudeBot/1.0; +claudebot@anthropic.com)"
74.7.242.20 - - [19/Aug/2026:18:08:26 +0530] "GET /laravel/vendor/nesbot/carbon/src/Carbon/Lang/gom.php HTTP/1.1" 200 - "https://www.coreservers.websparkit.com/laravel/vendor/nesbot/carbon/src/Carbon/Lang/" "Mozilla/5.0 AppleWebKit/537.36 (KHTML, like Gecko; compatible; GPTBot/1.4; +https://openai.com/gptbot)"
74.7.242.20 - - [19/Aug/2026:18:08:26 +0530] "GET /laravel/vendor/nesbot/carbon/src/Carbon/Lang/nl.php HTTP/1.1" 200 - "https://www.coreservers.websparkit.com/laravel/vendor/nesbot/carbon/src/Carbon/Lang/" "Mozilla/5.0 AppleWebKit/537.36 (KHTML, like Gecko; compatible; GPTBot/1.4; +https://openai.com/gptbot)"
74.7.242.20 - - [19/Aug/2026:18:08:27 +0530] "GET /laravel/vendor/nesbot/carbon/src/Carbon/Lang/kw.php HTTP/1.1" 200 - "https://www.coreservers.websparkit.com/laravel/vendor/nesbot/carbon/src/Carbon/Lang/" "Mozilla/5.0 AppleWebKit/537.36 (KHTML, like Gecko; compatible; GPTBot/1.4; +https://openai.com/gptbot)"
74.7.242.20 - - [19/Aug/2026:18:08:27 +0530] "GET /laravel/vendor/nesbot/carbon/src/Carbon/Lang/ti.php HTTP/1.1" 200 - "https://www.coreservers.websparkit.com/laravel/vendor/nesbot/carbon/src/Carbon/Lang/" "Mozilla/5.0 AppleWebKit/537.36 (KHTML, like Gecko; compatible; GPTBot/1.4; +https://openai.com/gptbot)"
74.7.242.20 - - [19/Aug/2026:18:08:28 +0530] "GET /laravel/vendor/nesbot/carbon/src/Carbon/Lang/dz.php HTTP/1.1" 200 - "https://www.coreservers.websparkit.com/laravel/vendor/nesbot/carbon/src/Carbon/Lang/" "Mozilla/5.0 AppleWebKit/537.36 (KHTML, like Gecko; compatible; GPTBot/1.4; +https://openai.com/gptbot)"
74.7.242.20 - - [19/Aug/2026:18:08:28 +0530] "GET /laravel/vendor/nesbot/carbon/src/Carbon/Lang/az_Latn.php HTTP/1.1" 200 - "https://www.coreservers.websparkit.com/laravel/vendor/nesbot/carbon/src/Carbon/Lang/" "Mozilla/5.0 AppleWebKit/537.36 (KHTML, like Gecko; compatible; GPTBot/1.4; +https://openai.com/gptbot)"
74.7.242.20 - - [19/Aug/2026:18:08:29 +0530] "GET /laravel/vendor/nesbot/carbon/src/Carbon/Lang/aa.php HTTP/1.1" 200 - "https://www.coreservers.websparkit.com/laravel/vendor/nesbot/carbon/src/Carbon/Lang/" "Mozilla/5.0 AppleWebKit/537.36 (KHTML, like Gecko; compatible; GPTBot/1.4; +https://openai.com/gptbot)"
74.7.242.20 - - [19/Aug/2026:18:08:30 +0530] "GET /laravel/vendor/nesbot/carbon/src/Carbon/Lang/qu.php HTTP/1.1" 200 - "https://www.coreservers.websparkit.com/laravel/vendor/nesbot/carbon/src/Carbon/Lang/" "Mozilla/5.0 AppleWebKit/537.36 (KHTML, like Gecko; compatible; GPTBot/1.4; +https://openai.com/gptbot)"
74.7.242.20 - - [19/Aug/2026:18:08:30 +0530] "GET /laravel/vendor/nesbot/carbon/src/Carbon/Lang/mni.php HTTP/1.1" 200 - "https://www.coreservers.websparkit.com/laravel/vendor/nesbot/carbon/src/Carbon/Lang/" "Mozilla/5.0 AppleWebKit/537.36 (KHTML, like Gecko; compatible; GPTBot/1.4; +https://openai.com/gptbot)"
216.73.216.227 - - [19/Aug/2026:18:08:30 +0530] "GET /onestudios.lk/wp-includes/sodium_compat/src/Core/ HTTP/1.1" 200 5054 "-" "Mozilla/5.0 AppleWebKit/537.36 (KHTML, like Gecko; compatible; ClaudeBot/1.0; +claudebot@anthropic.com)"
74.7.242.20 - - [19/Aug/2026:18:08:31 +0530] "GET /laravel/vendor/nesbot/carbon/src/Carbon/Lang/kl.php HTTP/1.1" 200 - "https://www.coreservers.websparkit.com/laravel/vendor/nesbot/carbon/src/Carbon/Lang/" "Mozilla/5.0 AppleWebKit/537.36 (KHTML, like Gecko; compatible; GPTBot/1.4; +https://openai.com/gptbot)"
74.7.242.20 - - [19/Aug/2026:18:08:31 +0530] "GET /laravel/vendor/nesbot/carbon/src/Carbon/Lang/lo.php HTTP/1.1" 200 - "https://www.coreservers.websparkit.com/laravel/vendor/nesbot/carbon/src/Carbon/Lang/" "Mozilla/5.0 AppleWebKit/537.36 (KHTML, like Gecko; compatible; GPTBot/1.4; +https://openai.com/gptbot)"
74.7.242.20 - - [19/Aug/2026:18:08:32 +0530] "GET /laravel/vendor/nesbot/carbon/src/Carbon/Lang/bg.php HTTP/1.1" 200 - "https://www.coreservers.websparkit.com/laravel/vendor/nesbot/carbon/src/Carbon/Lang/" "Mozilla/5.0 AppleWebKit/537.36 (KHTML, like Gecko; compatible; GPTBot/1.4; +https://openai.com/gptbot)"
74.7.242.20 - - [19/Aug/2026:18:08:32 +0530] "GET /laravel/vendor/nesbot/carbon/src/Carbon/Lang/an.php HTTP/1.1" 200 - "https://www.coreservers.websparkit.com/laravel/vendor/nesbot/carbon/src/Carbon/Lang/" "Mozilla/5.0 AppleWebKit/537.36 (KHTML, like Gecko; compatible; GPTBot/1.4; +https://openai.com/gptbot)"
74.7.242.20 - - [19/Aug/2026:18:08:33 +0530] "GET /laravel/vendor/nesbot/carbon/src/Carbon/Lang/bem.php HTTP/1.1" 200 - "https://www.coreservers.websparkit.com/laravel/vendor/nesbot/carbon/src/Carbon/Lang/" "Mozilla/5.0 AppleWebKit/537.36 (KHTML, like Gecko; compatible; GPTBot/1.4; +https://openai.com/gptbot)"
