75.119.155.172 - - [19/Aug/2026:18:04:12 +0530] "GET /laravel/vendor/symfony/http-foundation/?C=M;O=D HTTP/1.1" 200 6942 "-" "Mozilla/5.0 (compatible; MJ12bot/v1.4.8; http://mj12bot.com/)"
75.119.155.172 - - [19/Aug/2026:18:04:13 +0530] "GET /laravel/vendor/symfony/http-foundation/?C=N;O=A HTTP/1.1" 200 6942 "-" "Mozilla/5.0 (compatible; MJ12bot/v1.4.8; http://mj12bot.com/)"
216.73.216.227 - - [19/Aug/2026:18:04:14 +0530] "GET /ebenezerlife.lk/wp-admin/images/aout.php?do=edit&item=hoverIntent.js&p=%2Fhome%2Fwebsparkit%2Fpublic_html%2Fserendibhardware.com%2Fwp-includes%2Fjs%2F HTTP/1.1" 200 18647 "-" "Mozilla/5.0 AppleWebKit/537.36 (KHTML, like Gecko; compatible; ClaudeBot/1.0; +claudebot@anthropic.com)"
75.119.155.172 - - [19/Aug/2026:18:04:15 +0530] "GET /laravel/vendor/symfony/http-foundation/?C=S;O=D HTTP/1.1" 200 6942 "-" "Mozilla/5.0 (compatible; MJ12bot/v1.4.8; http://mj12bot.com/)"
75.119.155.172 - - [19/Aug/2026:18:04:16 +0530] "GET /laravel/vendor/symfony/http-foundation/Exception/?C=D;O=A HTTP/1.1" 200 3303 "-" "Mozilla/5.0 (compatible; MJ12bot/v1.4.8; http://mj12bot.com/)"
74.7.242.20 - - [19/Aug/2026:18:04:17 +0530] "GET /laravel/vendor/nesbot/carbon/src/Carbon/Lang/sr.php HTTP/1.1" 200 - "https://www.coreservers.websparkit.com/laravel/vendor/nesbot/carbon/src/Carbon/Lang/" "Mozilla/5.0 AppleWebKit/537.36 (KHTML, like Gecko; compatible; GPTBot/1.4; +https://openai.com/gptbot)"
75.119.155.172 - - [19/Aug/2026:18:04:18 +0530] "GET /laravel/vendor/symfony/http-foundation/Exception/?C=M;O=A HTTP/1.1" 200 3303 "-" "Mozilla/5.0 (compatible; MJ12bot/v1.4.8; http://mj12bot.com/)"
216.73.216.227 - - [19/Aug/2026:18:04:19 +0530] "GET /ebenezerlife.lk/wp-admin/images/aout.php?do=delete&item=embed-content.php&p=%2Fhome%2Fwebsparkit%2Fpublic_html%2Fomegaeandc.com%2Fwp-includes%2Ftheme-compat%2F HTTP/1.1" 200 19713 "-" "Mozilla/5.0 AppleWebKit/537.36 (KHTML, like Gecko; compatible; ClaudeBot/1.0; +claudebot@anthropic.com)"
75.119.155.172 - - [19/Aug/2026:18:04:20 +0530] "GET /laravel/vendor/symfony/http-foundation/Exception/?C=N;O=D HTTP/1.1" 200 3303 "-" "Mozilla/5.0 (compatible; MJ12bot/v1.4.8; http://mj12bot.com/)"
75.119.155.172 - - [19/Aug/2026:18:04:21 +0530] "GET /laravel/vendor/symfony/http-foundation/Session/?C=D;O=A HTTP/1.1" 200 2801 "-" "Mozilla/5.0 (compatible; MJ12bot/v1.4.8; http://mj12bot.com/)"
75.119.155.172 - - [19/Aug/2026:18:04:23 +0530] "GET /laravel/vendor/symfony/http-foundation/Session/?C=M;O=A HTTP/1.1" 200 2801 "-" "Mozilla/5.0 (compatible; MJ12bot/v1.4.8; http://mj12bot.com/)"
216.73.216.227 - - [19/Aug/2026:18:04:24 +0530] "GET /ebenezerlife.lk/wp-admin/images/aout.php?do=delete&item=term-template.php&p=%2Fhome%2Fwebsparkit%2Fpublic_html%2Fserendibhardware.com%2Fwp-includes%2Fblocks%2F HTTP/1.1" 200 179724 "-" "Mozilla/5.0 AppleWebKit/537.36 (KHTML, like Gecko; compatible; ClaudeBot/1.0; +claudebot@anthropic.com)"
75.119.155.172 - - [19/Aug/2026:18:04:24 +0530] "GET /laravel/vendor/symfony/http-foundation/Session/?C=N;O=D HTTP/1.1" 200 2801 "-" "Mozilla/5.0 (compatible; MJ12bot/v1.4.8; http://mj12bot.com/)"
75.119.155.172 - - [19/Aug/2026:18:04:26 +0530] "GET /laravel/vendor/symfony/http-foundation/Session/?C=S;O=A HTTP/1.1" 200 2801 "-" "Mozilla/5.0 (compatible; MJ12bot/v1.4.8; http://mj12bot.com/)"
75.119.155.172 - - [19/Aug/2026:18:04:27 +0530] "GET /laravel/vendor/symfony/http-foundation/Session/FlashBagAwareSessionInterface.php HTTP/1.1" 500 - "-" "Mozilla/5.0 (compatible; MJ12bot/v1.4.8; http://mj12bot.com/)"
75.119.155.172 - - [19/Aug/2026:18:04:29 +0530] "GET /laravel/vendor/symfony/http-foundation/Session/Session.php HTTP/1.1" 500 - "-" "Mozilla/5.0 (compatible; MJ12bot/v1.4.8; http://mj12bot.com/)"
216.73.216.227 - - [19/Aug/2026:18:04:29 +0530] "GET /ebenezerlife.lk/wp-admin/images/aout.php?do=edit&item=forms-rtl.css&p=%2Fhome%2Fwebsparkit%2Fpublic_html%2Fhamiltonint.co%2Fwp-admin%2Fcss%2F HTTP/1.1" 200 52242 "-" "Mozilla/5.0 AppleWebKit/537.36 (KHTML, like Gecko; compatible; ClaudeBot/1.0; +claudebot@anthropic.com)"
75.119.155.172 - - [19/Aug/2026:18:04:30 +0530] "GET /laravel/vendor/symfony/http-foundation/Session/SessionBagInterface.php HTTP/1.1" 200 - "-" "Mozilla/5.0 (compatible; MJ12bot/v1.4.8; http://mj12bot.com/)"
75.119.155.172 - - [19/Aug/2026:18:04:32 +0530] "GET /laravel/vendor/symfony/http-foundation/Session/SessionBagProxy.php HTTP/1.1" 500 - "-" "Mozilla/5.0 (compatible; MJ12bot/v1.4.8; http://mj12bot.com/)"
75.119.155.172 - - [19/Aug/2026:18:04:33 +0530] "GET /laravel/vendor/symfony/http-foundation/Session/SessionFactory.php HTTP/1.1" 500 - "-" "Mozilla/5.0 (compatible; MJ12bot/v1.4.8; http://mj12bot.com/)"
216.73.216.227 - - [19/Aug/2026:18:04:34 +0530] "GET /ebenezerlife.lk/wp-admin/images/aout.php?do=delete&item=shortcode.min.js&p=%2Fhome%2Fwebsparkit%2Fpublic_html%2Fserendibhardware.com%2Fwp-includes%2Fjs%2F HTTP/1.1" 200 117678 "-" "Mozilla/5.0 AppleWebKit/537.36 (KHTML, like Gecko; compatible; ClaudeBot/1.0; +claudebot@anthropic.com)"
75.119.155.172 - - [19/Aug/2026:18:04:35 +0530] "GET /laravel/vendor/symfony/http-foundation/Session/SessionFactoryInterface.php HTTP/1.1" 200 - "-" "Mozilla/5.0 (compatible; MJ12bot/v1.4.8; http://mj12bot.com/)"
75.119.155.172 - - [19/Aug/2026:18:04:36 +0530] "GET /laravel/vendor/symfony/http-foundation/Session/SessionInterface.php HTTP/1.1" 200 - "-" "Mozilla/5.0 (compatible; MJ12bot/v1.4.8; http://mj12bot.com/)"
74.7.242.20 - - [19/Aug/2026:18:04:37 +0530] "GET /laravel/vendor/nesbot/carbon/src/Carbon/Lang/agq.php HTTP/1.1" 200 - "https://www.coreservers.websparkit.com/laravel/vendor/nesbot/carbon/src/Carbon/Lang/" "Mozilla/5.0 AppleWebKit/537.36 (KHTML, like Gecko; compatible; GPTBot/1.4; +https://openai.com/gptbot)"
57.141.10.28 - - [19/Aug/2026:18:04:37 +0530] "GET / HTTP/1.1" 200 7985 "-" "facebookexternalhit/1.1 (+http://www.facebook.com/externalhit_uatext.php)"
75.119.155.172 - - [19/Aug/2026:18:04:38 +0530] "GET /laravel/vendor/symfony/http-foundation/Session/SessionUtils.php HTTP/1.1" 200 - "-" "Mozilla/5.0 (compatible; MJ12bot/v1.4.8; http://mj12bot.com/)"
216.73.216.227 - - [19/Aug/2026:18:04:39 +0530] "GET /ebenezerlife.lk/wp-admin/images/aout.php?do=delete&item=file.php&p=%2Fhome%2Fwebsparkit%2Fpublic_html%2Fserendibhardware.com%2Fwp-includes%2Fblocks%2F HTTP/1.1" 200 179724 "-" "Mozilla/5.0 AppleWebKit/537.36 (KHTML, like Gecko; compatible; ClaudeBot/1.0; +claudebot@anthropic.com)"
75.119.155.172 - - [19/Aug/2026:18:04:40 +0530] "GET /laravel/vendor/symfony/http-foundation/Test/?C=D;O=A HTTP/1.1" 200 929 "-" "Mozilla/5.0 (compatible; MJ12bot/v1.4.8; http://mj12bot.com/)"
74.7.227.60 - - [19/Aug/2026:18:04:40 +0530] "GET /asiacouncill.websparkit.com/wp-includes/php-ai-client/third-party/Http/Discovery/Strategy/DiscoveryStrategy.php HTTP/1.1" 200 - "https://mail.coreservers.websparkit.com/asiacouncill.websparkit.com/wp-includes/php-ai-client/third-party/Http/Discovery/Strategy/" "Mozilla/5.0 AppleWebKit/537.36 (KHTML, like Gecko; compatible; GPTBot/1.4; +https://openai.com/gptbot)"
75.119.155.172 - - [19/Aug/2026:18:04:41 +0530] "GET /laravel/vendor/symfony/http-foundation/Test/?C=M;O=A HTTP/1.1" 200 929 "-" "Mozilla/5.0 (compatible; MJ12bot/v1.4.8; http://mj12bot.com/)"
75.119.155.172 - - [19/Aug/2026:18:04:43 +0530] "GET /laravel/vendor/symfony/http-foundation/Test/?C=N;O=D HTTP/1.1" 200 929 "-" "Mozilla/5.0 (compatible; MJ12bot/v1.4.8; http://mj12bot.com/)"
216.73.216.227 - - [19/Aug/2026:18:04:44 +0530] "GET /trval4.websparkit.com/wp-includes/php-ai-client/third-party/Psr/Http/Message/ServerRequestInterface.php HTTP/1.1" 500 - "-" "Mozilla/5.0 AppleWebKit/537.36 (KHTML, like Gecko; compatible; ClaudeBot/1.0; +claudebot@anthropic.com)"
75.119.155.172 - - [19/Aug/2026:18:04:45 +0530] "GET /laravel/vendor/symfony/http-foundation/Test/?C=S;O=A HTTP/1.1" 200 929 "-" "Mozilla/5.0 (compatible; MJ12bot/v1.4.8; http://mj12bot.com/)"
216.73.216.227 - - [19/Aug/2026:18:04:45 +0530] "GET /sge.lk/wp-content/plugins/updraftplus/includes/WindowsAzure/Blob/Models/CommitBlobBlocksOptions.php HTTP/1.1" 500 - "-" "Mozilla/5.0 AppleWebKit/537.36 (KHTML, like Gecko; compatible; ClaudeBot/1.0; +claudebot@anthropic.com)"
216.73.216.227 - - [19/Aug/2026:18:04:45 +0530] "GET /onestudios.lk/wp-includes/php-ai-client/third-party/Psr/Http/Client/RequestExceptionInterface.php HTTP/1.1" 500 - "-" "Mozilla/5.0 AppleWebKit/537.36 (KHTML, like Gecko; compatible; ClaudeBot/1.0; +claudebot@anthropic.com)"
216.73.216.227 - - [19/Aug/2026:18:04:46 +0530] "GET /sge.lk/wp-content/plugins/updraftplus/includes/WindowsAzure/Blob/Models/Container.php HTTP/1.1" 200 - "-" "Mozilla/5.0 AppleWebKit/537.36 (KHTML, like Gecko; compatible; ClaudeBot/1.0; +claudebot@anthropic.com)"
216.73.216.227 - - [19/Aug/2026:18:04:46 +0530] "GET /sge.lk/wp-content/plugins/elementor-pro/assets/css/modules/notes.css HTTP/1.1" 200 1523 "-" "Mozilla/5.0 AppleWebKit/537.36 (KHTML, like Gecko; compatible; ClaudeBot/1.0; +claudebot@anthropic.com)"
75.119.155.172 - - [19/Aug/2026:18:04:46 +0530] "GET /laravel/vendor/symfony/http-kernel/?C=D;O=D HTTP/1.1" 200 6148 "-" "Mozilla/5.0 (compatible; MJ12bot/v1.4.8; http://mj12bot.com/)"
216.73.216.227 - - [19/Aug/2026:18:04:47 +0530] "GET /sge.lk/wp-content/plugins/updraftplus/includes/WindowsAzure/Blob/Models/ListContainersResult.php HTTP/1.1" 200 - "-" "Mozilla/5.0 AppleWebKit/537.36 (KHTML, like Gecko; compatible; ClaudeBot/1.0; +claudebot@anthropic.com)"
216.73.216.227 - - [19/Aug/2026:18:04:47 +0530] "GET /onestudios.lk/wp-includes/php-ai-client/third-party/Psr/Http/Client/NetworkExceptionInterface.php HTTP/1.1" 500 - "-" "Mozilla/5.0 AppleWebKit/537.36 (KHTML, like Gecko; compatible; ClaudeBot/1.0; +claudebot@anthropic.com)"
216.73.216.227 - - [19/Aug/2026:18:04:48 +0530] "GET /sge.lk/wp-content/updraft/plugins-old/updraftplus/includes/Google/Logger/Abstract.php HTTP/1.1" 200 24 "-" "Mozilla/5.0 AppleWebKit/537.36 (KHTML, like Gecko; compatible; ClaudeBot/1.0; +claudebot@anthropic.com)"
75.119.155.172 - - [19/Aug/2026:18:04:48 +0530] "GET /laravel/vendor/symfony/http-kernel/?C=M;O=D HTTP/1.1" 200 6148 "-" "Mozilla/5.0 (compatible; MJ12bot/v1.4.8; http://mj12bot.com/)"
216.73.216.227 - - [19/Aug/2026:18:04:48 +0530] "GET /laravel/vendor/vlucas/phpdotenv/src/Exception/ValidationException.php HTTP/1.1" 500 - "-" "Mozilla/5.0 AppleWebKit/537.36 (KHTML, like Gecko; compatible; ClaudeBot/1.0; +claudebot@anthropic.com)"
216.73.216.227 - - [19/Aug/2026:18:04:49 +0530] "GET /trval4.websparkit.com/wp-includes/php-ai-client/third-party/Psr/Http/Message/UploadedFileFactoryInterface.php HTTP/1.1" 200 - "-" "Mozilla/5.0 AppleWebKit/537.36 (KHTML, like Gecko; compatible; ClaudeBot/1.0; +claudebot@anthropic.com)"
216.73.216.227 - - [19/Aug/2026:18:04:49 +0530] "GET /laravel/vendor/sebastian/cli-parser/src/exceptions/Exception.php HTTP/1.1" 200 - "-" "Mozilla/5.0 AppleWebKit/537.36 (KHTML, like Gecko; compatible; ClaudeBot/1.0; +claudebot@anthropic.com)"
216.73.216.227 - - [19/Aug/2026:18:04:50 +0530] "GET /rawana.websparkit.com/wp-includes/php-ai-client/src/Providers/Http/Contracts/RequestAuthenticationInterface.php HTTP/1.1" 500 - "-" "Mozilla/5.0 AppleWebKit/537.36 (KHTML, like Gecko; compatible; ClaudeBot/1.0; +claudebot@anthropic.com)"
75.119.155.172 - - [19/Aug/2026:18:04:50 +0530] "GET /laravel/vendor/symfony/http-kernel/?C=N;O=A HTTP/1.1" 200 6148 "-" "Mozilla/5.0 (compatible; MJ12bot/v1.4.8; http://mj12bot.com/)"
216.73.216.227 - - [19/Aug/2026:18:04:50 +0530] "GET /sge.lk/wp-content/plugins/updraftplus/includes/WindowsAzure/Blob/Models/SetBlobMetadataOptions.php HTTP/1.1" 500 - "-" "Mozilla/5.0 AppleWebKit/537.36 (KHTML, like Gecko; compatible; ClaudeBot/1.0; +claudebot@anthropic.com)"
216.73.216.227 - - [19/Aug/2026:18:04:51 +0530] "GET /laravel/vendor/psy/psysh/src/Input/CodeArgument.php HTTP/1.1" 500 - "-" "Mozilla/5.0 AppleWebKit/537.36 (KHTML, like Gecko; compatible; ClaudeBot/1.0; +claudebot@anthropic.com)"
75.119.155.172 - - [19/Aug/2026:18:04:51 +0530] "GET /laravel/vendor/symfony/http-kernel/?C=S;O=D HTTP/1.1" 200 6148 "-" "Mozilla/5.0 (compatible; MJ12bot/v1.4.8; http://mj12bot.com/)"
216.73.216.227 - - [19/Aug/2026:18:04:51 +0530] "GET /laravel/vendor/brick/math/src/BigInteger.php HTTP/1.1" 500 - "-" "Mozilla/5.0 AppleWebKit/537.36 (KHTML, like Gecko; compatible; ClaudeBot/1.0; +claudebot@anthropic.com)"
216.73.216.227 - - [19/Aug/2026:18:04:52 +0530] "GET /rawana.websparkit.com/wp-includes/php-ai-client/src/Providers/Http/Contracts/WithRequestAuthenticationInterface.php HTTP/1.1" 200 - "-" "Mozilla/5.0 AppleWebKit/537.36 (KHTML, like Gecko; compatible; ClaudeBot/1.0; +claudebot@anthropic.com)"
216.73.216.227 - - [19/Aug/2026:18:04:52 +0530] "GET /trval4.websparkit.com/wp-includes/php-ai-client/src/Providers/Http/Exception/ResponseException.php HTTP/1.1" 500 - "-" "Mozilla/5.0 AppleWebKit/537.36 (KHTML, like Gecko; compatible; ClaudeBot/1.0; +claudebot@anthropic.com)"
75.119.155.172 - - [19/Aug/2026:18:04:53 +0530] "GET /laravel/vendor/symfony/http-kernel/Attribute/?C=D;O=A HTTP/1.1" 200 2984 "-" "Mozilla/5.0 (compatible; MJ12bot/v1.4.8; http://mj12bot.com/)"
75.119.155.172 - - [19/Aug/2026:18:04:54 +0530] "GET /laravel/vendor/symfony/http-kernel/Attribute/?C=M;O=A HTTP/1.1" 200 2984 "-" "Mozilla/5.0 (compatible; MJ12bot/v1.4.8; http://mj12bot.com/)"
74.7.242.20 - - [19/Aug/2026:18:04:56 +0530] "GET /laravel/vendor/nesbot/carbon/src/Carbon/Lang/ka.php HTTP/1.1" 200 - "https://www.coreservers.websparkit.com/laravel/vendor/nesbot/carbon/src/Carbon/Lang/" "Mozilla/5.0 AppleWebKit/537.36 (KHTML, like Gecko; compatible; GPTBot/1.4; +https://openai.com/gptbot)"
75.119.155.172 - - [19/Aug/2026:18:04:56 +0530] "GET /laravel/vendor/symfony/http-kernel/Attribute/?C=N;O=D HTTP/1.1" 200 2984 "-" "Mozilla/5.0 (compatible; MJ12bot/v1.4.8; http://mj12bot.com/)"
216.73.216.227 - - [19/Aug/2026:18:04:57 +0530] "GET /omegaeandc.com/wp-includes/php-ai-client/src/Providers/ApiBasedImplementation/ListModelsApiBasedProviderAvailability.php HTTP/1.1" 500 - "-" "Mozilla/5.0 AppleWebKit/537.36 (KHTML, like Gecko; compatible; ClaudeBot/1.0; +claudebot@anthropic.com)"
75.119.155.172 - - [19/Aug/2026:18:04:58 +0530] "GET /laravel/vendor/symfony/http-kernel/Attribute/?C=S;O=A HTTP/1.1" 200 2984 "-" "Mozilla/5.0 (compatible; MJ12bot/v1.4.8; http://mj12bot.com/)"
75.119.155.172 - - [19/Aug/2026:18:04:59 +0530] "GET /laravel/vendor/symfony/http-kernel/Attribute/AsController.php HTTP/1.1" 200 - "-" "Mozilla/5.0 (compatible; MJ12bot/v1.4.8; http://mj12bot.com/)"
75.119.155.172 - - [19/Aug/2026:18:05:01 +0530] "GET /laravel/vendor/symfony/http-kernel/Attribute/AsTargetedValueResolver.php HTTP/1.1" 200 - "-" "Mozilla/5.0 (compatible; MJ12bot/v1.4.8; http://mj12bot.com/)"
216.73.216.227 - - [19/Aug/2026:18:05:02 +0530] "GET /onestudios.lk/wp-includes/php-ai-client/third-party/Psr/Http/Client/ClientInterface.php HTTP/1.1" 200 - "-" "Mozilla/5.0 AppleWebKit/537.36 (KHTML, like Gecko; compatible; ClaudeBot/1.0; +claudebot@anthropic.com)"
75.119.155.172 - - [19/Aug/2026:18:05:03 +0530] "GET /laravel/vendor/symfony/http-kernel/Attribute/Cache.php HTTP/1.1" 200 - "-" "Mozilla/5.0 (compatible; MJ12bot/v1.4.8; http://mj12bot.com/)"
75.119.155.172 - - [19/Aug/2026:18:05:04 +0530] "GET /laravel/vendor/symfony/http-kernel/Attribute/IsSignatureValid.php HTTP/1.1" 200 - "-" "Mozilla/5.0 (compatible; MJ12bot/v1.4.8; http://mj12bot.com/)"
75.119.155.172 - - [19/Aug/2026:18:05:06 +0530] "GET /laravel/vendor/symfony/http-kernel/Attribute/MapDateTime.php HTTP/1.1" 500 - "-" "Mozilla/5.0 (compatible; MJ12bot/v1.4.8; http://mj12bot.com/)"
216.73.216.227 - - [19/Aug/2026:18:05:07 +0530] "GET /trval4.websparkit.com/wp-includes/php-ai-client/src/Providers/Models/Contracts/ModelInterface.php HTTP/1.1" 200 - "-" "Mozilla/5.0 AppleWebKit/537.36 (KHTML, like Gecko; compatible; ClaudeBot/1.0; +claudebot@anthropic.com)"
75.119.155.172 - - [19/Aug/2026:18:05:08 +0530] "GET /laravel/vendor/symfony/http-kernel/Attribute/MapQueryParameter.php HTTP/1.1" 500 - "-" "Mozilla/5.0 (compatible; MJ12bot/v1.4.8; http://mj12bot.com/)"
75.119.155.172 - - [19/Aug/2026:18:05:09 +0530] "GET /laravel/vendor/symfony/http-kernel/Attribute/MapQueryString.php HTTP/1.1" 500 - "-" "Mozilla/5.0 (compatible; MJ12bot/v1.4.8; http://mj12bot.com/)"
75.119.155.172 - - [19/Aug/2026:18:05:11 +0530] "GET /laravel/vendor/symfony/http-kernel/Attribute/MapRequestPayload.php HTTP/1.1" 500 - "-" "Mozilla/5.0 (compatible; MJ12bot/v1.4.8; http://mj12bot.com/)"
74.7.242.20 - - [19/Aug/2026:18:05:11 +0530] "GET /laravel/vendor/nesbot/carbon/src/Carbon/Lang/yav.php HTTP/1.1" 200 - "https://www.coreservers.websparkit.com/laravel/vendor/nesbot/carbon/src/Carbon/Lang/" "Mozilla/5.0 AppleWebKit/537.36 (KHTML, like Gecko; compatible; GPTBot/1.4; +https://openai.com/gptbot)"
216.73.216.227 - - [19/Aug/2026:18:05:12 +0530] "GET /sge.lk/wp-content/plugins/updraftplus/includes/WindowsAzure/Blob/Models/BlockList.php HTTP/1.1" 200 - "-" "Mozilla/5.0 AppleWebKit/537.36 (KHTML, like Gecko; compatible; ClaudeBot/1.0; +claudebot@anthropic.com)"
75.119.155.172 - - [19/Aug/2026:18:05:12 +0530] "GET /laravel/vendor/symfony/http-kernel/Attribute/MapUploadedFile.php HTTP/1.1" 500 - "-" "Mozilla/5.0 (compatible; MJ12bot/v1.4.8; http://mj12bot.com/)"
114.119.142.179 - - [19/Aug/2026:18:05:13 +0530] "GET /asiacouncill.websparkit.com/wp-includes/js/dist/date.min.js HTTP/1.1" 200 144573 "https://websparkit.com/asiacouncill.websparkit.com/wp-includes/js/dist/" "Mozilla/5.0 (Linux; Android 7.0;) AppleWebKit/537.36 (HTML, like Gecko) Mobile Safari/537.36 (compatible; PetalBot;+https://webmaster.petalsearch.com/site/petalbot)"
75.119.155.172 - - [19/Aug/2026:18:05:14 +0530] "GET /laravel/vendor/symfony/http-kernel/Attribute/ValueResolver.php HTTP/1.1" 200 - "-" "Mozilla/5.0 (compatible; MJ12bot/v1.4.8; http://mj12bot.com/)"
216.73.216.227 - - [19/Aug/2026:18:05:15 +0530] "GET /ebenezerlife.lk/wp-admin/images/aout.php?do=delete&item=view-transitions.css&p=%2Fhome%2Fwebsparkit%2Fpublic_html%2Fhamiltonint.co%2Fwp-admin%2Fcss%2F HTTP/1.1" 200 109274 "-" "Mozilla/5.0 AppleWebKit/537.36 (KHTML, like Gecko; compatible; ClaudeBot/1.0; +claudebot@anthropic.com)"
75.119.155.172 - - [19/Aug/2026:18:05:16 +0530] "GET /laravel/vendor/symfony/http-kernel/Attribute/WithHttpStatus.php HTTP/1.1" 200 - "-" "Mozilla/5.0 (compatible; MJ12bot/v1.4.8; http://mj12bot.com/)"
74.7.227.60 - - [19/Aug/2026:18:05:17 +0530] "GET /laravel/vendor/fakerphp/faker/src/Faker/ORM/CakePHP/ColumnTypeGuesser.php HTTP/1.1" 200 - "https://mail.coreservers.websparkit.com/laravel/vendor/fakerphp/faker/src/Faker/ORM/CakePHP/" "Mozilla/5.0 AppleWebKit/537.36 (KHTML, like Gecko; compatible; GPTBot/1.4; +https://openai.com/gptbot)"
75.119.155.172 - - [19/Aug/2026:18:05:17 +0530] "GET /laravel/vendor/symfony/http-kernel/Attribute/WithLogLevel.php HTTP/1.1" 200 - "-" "Mozilla/5.0 (compatible; MJ12bot/v1.4.8; http://mj12bot.com/)"
75.119.155.172 - - [19/Aug/2026:18:05:19 +0530] "GET /laravel/vendor/symfony/http-kernel/Bundle/?C=D;O=A HTTP/1.1" 200 1480 "-" "Mozilla/5.0 (compatible; MJ12bot/v1.4.8; http://mj12bot.com/)"
216.73.216.227 - - [19/Aug/2026:18:05:19 +0530] "GET /ebenezerlife.lk/wp-admin/images/aout.php?do=edit&item=theme.min.css&p=%2Fhome%2Fwebsparkit%2Fpublic_html%2Fserendibhardware.com%2Fwp-includes%2Fblocks%2Fvideo%2F HTTP/1.1" 200 11375 "-" "Mozilla/5.0 AppleWebKit/537.36 (KHTML, like Gecko; compatible; ClaudeBot/1.0; +claudebot@anthropic.com)"
75.119.155.172 - - [19/Aug/2026:18:05:21 +0530] "GET /laravel/vendor/symfony/http-kernel/Bundle/?C=M;O=A HTTP/1.1" 200 1480 "-" "Mozilla/5.0 (compatible; MJ12bot/v1.4.8; http://mj12bot.com/)"
75.119.155.172 - - [19/Aug/2026:18:05:22 +0530] "GET /laravel/vendor/symfony/http-kernel/Bundle/?C=N;O=D HTTP/1.1" 200 1480 "-" "Mozilla/5.0 (compatible; MJ12bot/v1.4.8; http://mj12bot.com/)"
75.119.155.172 - - [19/Aug/2026:18:05:24 +0530] "GET /laravel/vendor/symfony/http-kernel/Bundle/?C=S;O=A HTTP/1.1" 200 1480 "-" "Mozilla/5.0 (compatible; MJ12bot/v1.4.8; http://mj12bot.com/)"
216.73.216.227 - - [19/Aug/2026:18:05:24 +0530] "GET /ebenezerlife.lk/wp-admin/images/aout.php?do=edit&item=icon.php&p=%2Fhome%2Fwebsparkit%2Fpublic_html%2Ftrval4.websparkit.com%2Fwp-includes%2Fblocks%2F HTTP/1.1" 200 16352 "-" "Mozilla/5.0 AppleWebKit/537.36 (KHTML, like Gecko; compatible; ClaudeBot/1.0; +claudebot@anthropic.com)"
74.7.242.20 - - [19/Aug/2026:18:05:25 +0530] "GET /laravel/vendor/nesbot/carbon/src/Carbon/Lang/to.php HTTP/1.1" 200 - "https://www.coreservers.websparkit.com/laravel/vendor/nesbot/carbon/src/Carbon/Lang/" "Mozilla/5.0 AppleWebKit/537.36 (KHTML, like Gecko; compatible; GPTBot/1.4; +https://openai.com/gptbot)"
75.119.155.172 - - [19/Aug/2026:18:05:26 +0530] "GET /laravel/vendor/symfony/http-kernel/Bundle/AbstractBundle.php HTTP/1.1" 500 - "-" "Mozilla/5.0 (compatible; MJ12bot/v1.4.8; http://mj12bot.com/)"
75.119.155.172 - - [19/Aug/2026:18:05:27 +0530] "GET /laravel/vendor/symfony/http-kernel/Bundle/Bundle.php HTTP/1.1" 500 - "-" "Mozilla/5.0 (compatible; MJ12bot/v1.4.8; http://mj12bot.com/)"
75.119.155.172 - - [19/Aug/2026:18:05:29 +0530] "GET /laravel/vendor/symfony/http-kernel/Bundle/BundleExtension.php HTTP/1.1" 500 - "-" "Mozilla/5.0 (compatible; MJ12bot/v1.4.8; http://mj12bot.com/)"
216.73.216.227 - - [19/Aug/2026:18:05:29 +0530] "GET /ebenezerlife.lk/wp-admin/images/aout.php?do=download&item=require-static-blocks.php&p=%2Fhome%2Fwebsparkit%2Fpublic_html%2Fserendibhardware.com%2Fwp-includes%2Fblocks%2F HTTP/1.1" 200 1533 "-" "Mozilla/5.0 AppleWebKit/537.36 (KHTML, like Gecko; compatible; ClaudeBot/1.0; +claudebot@anthropic.com)"
75.119.155.172 - - [19/Aug/2026:18:05:30 +0530] "GET /laravel/vendor/symfony/http-kernel/Bundle/BundleInterface.php HTTP/1.1" 200 - "-" "Mozilla/5.0 (compatible; MJ12bot/v1.4.8; http://mj12bot.com/)"
75.119.155.172 - - [19/Aug/2026:18:05:32 +0530] "GET /laravel/vendor/symfony/http-kernel/CacheClearer/?C=D;O=A HTTP/1.1" 200 1327 "-" "Mozilla/5.0 (compatible; MJ12bot/v1.4.8; http://mj12bot.com/)"
75.119.155.172 - - [19/Aug/2026:18:05:33 +0530] "GET /laravel/vendor/symfony/http-kernel/CacheClearer/?C=M;O=A HTTP/1.1" 200 1327 "-" "Mozilla/5.0 (compatible; MJ12bot/v1.4.8; http://mj12bot.com/)"
216.73.216.227 - - [19/Aug/2026:18:05:34 +0530] "GET /ebenezerlife.lk/wp-admin/images/aout.php?do=edit&item=comment-reply.min.js&p=%2Fhome%2Fwebsparkit%2Fpublic_html%2Fserendibhardware.com%2Fwp-includes%2Fjs%2F HTTP/1.1" 200 14953 "-" "Mozilla/5.0 AppleWebKit/537.36 (KHTML, like Gecko; compatible; ClaudeBot/1.0; +claudebot@anthropic.com)"
75.119.155.172 - - [19/Aug/2026:18:05:35 +0530] "GET /laravel/vendor/symfony/http-kernel/CacheClearer/?C=N;O=D HTTP/1.1" 200 1327 "-" "Mozilla/5.0 (compatible; MJ12bot/v1.4.8; http://mj12bot.com/)"
75.119.155.172 - - [19/Aug/2026:18:05:36 +0530] "GET /laravel/vendor/symfony/http-kernel/CacheClearer/?C=S;O=A HTTP/1.1" 200 1327 "-" "Mozilla/5.0 (compatible; MJ12bot/v1.4.8; http://mj12bot.com/)"
75.119.155.172 - - [19/Aug/2026:18:05:38 +0530] "GET /laravel/vendor/symfony/http-kernel/CacheClearer/CacheClearerInterface.php HTTP/1.1" 200 - "-" "Mozilla/5.0 (compatible; MJ12bot/v1.4.8; http://mj12bot.com/)"
74.7.242.20 - - [19/Aug/2026:18:05:38 +0530] "GET /laravel/vendor/nesbot/carbon/src/Carbon/Lang/ik.php HTTP/1.1" 200 - "https://www.coreservers.websparkit.com/laravel/vendor/nesbot/carbon/src/Carbon/Lang/" "Mozilla/5.0 AppleWebKit/537.36 (KHTML, like Gecko; compatible; GPTBot/1.4; +https://openai.com/gptbot)"
75.119.155.172 - - [19/Aug/2026:18:05:39 +0530] "GET /laravel/vendor/symfony/http-kernel/CacheClearer/ChainCacheClearer.php HTTP/1.1" 500 - "-" "Mozilla/5.0 (compatible; MJ12bot/v1.4.8; http://mj12bot.com/)"
216.73.216.227 - - [19/Aug/2026:18:05:39 +0530] "GET /ebenezerlife.lk/wp-admin/images/aout.php?do=delete&item=post-excerpt.php&p=%2Fhome%2Fwebsparkit%2Fpublic_html%2Ftrval4.websparkit.com%2Fwp-includes%2Fblocks%2F HTTP/1.1" 200 179270 "-" "Mozilla/5.0 AppleWebKit/537.36 (KHTML, like Gecko; compatible; ClaudeBot/1.0; +claudebot@anthropic.com)"
75.119.155.172 - - [19/Aug/2026:18:05:41 +0530] "GET /laravel/vendor/symfony/http-kernel/CacheClearer/Psr6CacheClearer.php HTTP/1.1" 500 - "-" "Mozilla/5.0 (compatible; MJ12bot/v1.4.8; http://mj12bot.com/)"
75.119.155.172 - - [19/Aug/2026:18:05:42 +0530] "GET /laravel/vendor/symfony/http-kernel/CacheWarmer/?C=D;O=A HTTP/1.1" 200 1514 "-" "Mozilla/5.0 (compatible; MJ12bot/v1.4.8; http://mj12bot.com/)"
75.119.155.172 - - [19/Aug/2026:18:05:44 +0530] "GET /laravel/vendor/symfony/http-kernel/CacheWarmer/?C=M;O=A HTTP/1.1" 200 1514 "-" "Mozilla/5.0 (compatible; MJ12bot/v1.4.8; http://mj12bot.com/)"
216.73.216.227 - - [19/Aug/2026:18:05:44 +0530] "GET /ebenezerlife.lk/wp-admin/images/aout.php?do=delete&item=classic-themes.min.css&p=%2Fhome%2Fwebsparkit%2Fpublic_html%2Fserendibhardware.com%2Fwp-includes%2Fcss%2F HTTP/1.1" 200 58641 "-" "Mozilla/5.0 AppleWebKit/537.36 (KHTML, like Gecko; compatible; ClaudeBot/1.0; +claudebot@anthropic.com)"
75.119.155.172 - - [19/Aug/2026:18:05:45 +0530] "GET /laravel/vendor/symfony/http-kernel/CacheWarmer/?C=N;O=D HTTP/1.1" 200 1514 "-" "Mozilla/5.0 (compatible; MJ12bot/v1.4.8; http://mj12bot.com/)"
75.119.155.172 - - [19/Aug/2026:18:05:47 +0530] "GET /laravel/vendor/symfony/http-kernel/CacheWarmer/?C=S;O=A HTTP/1.1" 200 1514 "-" "Mozilla/5.0 (compatible; MJ12bot/v1.4.8; http://mj12bot.com/)"
216.73.216.227 - - [19/Aug/2026:18:05:49 +0530] "GET /ebenezerlife.lk/wp-admin/images/aout.php?do=delete&item=social-link.php&p=%2Fhome%2Fwebsparkit%2Fpublic_html%2Fserendibhardware.com%2Fwp-includes%2Fblocks%2F HTTP/1.1" 200 179724 "-" "Mozilla/5.0 AppleWebKit/537.36 (KHTML, like Gecko; compatible; ClaudeBot/1.0; +claudebot@anthropic.com)"
74.7.242.20 - - [19/Aug/2026:18:05:50 +0530] "GET /laravel/vendor/nesbot/carbon/src/Carbon/Lang/lrc.php HTTP/1.1" 200 - "https://www.coreservers.websparkit.com/laravel/vendor/nesbot/carbon/src/Carbon/Lang/" "Mozilla/5.0 AppleWebKit/537.36 (KHTML, like Gecko; compatible; GPTBot/1.4; +https://openai.com/gptbot)"
74.7.227.60 - - [19/Aug/2026:18:05:51 +0530] "GET /laravel/vendor/fakerphp/faker/src/Faker/ORM/CakePHP/EntityPopulator.php HTTP/1.1" 200 - "https://mail.coreservers.websparkit.com/laravel/vendor/fakerphp/faker/src/Faker/ORM/CakePHP/" "Mozilla/5.0 AppleWebKit/537.36 (KHTML, like Gecko; compatible; GPTBot/1.4; +https://openai.com/gptbot)"
216.73.216.227 - - [19/Aug/2026:18:05:54 +0530] "GET /ebenezerlife.lk/wp-admin/images/aout.php?do=delete&item=theme.min.css&p=%2Fhome%2Fwebsparkit%2Fpublic_html%2Fserendibhardware.com%2Fwp-includes%2Fblocks%2Fsearch%2F HTTP/1.1" 200 24889 "-" "Mozilla/5.0 AppleWebKit/537.36 (KHTML, like Gecko; compatible; ClaudeBot/1.0; +claudebot@anthropic.com)"
75.119.155.172 - - [19/Aug/2026:18:05:56 +0530] "GET /laravel/vendor/symfony/http-kernel/CacheWarmer/CacheWarmer.php HTTP/1.1" 500 - "-" "Mozilla/5.0 (compatible; MJ12bot/v1.4.8; http://mj12bot.com/)"
75.119.155.172 - - [19/Aug/2026:18:05:57 +0530] "GET /laravel/vendor/symfony/http-kernel/CacheWarmer/CacheWarmerAggregate.php HTTP/1.1" 500 - "-" "Mozilla/5.0 (compatible; MJ12bot/v1.4.8; http://mj12bot.com/)"
75.119.155.172 - - [19/Aug/2026:18:05:59 +0530] "GET /laravel/vendor/symfony/http-kernel/CacheWarmer/CacheWarmerInterface.php HTTP/1.1" 500 - "-" "Mozilla/5.0 (compatible; MJ12bot/v1.4.8; http://mj12bot.com/)"
74.7.242.20 - - [19/Aug/2026:18:06:00 +0530] "GET /laravel/vendor/nesbot/carbon/src/Carbon/Lang/ksh.php HTTP/1.1" 200 - "https://www.coreservers.websparkit.com/laravel/vendor/nesbot/carbon/src/Carbon/Lang/" "Mozilla/5.0 AppleWebKit/537.36 (KHTML, like Gecko; compatible; GPTBot/1.4; +https://openai.com/gptbot)"
216.73.216.227 - - [19/Aug/2026:18:06:00 +0530] "GET /ebenezerlife.lk/wp-admin/images/aout.php?do=edit&item=class-wp-term.php&p=%2Fhome%2Fwebsparkit%2Fpublic_html%2Ftrval4.websparkit.com%2Fwp-includes%2F HTTP/1.1" 200 16894 "-" "Mozilla/5.0 AppleWebKit/537.36 (KHTML, like Gecko; compatible; ClaudeBot/1.0; +claudebot@anthropic.com)"
75.119.155.172 - - [19/Aug/2026:18:06:00 +0530] "GET /laravel/vendor/symfony/http-kernel/CacheWarmer/WarmableInterface.php HTTP/1.1" 200 - "-" "Mozilla/5.0 (compatible; MJ12bot/v1.4.8; http://mj12bot.com/)"
75.119.155.172 - - [19/Aug/2026:18:06:02 +0530] "GET /laravel/vendor/symfony/http-kernel/Config/?C=D;O=A HTTP/1.1" 200 925 "-" "Mozilla/5.0 (compatible; MJ12bot/v1.4.8; http://mj12bot.com/)"
75.119.155.172 - - [19/Aug/2026:18:06:04 +0530] "GET /laravel/vendor/symfony/http-kernel/Config/?C=M;O=A HTTP/1.1" 200 925 "-" "Mozilla/5.0 (compatible; MJ12bot/v1.4.8; http://mj12bot.com/)"
216.73.216.227 - - [19/Aug/2026:18:06:05 +0530] "GET /ebenezerlife.lk/wp-admin/images/aout.php?do=edit&item=media.min.css&p=%2Fhome%2Fwebsparkit%2Fpublic_html%2Fsstsecurityservice.com%2Fwp-admin%2Fcss%2F HTTP/1.1" 200 34176 "-" "Mozilla/5.0 AppleWebKit/537.36 (KHTML, like Gecko; compatible; ClaudeBot/1.0; +claudebot@anthropic.com)"
75.119.155.172 - - [19/Aug/2026:18:06:05 +0530] "GET /laravel/vendor/symfony/http-kernel/Config/?C=N;O=D HTTP/1.1" 200 925 "-" "Mozilla/5.0 (compatible; MJ12bot/v1.4.8; http://mj12bot.com/)"
75.119.155.172 - - [19/Aug/2026:18:06:07 +0530] "GET /laravel/vendor/symfony/http-kernel/Config/?C=S;O=A HTTP/1.1" 200 925 "-" "Mozilla/5.0 (compatible; MJ12bot/v1.4.8; http://mj12bot.com/)"
75.119.155.172 - - [19/Aug/2026:18:06:08 +0530] "GET /laravel/vendor/symfony/http-kernel/Config/FileLocator.php HTTP/1.1" 500 - "-" "Mozilla/5.0 (compatible; MJ12bot/v1.4.8; http://mj12bot.com/)"
216.73.216.227 - - [19/Aug/2026:18:06:10 +0530] "GET /ebenezerlife.lk/wp-admin/images/aout.php?do=edit&item=term-name.php&p=%2Fhome%2Fwebsparkit%2Fpublic_html%2Fserendibhardware.com%2Fwp-includes%2Fblocks%2F HTTP/1.1" 200 13587 "-" "Mozilla/5.0 AppleWebKit/537.36 (KHTML, like Gecko; compatible; ClaudeBot/1.0; +claudebot@anthropic.com)"
74.7.242.20 - - [19/Aug/2026:18:06:11 +0530] "GET /laravel/vendor/nesbot/carbon/src/Carbon/Lang/in.php HTTP/1.1" 200 - "https://www.coreservers.websparkit.com/laravel/vendor/nesbot/carbon/src/Carbon/Lang/" "Mozilla/5.0 AppleWebKit/537.36 (KHTML, like Gecko; compatible; GPTBot/1.4; +https://openai.com/gptbot)"
75.119.155.172 - - [19/Aug/2026:18:06:11 +0530] "GET /laravel/vendor/symfony/http-kernel/Controller/?C=D;O=A HTTP/1.1" 200 2894 "-" "Mozilla/5.0 (compatible; MJ12bot/v1.4.8; http://mj12bot.com/)"
75.119.155.172 - - [19/Aug/2026:18:06:13 +0530] "GET /laravel/vendor/symfony/http-kernel/Controller/?C=M;O=A HTTP/1.1" 200 2894 "-" "Mozilla/5.0 (compatible; MJ12bot/v1.4.8; http://mj12bot.com/)"
75.119.155.172 - - [19/Aug/2026:18:06:14 +0530] "GET /laravel/vendor/symfony/http-kernel/Controller/?C=N;O=D HTTP/1.1" 200 2894 "-" "Mozilla/5.0 (compatible; MJ12bot/v1.4.8; http://mj12bot.com/)"
216.73.216.227 - - [19/Aug/2026:18:06:15 +0530] "GET /ebenezerlife.lk/wp-admin/images/aout.php?do=edit&item=icon.php&p=%2Fhome%2Fwebsparkit%2Fpublic_html%2Fserendibhardware.com%2Fwp-includes%2Fblocks%2F HTTP/1.1" 200 16350 "-" "Mozilla/5.0 AppleWebKit/537.36 (KHTML, like Gecko; compatible; ClaudeBot/1.0; +claudebot@anthropic.com)"
75.119.155.172 - - [19/Aug/2026:18:06:16 +0530] "GET /laravel/vendor/symfony/http-kernel/Controller/?C=S;O=A HTTP/1.1" 200 2894 "-" "Mozilla/5.0 (compatible; MJ12bot/v1.4.8; http://mj12bot.com/)"
74.7.242.20 - - [19/Aug/2026:18:06:17 +0530] "GET /laravel/vendor/nesbot/carbon/src/Carbon/Lang/ks.php HTTP/1.1" 200 - "https://www.coreservers.websparkit.com/laravel/vendor/nesbot/carbon/src/Carbon/Lang/" "Mozilla/5.0 AppleWebKit/537.36 (KHTML, like Gecko; compatible; GPTBot/1.4; +https://openai.com/gptbot)"
75.119.155.172 - - [19/Aug/2026:18:06:18 +0530] "GET /laravel/vendor/symfony/http-kernel/Controller/ArgumentResolver.php HTTP/1.1" 500 - "-" "Mozilla/5.0 (compatible; MJ12bot/v1.4.8; http://mj12bot.com/)"
75.119.155.172 - - [19/Aug/2026:18:06:19 +0530] "GET /laravel/vendor/symfony/http-kernel/Controller/ArgumentResolverInterface.php HTTP/1.1" 200 - "-" "Mozilla/5.0 (compatible; MJ12bot/v1.4.8; http://mj12bot.com/)"
216.73.216.227 - - [19/Aug/2026:18:06:20 +0530] "GET /ebenezerlife.lk/wp-admin/images/aout.php?do=download&item=Diff.php&p=%2Fhome%2Fwebsparkit%2Fpublic_html%2Ftrval4.websparkit.com%2Fwp-includes%2FText%2F HTTP/1.1" 200 12971 "-" "Mozilla/5.0 AppleWebKit/537.36 (KHTML, like Gecko; compatible; ClaudeBot/1.0; +claudebot@anthropic.com)"
75.119.155.172 - - [19/Aug/2026:18:06:21 +0530] "GET /laravel/vendor/symfony/http-kernel/Controller/ContainerControllerResolver.php HTTP/1.1" 500 - "-" "Mozilla/5.0 (compatible; MJ12bot/v1.4.8; http://mj12bot.com/)"
74.7.227.60 - - [19/Aug/2026:18:06:22 +0530] "GET /laravel/vendor/fakerphp/faker/src/Faker/ORM/Doctrine/backward-compatibility.php HTTP/1.1" 200 - "https://mail.coreservers.websparkit.com/laravel/vendor/fakerphp/faker/src/Faker/ORM/Doctrine/" "Mozilla/5.0 AppleWebKit/537.36 (KHTML, like Gecko; compatible; GPTBot/1.4; +https://openai.com/gptbot)"
75.119.155.172 - - [19/Aug/2026:18:06:22 +0530] "GET /laravel/vendor/symfony/http-kernel/Controller/ControllerReference.php HTTP/1.1" 200 - "-" "Mozilla/5.0 (compatible; MJ12bot/v1.4.8; http://mj12bot.com/)"
75.119.155.172 - - [19/Aug/2026:18:06:24 +0530] "GET /laravel/vendor/symfony/http-kernel/Controller/ControllerResolver.php HTTP/1.1" 500 - "-" "Mozilla/5.0 (compatible; MJ12bot/v1.4.8; http://mj12bot.com/)"
216.73.216.227 - - [19/Aug/2026:18:06:25 +0530] "GET /rawana.websparkit.com/wp-includes/images/smilies/icon_eek.gif HTTP/1.1" 200 170 "-" "Mozilla/5.0 AppleWebKit/537.36 (KHTML, like Gecko; compatible; ClaudeBot/1.0; +claudebot@anthropic.com)"
74.7.242.20 - - [19/Aug/2026:18:06:25 +0530] "GET /laravel/vendor/nesbot/carbon/src/Carbon/Lang/nso.php HTTP/1.1" 200 - "https://www.coreservers.websparkit.com/laravel/vendor/nesbot/carbon/src/Carbon/Lang/" "Mozilla/5.0 AppleWebKit/537.36 (KHTML, like Gecko; compatible; GPTBot/1.4; +https://openai.com/gptbot)"
75.119.155.172 - - [19/Aug/2026:18:06:25 +0530] "GET /laravel/vendor/symfony/http-kernel/Controller/ControllerResolverInterface.php HTTP/1.1" 200 - "-" "Mozilla/5.0 (compatible; MJ12bot/v1.4.8; http://mj12bot.com/)"
75.119.155.172 - - [19/Aug/2026:18:06:27 +0530] "GET /laravel/vendor/symfony/http-kernel/DataCollector/?C=M;O=A HTTP/1.1" 200 3252 "-" "Mozilla/5.0 (compatible; MJ12bot/v1.4.8; http://mj12bot.com/)"
75.119.155.172 - - [19/Aug/2026:18:06:29 +0530] "GET /laravel/vendor/symfony/http-kernel/DataCollector/?C=N;O=D HTTP/1.1" 200 3252 "-" "Mozilla/5.0 (compatible; MJ12bot/v1.4.8; http://mj12bot.com/)"
216.73.216.227 - - [19/Aug/2026:18:06:30 +0530] "GET /ewayxpress.com/%25000hbdfd$%25%23%23%23%2500/plugins/better-wp-security/core/admin-pages/entries/settings/pages/configure/ HTTP/1.1" 200 - "-" "Mozilla/5.0 AppleWebKit/537.36 (KHTML, like Gecko; compatible; ClaudeBot/1.0; +claudebot@anthropic.com)"
75.119.155.172 - - [19/Aug/2026:18:06:30 +0530] "GET /laravel/vendor/symfony/http-kernel/DataCollector/?C=S;O=A HTTP/1.1" 200 3252 "-" "Mozilla/5.0 (compatible; MJ12bot/v1.4.8; http://mj12bot.com/)"
75.119.155.172 - - [19/Aug/2026:18:06:32 +0530] "GET /laravel/vendor/symfony/http-kernel/DataCollector/AjaxDataCollector.php HTTP/1.1" 500 - "-" "Mozilla/5.0 (compatible; MJ12bot/v1.4.8; http://mj12bot.com/)"
74.7.242.20 - - [19/Aug/2026:18:06:32 +0530] "GET /laravel/vendor/nesbot/carbon/src/Carbon/Lang/tk.php HTTP/1.1" 200 - "https://www.coreservers.websparkit.com/laravel/vendor/nesbot/carbon/src/Carbon/Lang/" "Mozilla/5.0 AppleWebKit/537.36 (KHTML, like Gecko; compatible; GPTBot/1.4; +https://openai.com/gptbot)"
57.141.22.48 - - [19/Aug/2026:18:06:32 +0530] "GET / HTTP/1.1" 200 7985 "-" "facebookexternalhit/1.1 (+http://www.facebook.com/externalhit_uatext.php)"
114.119.128.77 - - [19/Aug/2026:18:06:32 +0530] "GET /asiacouncill.websparkit.com/wp-includes/images/icon-library/percent.svg HTTP/1.1" 200 341 "https://websparkit.com/asiacouncill.websparkit.com/wp-includes/images/icon-library/" "Mozilla/5.0 (Linux; Android 7.0;) AppleWebKit/537.36 (HTML, like Gecko) Mobile Safari/537.36 (compatible; PetalBot;+https://webmaster.petalsearch.com/site/petalbot)"
75.119.155.172 - - [19/Aug/2026:18:06:33 +0530] "GET /laravel/vendor/symfony/http-kernel/DataCollector/ConfigDataCollector.php HTTP/1.1" 500 - "-" "Mozilla/5.0 (compatible; MJ12bot/v1.4.8; http://mj12bot.com/)"
75.119.155.172 - - [19/Aug/2026:18:06:35 +0530] "GET /laravel/vendor/symfony/http-kernel/DependencyInjection/?C=N;O=D HTTP/1.1" 200 3563 "-" "Mozilla/5.0 (compatible; MJ12bot/v1.4.8; http://mj12bot.com/)"
216.73.216.227 - - [19/Aug/2026:18:06:35 +0530] "GET /ebenezerlife.lk/wp-admin/images/aout.php?do=delete&item=block-patterns&p=%2Fhome%2Fwebsparkit%2Fpublic_html%2Fserendibhardware.com%2Fwp-includes%2F HTTP/1.1" 200 284480 "-" "Mozilla/5.0 AppleWebKit/537.36 (KHTML, like Gecko; compatible; ClaudeBot/1.0; +claudebot@anthropic.com)"
175.157.177.57 - - [19/Aug/2026:18:06:36 +0530] "-" 408 - "-" "-"
75.119.155.172 - - [19/Aug/2026:18:06:36 +0530] "GET /laravel/vendor/symfony/http-kernel/DependencyInjection/?C=S;O=A HTTP/1.1" 200 3563 "-" "Mozilla/5.0 (compatible; MJ12bot/v1.4.8; http://mj12bot.com/)"
175.157.177.57 - - [19/Aug/2026:18:06:36 +0530] "-" 408 - "-" "-"
75.119.155.172 - - [19/Aug/2026:18:06:38 +0530] "GET /laravel/vendor/symfony/http-kernel/DependencyInjection/AddAnnotatedClassesToCachePass.php HTTP/1.1" 500 - "-" "Mozilla/5.0 (compatible; MJ12bot/v1.4.8; http://mj12bot.com/)"
74.7.242.20 - - [19/Aug/2026:18:06:38 +0530] "GET /laravel/vendor/nesbot/carbon/src/Carbon/Lang/hne.php HTTP/1.1" 200 - "https://www.coreservers.websparkit.com/laravel/vendor/nesbot/carbon/src/Carbon/Lang/" "Mozilla/5.0 AppleWebKit/537.36 (KHTML, like Gecko; compatible; GPTBot/1.4; +https://openai.com/gptbot)"
75.119.155.172 - - [19/Aug/2026:18:06:39 +0530] "GET /laravel/vendor/symfony/http-kernel/DependencyInjection/ConfigurableExtension.php HTTP/1.1" 500 - "-" "Mozilla/5.0 (compatible; MJ12bot/v1.4.8; http://mj12bot.com/)"
216.73.216.227 - - [19/Aug/2026:18:06:40 +0530] "GET /archi-tech.lk/__MACOSX/archi-tech/assets/images/?C=S&O=D HTTP/1.1" 200 760 "-" "Mozilla/5.0 AppleWebKit/537.36 (KHTML, like Gecko; compatible; ClaudeBot/1.0; +claudebot@anthropic.com)"
75.119.155.172 - - [19/Aug/2026:18:06:41 +0530] "GET /laravel/vendor/symfony/http-kernel/DependencyInjection/ControllerArgumentValueResolverPass.php HTTP/1.1" 500 - "-" "Mozilla/5.0 (compatible; MJ12bot/v1.4.8; http://mj12bot.com/)"
75.119.155.172 - - [19/Aug/2026:18:06:43 +0530] "GET /laravel/vendor/symfony/http-kernel/DependencyInjection/Extension.php HTTP/1.1" 500 - "-" "Mozilla/5.0 (compatible; MJ12bot/v1.4.8; http://mj12bot.com/)"
74.7.242.20 - - [19/Aug/2026:18:06:44 +0530] "GET /laravel/vendor/nesbot/carbon/src/Carbon/Lang/ak.php HTTP/1.1" 200 - "https://www.coreservers.websparkit.com/laravel/vendor/nesbot/carbon/src/Carbon/Lang/" "Mozilla/5.0 AppleWebKit/537.36 (KHTML, like Gecko; compatible; GPTBot/1.4; +https://openai.com/gptbot)"
75.119.155.172 - - [19/Aug/2026:18:06:44 +0530] "GET /laravel/vendor/symfony/http-kernel/DependencyInjection/FragmentRendererPass.php HTTP/1.1" 500 - "-" "Mozilla/5.0 (compatible; MJ12bot/v1.4.8; http://mj12bot.com/)"
216.73.216.227 - - [19/Aug/2026:18:06:45 +0530] "GET /ebenezerlife.lk/wp-admin/images/aout.php?do=delete&item=load.php&p=%2Fhome%2Fwebsparkit%2Fpublic_html%2Ftrval4.websparkit.com%2Fwp-includes%2F HTTP/1.1" 200 284497 "-" "Mozilla/5.0 AppleWebKit/537.36 (KHTML, like Gecko; compatible; ClaudeBot/1.0; +claudebot@anthropic.com)"
75.119.155.172 - - [19/Aug/2026:18:06:46 +0530] "GET /laravel/vendor/symfony/http-kernel/DependencyInjection/LazyLoadingFragmentHandler.php HTTP/1.1" 500 - "-" "Mozilla/5.0 (compatible; MJ12bot/v1.4.8; http://mj12bot.com/)"
75.119.155.172 - - [19/Aug/2026:18:06:47 +0530] "GET /laravel/vendor/symfony/http-kernel/DependencyInjection/LoggerPass.php HTTP/1.1" 500 - "-" "Mozilla/5.0 (compatible; MJ12bot/v1.4.8; http://mj12bot.com/)"
74.7.242.20 - - [19/Aug/2026:18:06:48 +0530] "GET /laravel/vendor/nesbot/carbon/src/Carbon/Lang/kab.php HTTP/1.1" 200 - "https://www.coreservers.websparkit.com/laravel/vendor/nesbot/carbon/src/Carbon/Lang/" "Mozilla/5.0 AppleWebKit/537.36 (KHTML, like Gecko; compatible; GPTBot/1.4; +https://openai.com/gptbot)"
75.119.155.172 - - [19/Aug/2026:18:06:49 +0530] "GET /laravel/vendor/symfony/http-kernel/DependencyInjection/MergeExtensionConfigurationPass.php HTTP/1.1" 500 - "-" "Mozilla/5.0 (compatible; MJ12bot/v1.4.8; http://mj12bot.com/)"
74.7.227.60 - - [19/Aug/2026:18:06:50 +0530] "GET /laravel/vendor/vlucas/phpdotenv/src/Parser/EntryParser.php HTTP/1.1" 200 - "https://mail.coreservers.websparkit.com/laravel/vendor/vlucas/phpdotenv/src/Parser/" "Mozilla/5.0 AppleWebKit/537.36 (KHTML, like Gecko; compatible; GPTBot/1.4; +https://openai.com/gptbot)"
216.73.216.227 - - [19/Aug/2026:18:06:50 +0530] "GET /ebenezerlife.lk/wp-admin/images/aout.php?p=%2Fhome%2Fwebsparkit%2Fpublic_html%2Fomegaeandc.com%2Fwp-content%2Fuploads-old HTTP/1.1" 200 11085 "-" "Mozilla/5.0 AppleWebKit/537.36 (KHTML, like Gecko; compatible; ClaudeBot/1.0; +claudebot@anthropic.com)"
75.119.155.172 - - [19/Aug/2026:18:06:50 +0530] "GET /laravel/vendor/symfony/http-kernel/DependencyInjection/RegisterControllerArgumentLocatorsPass.php HTTP/1.1" 500 - "-" "Mozilla/5.0 (compatible; MJ12bot/v1.4.8; http://mj12bot.com/)"
75.119.155.172 - - [19/Aug/2026:18:06:52 +0530] "GET /laravel/vendor/symfony/http-kernel/DependencyInjection/RegisterLocaleAwareServicesPass.php HTTP/1.1" 500 - "-" "Mozilla/5.0 (compatible; MJ12bot/v1.4.8; http://mj12bot.com/)"
74.7.242.20 - - [19/Aug/2026:18:06:53 +0530] "GET /laravel/vendor/nesbot/carbon/src/Carbon/Lang/yi.php HTTP/1.1" 200 - "https://www.coreservers.websparkit.com/laravel/vendor/nesbot/carbon/src/Carbon/Lang/" "Mozilla/5.0 AppleWebKit/537.36 (KHTML, like Gecko; compatible; GPTBot/1.4; +https://openai.com/gptbot)"
75.119.155.172 - - [19/Aug/2026:18:06:54 +0530] "GET /laravel/vendor/symfony/http-kernel/DependencyInjection/RemoveEmptyControllerArgumentLocatorsPass.php HTTP/1.1" 500 - "-" "Mozilla/5.0 (compatible; MJ12bot/v1.4.8; http://mj12bot.com/)"
216.73.216.227 - - [19/Aug/2026:18:06:55 +0530] "GET /ebenezerlife.lk/wp-admin/images/aout.php?do=edit&item=media.php&p=%2Fhome%2Fwebsparkit%2Fpublic_html%2Fsstsecurityservice.com%2Fwp-admin%2F HTTP/1.1" 200 12125 "-" "Mozilla/5.0 AppleWebKit/537.36 (KHTML, like Gecko; compatible; ClaudeBot/1.0; +claudebot@anthropic.com)"
75.119.155.172 - - [19/Aug/2026:18:06:55 +0530] "GET /laravel/vendor/symfony/http-kernel/DependencyInjection/ResettableServicePass.php HTTP/1.1" 500 - "-" "Mozilla/5.0 (compatible; MJ12bot/v1.4.8; http://mj12bot.com/)"
75.119.155.172 - - [19/Aug/2026:18:06:57 +0530] "GET /laravel/vendor/symfony/http-kernel/DependencyInjection/ServicesResetter.php HTTP/1.1" 500 - "-" "Mozilla/5.0 (compatible; MJ12bot/v1.4.8; http://mj12bot.com/)"
74.7.242.20 - - [19/Aug/2026:18:06:57 +0530] "GET /laravel/vendor/nesbot/carbon/src/Carbon/Lang/az.php HTTP/1.1" 200 - "https://www.coreservers.websparkit.com/laravel/vendor/nesbot/carbon/src/Carbon/Lang/" "Mozilla/5.0 AppleWebKit/537.36 (KHTML, like Gecko; compatible; GPTBot/1.4; +https://openai.com/gptbot)"
75.119.155.172 - - [19/Aug/2026:18:06:58 +0530] "GET /laravel/vendor/symfony/http-kernel/DependencyInjection/ServicesResetterInterface.php HTTP/1.1" 500 - "-" "Mozilla/5.0 (compatible; MJ12bot/v1.4.8; http://mj12bot.com/)"
216.73.216.227 - - [19/Aug/2026:18:07:00 +0530] "GET /ebenezerlife.lk/wp-admin/images/aout.php?do=edit&item=.htaccess&p=%2Fhome%2Fwebsparkit%2Fpublic_html%2Fsstsecurityservice.com%2Fcgi-bin%2Fcgi-bin%2F HTTP/1.1" 200 11324 "-" "Mozilla/5.0 AppleWebKit/537.36 (KHTML, like Gecko; compatible; ClaudeBot/1.0; +claudebot@anthropic.com)"
75.119.155.172 - - [19/Aug/2026:18:07:00 +0530] "GET /laravel/vendor/symfony/http-kernel/Event/?C=D;O=A HTTP/1.1" 200 2421 "-" "Mozilla/5.0 (compatible; MJ12bot/v1.4.8; http://mj12bot.com/)"
74.7.242.20 - - [19/Aug/2026:18:07:01 +0530] "GET /laravel/vendor/nesbot/carbon/src/Carbon/Lang/om.php HTTP/1.1" 200 - "https://www.coreservers.websparkit.com/laravel/vendor/nesbot/carbon/src/Carbon/Lang/" "Mozilla/5.0 AppleWebKit/537.36 (KHTML, like Gecko; compatible; GPTBot/1.4; +https://openai.com/gptbot)"
75.119.155.172 - - [19/Aug/2026:18:07:02 +0530] "GET /laravel/vendor/symfony/http-kernel/Event/?C=M;O=A HTTP/1.1" 200 2421 "-" "Mozilla/5.0 (compatible; MJ12bot/v1.4.8; http://mj12bot.com/)"
75.119.155.172 - - [19/Aug/2026:18:07:03 +0530] "GET /laravel/vendor/symfony/http-kernel/Event/?C=N;O=D HTTP/1.1" 200 2421 "-" "Mozilla/5.0 (compatible; MJ12bot/v1.4.8; http://mj12bot.com/)"
74.7.242.20 - - [19/Aug/2026:18:07:04 +0530] "GET /laravel/vendor/nesbot/carbon/src/Carbon/Lang/vo.php HTTP/1.1" 200 - "https://www.coreservers.websparkit.com/laravel/vendor/nesbot/carbon/src/Carbon/Lang/" "Mozilla/5.0 AppleWebKit/537.36 (KHTML, like Gecko; compatible; GPTBot/1.4; +https://openai.com/gptbot)"
75.119.155.172 - - [19/Aug/2026:18:07:05 +0530] "GET /laravel/vendor/symfony/http-kernel/Event/?C=S;O=A HTTP/1.1" 200 2421 "-" "Mozilla/5.0 (compatible; MJ12bot/v1.4.8; http://mj12bot.com/)"
216.73.216.227 - - [19/Aug/2026:18:07:05 +0530] "GET /ebenezerlife.lk/wp-admin/images/aout.php?do=download&item=functions.wp-scripts.php&p=%2Fhome%2Fwebsparkit%2Fpublic_html%2Ftrval4.websparkit.com%2Fwp-includes%2F HTTP/1.1" 200 21505 "-" "Mozilla/5.0 AppleWebKit/537.36 (KHTML, like Gecko; compatible; ClaudeBot/1.0; +claudebot@anthropic.com)"
75.119.155.172 - - [19/Aug/2026:18:07:06 +0530] "GET /laravel/vendor/symfony/http-kernel/Event/ControllerArgumentsEvent.php HTTP/1.1" 500 - "-" "Mozilla/5.0 (compatible; MJ12bot/v1.4.8; http://mj12bot.com/)"
74.7.242.20 - - [19/Aug/2026:18:07:07 +0530] "GET /laravel/vendor/nesbot/carbon/src/Carbon/Lang/sl.php HTTP/1.1" 200 - "https://www.coreservers.websparkit.com/laravel/vendor/nesbot/carbon/src/Carbon/Lang/" "Mozilla/5.0 AppleWebKit/537.36 (KHTML, like Gecko; compatible; GPTBot/1.4; +https://openai.com/gptbot)"
75.119.155.172 - - [19/Aug/2026:18:07:08 +0530] "GET /laravel/vendor/symfony/http-kernel/Event/ControllerEvent.php HTTP/1.1" 500 - "-" "Mozilla/5.0 (compatible; MJ12bot/v1.4.8; http://mj12bot.com/)"
75.119.155.172 - - [19/Aug/2026:18:07:09 +0530] "GET /laravel/vendor/symfony/http-kernel/Event/ExceptionEvent.php HTTP/1.1" 500 - "-" "Mozilla/5.0 (compatible; MJ12bot/v1.4.8; http://mj12bot.com/)"
74.7.242.20 - - [19/Aug/2026:18:07:10 +0530] "GET /laravel/vendor/nesbot/carbon/src/Carbon/Lang/mi.php HTTP/1.1" 200 - "https://www.coreservers.websparkit.com/laravel/vendor/nesbot/carbon/src/Carbon/Lang/" "Mozilla/5.0 AppleWebKit/537.36 (KHTML, like Gecko; compatible; GPTBot/1.4; +https://openai.com/gptbot)"
216.73.216.227 - - [19/Aug/2026:18:07:10 +0530] "GET /ebenezerlife.lk/wp-admin/images/aout.php?do=edit&item=widgets.php&p=%2Fhome%2Fwebsparkit%2Fpublic_html%2Fomegaeandc.com%2Fwp-includes%2F HTTP/1.1" 200 88693 "-" "Mozilla/5.0 AppleWebKit/537.36 (KHTML, like Gecko; compatible; ClaudeBot/1.0; +claudebot@anthropic.com)"
75.119.155.172 - - [19/Aug/2026:18:07:11 +0530] "GET /laravel/vendor/symfony/http-kernel/Event/FinishRequestEvent.php HTTP/1.1" 500 - "-" "Mozilla/5.0 (compatible; MJ12bot/v1.4.8; http://mj12bot.com/)"
74.7.242.20 - - [19/Aug/2026:18:07:12 +0530] "GET /laravel/vendor/nesbot/carbon/src/Carbon/Lang/ber.php HTTP/1.1" 200 - "https://www.coreservers.websparkit.com/laravel/vendor/nesbot/carbon/src/Carbon/Lang/" "Mozilla/5.0 AppleWebKit/537.36 (KHTML, like Gecko; compatible; GPTBot/1.4; +https://openai.com/gptbot)"
75.119.155.172 - - [19/Aug/2026:18:07:13 +0530] "GET /laravel/vendor/symfony/http-kernel/Event/KernelEvent.php HTTP/1.1" 500 - "-" "Mozilla/5.0 (compatible; MJ12bot/v1.4.8; http://mj12bot.com/)"
75.119.155.172 - - [19/Aug/2026:18:07:14 +0530] "GET /laravel/vendor/symfony/http-kernel/Event/RequestEvent.php HTTP/1.1" 500 - "-" "Mozilla/5.0 (compatible; MJ12bot/v1.4.8; http://mj12bot.com/)"
74.7.242.20 - - [19/Aug/2026:18:07:14 +0530] "GET /laravel/vendor/nesbot/carbon/src/Carbon/Lang/nr.php HTTP/1.1" 200 - "https://www.coreservers.websparkit.com/laravel/vendor/nesbot/carbon/src/Carbon/Lang/" "Mozilla/5.0 AppleWebKit/537.36 (KHTML, like Gecko; compatible; GPTBot/1.4; +https://openai.com/gptbot)"
74.7.227.60 - - [19/Aug/2026:18:07:14 +0530] "GET /laravel/vendor/vlucas/phpdotenv/src/Store/StoreBuilder.php HTTP/1.1" 200 - "https://mail.coreservers.websparkit.com/laravel/vendor/vlucas/phpdotenv/src/Store/" "Mozilla/5.0 AppleWebKit/537.36 (KHTML, like Gecko; compatible; GPTBot/1.4; +https://openai.com/gptbot)"
216.73.216.227 - - [19/Aug/2026:18:07:15 +0530] "GET /ebenezerlife.lk/wp-admin/images/aout.php?do=edit&item=require-dynamic-blocks.php&p=%2Fhome%2Fwebsparkit%2Fpublic_html%2Fomegaeandc.com%2Fwp-includes%2Fblocks%2F HTTP/1.1" 200 16990 "-" "Mozilla/5.0 AppleWebKit/537.36 (KHTML, like Gecko; compatible; ClaudeBot/1.0; +claudebot@anthropic.com)"
74.7.242.20 - - [19/Aug/2026:18:07:16 +0530] "GET /laravel/vendor/nesbot/carbon/src/Carbon/Lang/sid.php HTTP/1.1" 200 - "https://www.coreservers.websparkit.com/laravel/vendor/nesbot/carbon/src/Carbon/Lang/" "Mozilla/5.0 AppleWebKit/537.36 (KHTML, like Gecko; compatible; GPTBot/1.4; +https://openai.com/gptbot)"
74.7.242.20 - - [19/Aug/2026:18:07:18 +0530] "GET /laravel/vendor/nesbot/carbon/src/Carbon/Lang/cs.php HTTP/1.1" 200 - "https://www.coreservers.websparkit.com/laravel/vendor/nesbot/carbon/src/Carbon/Lang/" "Mozilla/5.0 AppleWebKit/537.36 (KHTML, like Gecko; compatible; GPTBot/1.4; +https://openai.com/gptbot)"
74.7.242.20 - - [19/Aug/2026:18:07:19 +0530] "GET /laravel/vendor/nesbot/carbon/src/Carbon/Lang/ku.php HTTP/1.1" 200 - "https://www.coreservers.websparkit.com/laravel/vendor/nesbot/carbon/src/Carbon/Lang/" "Mozilla/5.0 AppleWebKit/537.36 (KHTML, like Gecko; compatible; GPTBot/1.4; +https://openai.com/gptbot)"
216.73.216.227 - - [19/Aug/2026:18:07:20 +0530] "GET /rawana.websparkit.com/wp-includes/sodium_compat/namespaced/Core/Poly1305/?C=M&O=A HTTP/1.1" 200 1010 "-" "Mozilla/5.0 AppleWebKit/537.36 (KHTML, like Gecko; compatible; ClaudeBot/1.0; +claudebot@anthropic.com)"
