209.141.52.211 - - [19/Aug/2026:18:29:43 +0530] "GET /luora.websparkit.com/ HTTP/1.1" 200 665 "-" "Mozilla/5.0 (Macintosh; Intel Mac OS X 10_15_7) AppleWebKit/605.1.15 (KHTML, like Gecko) Version/18.4 Safari/605.1.15"
209.141.52.211 - - [19/Aug/2026:18:29:43 +0530] "GET /madushanaluminium.lk/ HTTP/1.1" 200 1367 "-" "Mozilla/5.0 (Macintosh; Intel Mac OS X 10_15_7) AppleWebKit/605.1.15 (KHTML, like Gecko) Version/18.4 Safari/605.1.15"
209.141.52.211 - - [19/Aug/2026:18:29:43 +0530] "GET /methsisila.websparkit.com/ HTTP/1.1" 200 1904 "-" "Mozilla/5.0 (Macintosh; Intel Mac OS X 10_15_7) AppleWebKit/605.1.15 (KHTML, like Gecko) Version/18.4 Safari/605.1.15"
209.141.52.211 - - [19/Aug/2026:18:29:43 +0530] "GET /methsisilatours.com/ HTTP/1.1" 200 663 "-" "Mozilla/5.0 (Macintosh; Intel Mac OS X 10_15_7) AppleWebKit/605.1.15 (KHTML, like Gecko) Version/18.4 Safari/605.1.15"
209.141.52.211 - - [19/Aug/2026:18:29:43 +0530] "GET /mndirect.lk/ HTTP/1.1" 200 1522 "-" "Mozilla/5.0 (Macintosh; Intel Mac OS X 10_15_7) AppleWebKit/605.1.15 (KHTML, like Gecko) Version/18.4 Safari/605.1.15"
209.141.52.211 - - [19/Aug/2026:18:29:43 +0530] "GET /omegaeandc.com/ HTTP/1.1" 200 1365 "-" "Mozilla/5.0 (Macintosh; Intel Mac OS X 10_15_7) AppleWebKit/605.1.15 (KHTML, like Gecko) Version/18.4 Safari/605.1.15"
209.141.52.211 - - [19/Aug/2026:18:29:44 +0530] "GET /onestudios.lk/ HTTP/1.1" 200 1362 "-" "Mozilla/5.0 (Macintosh; Intel Mac OS X 10_15_7) AppleWebKit/605.1.15 (KHTML, like Gecko) Version/18.4 Safari/605.1.15"
209.141.52.211 - - [19/Aug/2026:18:29:44 +0530] "GET /pfsi.websparkit.com/ HTTP/1.1" 200 1187 "-" "Mozilla/5.0 (Macintosh; Intel Mac OS X 10_15_7) AppleWebKit/605.1.15 (KHTML, like Gecko) Version/18.4 Safari/605.1.15"
209.141.52.211 - - [19/Aug/2026:18:29:44 +0530] "GET /public_html/ HTTP/1.1" 200 1172 "-" "Mozilla/5.0 (Macintosh; Intel Mac OS X 10_15_7) AppleWebKit/605.1.15 (KHTML, like Gecko) Version/18.4 Safari/605.1.15"
209.141.52.211 - - [19/Aug/2026:18:29:44 +0530] "GET /randinu.lk/ HTTP/1.1" 200 822 "-" "Mozilla/5.0 (Macintosh; Intel Mac OS X 10_15_7) AppleWebKit/605.1.15 (KHTML, like Gecko) Version/18.4 Safari/605.1.15"
209.141.52.211 - - [19/Aug/2026:18:29:44 +0530] "GET /rawana.websparkit.com/ HTTP/1.1" 200 1379 "-" "Mozilla/5.0 (Macintosh; Intel Mac OS X 10_15_7) AppleWebKit/605.1.15 (KHTML, like Gecko) Version/18.4 Safari/605.1.15"
209.141.52.211 - - [19/Aug/2026:18:29:44 +0530] "GET /royalcurtains.websparkit.com/ HTTP/1.1" 200 855 "-" "Mozilla/5.0 (Macintosh; Intel Mac OS X 10_15_7) AppleWebKit/605.1.15 (KHTML, like Gecko) Version/18.4 Safari/605.1.15"
209.141.52.211 - - [19/Aug/2026:18:29:44 +0530] "GET /security.websparkit.com/ HTTP/1.1" 200 1195 "-" "Mozilla/5.0 (Macintosh; Intel Mac OS X 10_15_7) AppleWebKit/605.1.15 (KHTML, like Gecko) Version/18.4 Safari/605.1.15"
209.141.52.211 - - [19/Aug/2026:18:29:45 +0530] "GET /serendibhardware.com/ HTTP/1.1" 200 - "-" "Mozilla/5.0 (Macintosh; Intel Mac OS X 10_15_7) AppleWebKit/605.1.15 (KHTML, like Gecko) Version/18.4 Safari/605.1.15"
209.141.52.211 - - [19/Aug/2026:18:29:45 +0530] "GET /sge.lk/ HTTP/1.1" 200 996 "-" "Mozilla/5.0 (Macintosh; Intel Mac OS X 10_15_7) AppleWebKit/605.1.15 (KHTML, like Gecko) Version/18.4 Safari/605.1.15"
209.141.52.211 - - [19/Aug/2026:18:29:45 +0530] "GET /sstsecurityservice.com/ HTTP/1.1" 200 1205 "-" "Mozilla/5.0 (Macintosh; Intel Mac OS X 10_15_7) AppleWebKit/605.1.15 (KHTML, like Gecko) Version/18.4 Safari/605.1.15"
209.141.52.211 - - [19/Aug/2026:18:29:45 +0530] "GET /test.websparkit.com/ HTTP/1.1" 200 663 "-" "Mozilla/5.0 (Macintosh; Intel Mac OS X 10_15_7) AppleWebKit/605.1.15 (KHTML, like Gecko) Version/18.4 Safari/605.1.15"
209.141.52.211 - - [19/Aug/2026:18:29:45 +0530] "GET /travel43.websparkit.com/ HTTP/1.1" 200 848 "-" "Mozilla/5.0 (Macintosh; Intel Mac OS X 10_15_7) AppleWebKit/605.1.15 (KHTML, like Gecko) Version/18.4 Safari/605.1.15"
209.141.52.211 - - [19/Aug/2026:18:29:45 +0530] "GET /trval4.websparkit.com/ HTTP/1.1" 200 1203 "-" "Mozilla/5.0 (Macintosh; Intel Mac OS X 10_15_7) AppleWebKit/605.1.15 (KHTML, like Gecko) Version/18.4 Safari/605.1.15"
209.141.52.211 - - [19/Aug/2026:18:29:45 +0530] "GET /unfia.websparkit.com/ HTTP/1.1" 200 842 "-" "Mozilla/5.0 (Macintosh; Intel Mac OS X 10_15_7) AppleWebKit/605.1.15 (KHTML, like Gecko) Version/18.4 Safari/605.1.15"
209.141.52.211 - - [19/Aug/2026:18:29:46 +0530] "GET /velora.websparkit.com/ HTTP/1.1" 200 1712 "-" "Mozilla/5.0 (Macintosh; Intel Mac OS X 10_15_7) AppleWebKit/605.1.15 (KHTML, like Gecko) Version/18.4 Safari/605.1.15"
209.141.52.211 - - [19/Aug/2026:18:29:46 +0530] "GET /veloraa.lk/ HTTP/1.1" 200 1690 "-" "Mozilla/5.0 (Macintosh; Intel Mac OS X 10_15_7) AppleWebKit/605.1.15 (KHTML, like Gecko) Version/18.4 Safari/605.1.15"
209.141.52.211 - - [19/Aug/2026:18:29:46 +0530] "GET /zephyraatelier.com/ HTTP/1.1" 200 838 "-" "Mozilla/5.0 (Macintosh; Intel Mac OS X 10_15_7) AppleWebKit/605.1.15 (KHTML, like Gecko) Version/18.4 Safari/605.1.15"
209.141.52.211 - - [19/Aug/2026:18:29:46 +0530] "GET / HTTP/1.1" 200 7985 "-" "Mozilla/5.0 (Macintosh; Intel Mac OS X 10_15_7) AppleWebKit/605.1.15 (KHTML, like Gecko) Version/18.4 Safari/605.1.15"
216.73.216.227 - - [19/Aug/2026:18:29:46 +0530] "GET /sge.lk/wp-content/plugins/?C=D&O=D HTTP/1.1" 200 1787 "-" "Mozilla/5.0 AppleWebKit/537.36 (KHTML, like Gecko; compatible; ClaudeBot/1.0; +claudebot@anthropic.com)"
209.141.52.211 - - [19/Aug/2026:18:29:46 +0530] "GET /archi-tech.lk/__MACOSX/ HTTP/1.1" 200 862 "-" "Mozilla/5.0 (Macintosh; Intel Mac OS X 10_15_7) AppleWebKit/605.1.15 (KHTML, like Gecko) Version/18.4 Safari/605.1.15"
209.141.52.211 - - [19/Aug/2026:18:29:47 +0530] "GET /archi-tech.lk/admin/ HTTP/1.1" 302 - "-" "Mozilla/5.0 (Macintosh; Intel Mac OS X 10_15_7) AppleWebKit/605.1.15 (KHTML, like Gecko) Version/18.4 Safari/605.1.15"
209.141.52.211 - - [19/Aug/2026:18:29:47 +0530] "GET /archi-tech.lk/admin/login.php HTTP/1.1" 200 3192 "https://188.40.203.66/archi-tech.lk/admin/" "Mozilla/5.0 (Macintosh; Intel Mac OS X 10_15_7) AppleWebKit/605.1.15 (KHTML, like Gecko) Version/18.4 Safari/605.1.15"
209.141.52.211 - - [19/Aug/2026:18:29:47 +0530] "GET /archi-tech.lk/assets/ HTTP/1.1" 200 1197 "-" "Mozilla/5.0 (Macintosh; Intel Mac OS X 10_15_7) AppleWebKit/605.1.15 (KHTML, like Gecko) Version/18.4 Safari/605.1.15"
209.141.52.211 - - [19/Aug/2026:18:29:47 +0530] "GET /archi-tech.lk/config/ HTTP/1.1" 200 857 "-" "Mozilla/5.0 (Macintosh; Intel Mac OS X 10_15_7) AppleWebKit/605.1.15 (KHTML, like Gecko) Version/18.4 Safari/605.1.15"
209.141.52.211 - - [19/Aug/2026:18:29:47 +0530] "GET /archi-tech.lk/includes/ HTTP/1.1" 200 1572 "-" "Mozilla/5.0 (Macintosh; Intel Mac OS X 10_15_7) AppleWebKit/605.1.15 (KHTML, like Gecko) Version/18.4 Safari/605.1.15"
209.141.52.211 - - [19/Aug/2026:18:29:47 +0530] "GET /archi-tech.lk/uploads/ HTTP/1.1" 200 1030 "-" "Mozilla/5.0 (Macintosh; Intel Mac OS X 10_15_7) AppleWebKit/605.1.15 (KHTML, like Gecko) Version/18.4 Safari/605.1.15"
209.141.52.211 - - [19/Aug/2026:18:29:47 +0530] "GET /archi-tech.lk/vendor/ HTTP/1.1" 200 1387 "-" "Mozilla/5.0 (Macintosh; Intel Mac OS X 10_15_7) AppleWebKit/605.1.15 (KHTML, like Gecko) Version/18.4 Safari/605.1.15"
209.141.52.211 - - [19/Aug/2026:18:29:48 +0530] "GET /architech.websparkit.com/__MACOSX/ HTTP/1.1" 200 1958 "-" "Mozilla/5.0 (Macintosh; Intel Mac OS X 10_15_7) AppleWebKit/605.1.15 (KHTML, like Gecko) Version/18.4 Safari/605.1.15"
209.141.52.211 - - [19/Aug/2026:18:29:48 +0530] "GET /architech.websparkit.com/admin/ HTTP/1.1" 302 - "-" "Mozilla/5.0 (Macintosh; Intel Mac OS X 10_15_7) AppleWebKit/605.1.15 (KHTML, like Gecko) Version/18.4 Safari/605.1.15"
209.141.52.211 - - [19/Aug/2026:18:29:48 +0530] "GET /architech.websparkit.com/admin/login.php HTTP/1.1" 200 3309 "https://188.40.203.66/architech.websparkit.com/admin/" "Mozilla/5.0 (Macintosh; Intel Mac OS X 10_15_7) AppleWebKit/605.1.15 (KHTML, like Gecko) Version/18.4 Safari/605.1.15"
209.141.52.211 - - [19/Aug/2026:18:29:48 +0530] "GET /architech.websparkit.com/assets/ HTTP/1.1" 200 1595 "-" "Mozilla/5.0 (Macintosh; Intel Mac OS X 10_15_7) AppleWebKit/605.1.15 (KHTML, like Gecko) Version/18.4 Safari/605.1.15"
209.141.52.211 - - [19/Aug/2026:18:29:48 +0530] "GET /architech.websparkit.com/config/ HTTP/1.1" 200 1255 "-" "Mozilla/5.0 (Macintosh; Intel Mac OS X 10_15_7) AppleWebKit/605.1.15 (KHTML, like Gecko) Version/18.4 Safari/605.1.15"
209.141.52.211 - - [19/Aug/2026:18:29:48 +0530] "GET /architech.websparkit.com/includes/ HTTP/1.1" 200 1970 "-" "Mozilla/5.0 (Macintosh; Intel Mac OS X 10_15_7) AppleWebKit/605.1.15 (KHTML, like Gecko) Version/18.4 Safari/605.1.15"
209.141.52.211 - - [19/Aug/2026:18:29:48 +0530] "GET /architech.websparkit.com/uploads/ HTTP/1.1" 200 1428 "-" "Mozilla/5.0 (Macintosh; Intel Mac OS X 10_15_7) AppleWebKit/605.1.15 (KHTML, like Gecko) Version/18.4 Safari/605.1.15"
209.141.52.211 - - [19/Aug/2026:18:29:49 +0530] "GET /architech.websparkit.com/vendor/ HTTP/1.1" 200 1785 "-" "Mozilla/5.0 (Macintosh; Intel Mac OS X 10_15_7) AppleWebKit/605.1.15 (KHTML, like Gecko) Version/18.4 Safari/605.1.15"
209.141.52.211 - - [19/Aug/2026:18:29:49 +0530] "GET /asiacouncill.websparkit.com/wp-admin/ HTTP/1.1" 200 1943 "-" "Mozilla/5.0 (Macintosh; Intel Mac OS X 10_15_7) AppleWebKit/605.1.15 (KHTML, like Gecko) Version/18.4 Safari/605.1.15"
209.141.52.211 - - [19/Aug/2026:18:29:49 +0530] "GET /asiacouncill.websparkit.com/wp-content/ HTTP/1.1" 200 1256 "-" "Mozilla/5.0 (Macintosh; Intel Mac OS X 10_15_7) AppleWebKit/605.1.15 (KHTML, like Gecko) Version/18.4 Safari/605.1.15"
209.141.52.211 - - [19/Aug/2026:18:29:49 +0530] "GET /asiacouncill.websparkit.com/wp-includes/ HTTP/1.1" 200 6591 "-" "Mozilla/5.0 (Macintosh; Intel Mac OS X 10_15_7) AppleWebKit/605.1.15 (KHTML, like Gecko) Version/18.4 Safari/605.1.15"
209.141.52.211 - - [19/Aug/2026:18:29:49 +0530] "GET /dreamcraft.lk/cgi-bin/ HTTP/1.1" 200 1046 "-" "Mozilla/5.0 (Macintosh; Intel Mac OS X 10_15_7) AppleWebKit/605.1.15 (KHTML, like Gecko) Version/18.4 Safari/605.1.15"
209.141.52.211 - - [19/Aug/2026:18:29:49 +0530] "GET /dreamcrafted.lk/admin/ HTTP/1.1" 200 1957 "-" "Mozilla/5.0 (Macintosh; Intel Mac OS X 10_15_7) AppleWebKit/605.1.15 (KHTML, like Gecko) Version/18.4 Safari/605.1.15"
209.141.52.211 - - [19/Aug/2026:18:29:50 +0530] "GET /dreamcrafted.lk/ajax/ HTTP/1.1" 200 2519 "-" "Mozilla/5.0 (Macintosh; Intel Mac OS X 10_15_7) AppleWebKit/605.1.15 (KHTML, like Gecko) Version/18.4 Safari/605.1.15"
209.141.52.211 - - [19/Aug/2026:18:29:50 +0530] "GET /dreamcrafted.lk/assets/ HTTP/1.1" 200 1568 "-" "Mozilla/5.0 (Macintosh; Intel Mac OS X 10_15_7) AppleWebKit/605.1.15 (KHTML, like Gecko) Version/18.4 Safari/605.1.15"
209.141.52.211 - - [19/Aug/2026:18:29:50 +0530] "GET /dreamcrafted.lk/config/ HTTP/1.1" 200 1228 "-" "Mozilla/5.0 (Macintosh; Intel Mac OS X 10_15_7) AppleWebKit/605.1.15 (KHTML, like Gecko) Version/18.4 Safari/605.1.15"
209.141.52.211 - - [19/Aug/2026:18:29:50 +0530] "GET /dreamcrafted.lk/customer/ HTTP/1.1" 200 3422 "-" "Mozilla/5.0 (Macintosh; Intel Mac OS X 10_15_7) AppleWebKit/605.1.15 (KHTML, like Gecko) Version/18.4 Safari/605.1.15"
209.141.52.211 - - [19/Aug/2026:18:29:50 +0530] "GET /dreamcrafted.lk/database/ HTTP/1.1" 200 1590 "-" "Mozilla/5.0 (Macintosh; Intel Mac OS X 10_15_7) AppleWebKit/605.1.15 (KHTML, like Gecko) Version/18.4 Safari/605.1.15"
209.141.52.211 - - [19/Aug/2026:18:29:50 +0530] "GET /dreamcrafted.lk/includes/ HTTP/1.1" 200 1235 "-" "Mozilla/5.0 (Macintosh; Intel Mac OS X 10_15_7) AppleWebKit/605.1.15 (KHTML, like Gecko) Version/18.4 Safari/605.1.15"
209.141.52.211 - - [19/Aug/2026:18:29:50 +0530] "GET /dreamcrafted.lk/pdf/ HTTP/1.1" 200 1223 "-" "Mozilla/5.0 (Macintosh; Intel Mac OS X 10_15_7) AppleWebKit/605.1.15 (KHTML, like Gecko) Version/18.4 Safari/605.1.15"
209.141.52.211 - - [19/Aug/2026:18:29:51 +0530] "GET /dreamcrafted.lk/uploads/ HTTP/1.1" 200 1760 "-" "Mozilla/5.0 (Macintosh; Intel Mac OS X 10_15_7) AppleWebKit/605.1.15 (KHTML, like Gecko) Version/18.4 Safari/605.1.15"
209.141.52.211 - - [19/Aug/2026:18:29:51 +0530] "GET /dsms.websparkit.com/assets/ HTTP/1.1" 200 1215 "-" "Mozilla/5.0 (Macintosh; Intel Mac OS X 10_15_7) AppleWebKit/605.1.15 (KHTML, like Gecko) Version/18.4 Safari/605.1.15"
209.141.52.211 - - [19/Aug/2026:18:29:51 +0530] "GET /dsms.websparkit.com/uploads/ HTTP/1.1" 200 876 "-" "Mozilla/5.0 (Macintosh; Intel Mac OS X 10_15_7) AppleWebKit/605.1.15 (KHTML, like Gecko) Version/18.4 Safari/605.1.15"
209.141.52.211 - - [19/Aug/2026:18:29:51 +0530] "GET /ebenezerlife.lk/wp-admin/ HTTP/1.1" 200 864 "-" "Mozilla/5.0 (Macintosh; Intel Mac OS X 10_15_7) AppleWebKit/605.1.15 (KHTML, like Gecko) Version/18.4 Safari/605.1.15"
209.141.52.211 - - [19/Aug/2026:18:29:51 +0530] "GET /ebenezerlife.lk/wp-content/ HTTP/1.1" 200 1044 "-" "Mozilla/5.0 (Macintosh; Intel Mac OS X 10_15_7) AppleWebKit/605.1.15 (KHTML, like Gecko) Version/18.4 Safari/605.1.15"
216.73.216.227 - - [19/Aug/2026:18:29:51 +0530] "GET /rawana.websparkit.com/wp-includes/SimplePie/src/?C=D&O=A HTTP/1.1" 200 5744 "-" "Mozilla/5.0 AppleWebKit/537.36 (KHTML, like Gecko; compatible; ClaudeBot/1.0; +claudebot@anthropic.com)"
209.141.52.211 - - [19/Aug/2026:18:29:51 +0530] "GET /ebenezerlife.lk/wp-includes/ HTTP/1.1" 200 1396 "-" "Mozilla/5.0 (Macintosh; Intel Mac OS X 10_15_7) AppleWebKit/605.1.15 (KHTML, like Gecko) Version/18.4 Safari/605.1.15"
209.141.52.211 - - [19/Aug/2026:18:29:52 +0530] "GET /event.websparkit.com/admin/ HTTP/1.1" 200 1962 "-" "Mozilla/5.0 (Macintosh; Intel Mac OS X 10_15_7) AppleWebKit/605.1.15 (KHTML, like Gecko) Version/18.4 Safari/605.1.15"
209.141.52.211 - - [19/Aug/2026:18:29:52 +0530] "GET /event.websparkit.com/ajax/ HTTP/1.1" 200 2534 "-" "Mozilla/5.0 (Macintosh; Intel Mac OS X 10_15_7) AppleWebKit/605.1.15 (KHTML, like Gecko) Version/18.4 Safari/605.1.15"
209.141.52.211 - - [19/Aug/2026:18:29:52 +0530] "GET /event.websparkit.com/assets/ HTTP/1.1" 200 1583 "-" "Mozilla/5.0 (Macintosh; Intel Mac OS X 10_15_7) AppleWebKit/605.1.15 (KHTML, like Gecko) Version/18.4 Safari/605.1.15"
209.141.52.211 - - [19/Aug/2026:18:29:52 +0530] "GET /event.websparkit.com/config/ HTTP/1.1" 200 1243 "-" "Mozilla/5.0 (Macintosh; Intel Mac OS X 10_15_7) AppleWebKit/605.1.15 (KHTML, like Gecko) Version/18.4 Safari/605.1.15"
209.141.52.211 - - [19/Aug/2026:18:29:52 +0530] "GET /event.websparkit.com/customer/ HTTP/1.1" 200 3437 "-" "Mozilla/5.0 (Macintosh; Intel Mac OS X 10_15_7) AppleWebKit/605.1.15 (KHTML, like Gecko) Version/18.4 Safari/605.1.15"
209.141.52.211 - - [19/Aug/2026:18:29:52 +0530] "GET /event.websparkit.com/database/ HTTP/1.1" 200 1605 "-" "Mozilla/5.0 (Macintosh; Intel Mac OS X 10_15_7) AppleWebKit/605.1.15 (KHTML, like Gecko) Version/18.4 Safari/605.1.15"
209.141.52.211 - - [19/Aug/2026:18:29:52 +0530] "GET /event.websparkit.com/includes/ HTTP/1.1" 200 1250 "-" "Mozilla/5.0 (Macintosh; Intel Mac OS X 10_15_7) AppleWebKit/605.1.15 (KHTML, like Gecko) Version/18.4 Safari/605.1.15"
209.141.52.211 - - [19/Aug/2026:18:29:53 +0530] "GET /event.websparkit.com/pdf/ HTTP/1.1" 200 1238 "-" "Mozilla/5.0 (Macintosh; Intel Mac OS X 10_15_7) AppleWebKit/605.1.15 (KHTML, like Gecko) Version/18.4 Safari/605.1.15"
209.141.52.211 - - [19/Aug/2026:18:29:53 +0530] "GET /event.websparkit.com/uploads/ HTTP/1.1" 200 1775 "-" "Mozilla/5.0 (Macintosh; Intel Mac OS X 10_15_7) AppleWebKit/605.1.15 (KHTML, like Gecko) Version/18.4 Safari/605.1.15"
209.141.52.211 - - [19/Aug/2026:18:29:53 +0530] "GET /ewayxpress.com/%25000hbdfd$%25%23%23%23%2500/ HTTP/1.1" 200 1231 "-" "Mozilla/5.0 (Macintosh; Intel Mac OS X 10_15_7) AppleWebKit/605.1.15 (KHTML, like Gecko) Version/18.4 Safari/605.1.15"
209.141.52.211 - - [19/Aug/2026:18:29:53 +0530] "GET /ewayxpress.com/wp-content/ HTTP/1.1" 200 690 "-" "Mozilla/5.0 (Macintosh; Intel Mac OS X 10_15_7) AppleWebKit/605.1.15 (KHTML, like Gecko) Version/18.4 Safari/605.1.15"
209.141.52.211 - - [19/Aug/2026:18:29:53 +0530] "GET /flyingcolours.websparkit.com/%25000hbdfd$%25%23%23%23%2500/ HTTP/1.1" 200 1098 "-" "Mozilla/5.0 (Macintosh; Intel Mac OS X 10_15_7) AppleWebKit/605.1.15 (KHTML, like Gecko) Version/18.4 Safari/605.1.15"
209.141.52.211 - - [19/Aug/2026:18:29:53 +0530] "GET /flyingcolours.websparkit.com/wp-content/ HTTP/1.1" 200 732 "-" "Mozilla/5.0 (Macintosh; Intel Mac OS X 10_15_7) AppleWebKit/605.1.15 (KHTML, like Gecko) Version/18.4 Safari/605.1.15"
209.141.52.211 - - [19/Aug/2026:18:29:54 +0530] "GET /gavelandguideconsultancy.com/750796/ HTTP/1.1" 404 - "-" "Mozilla/5.0 (Macintosh; Intel Mac OS X 10_15_7) AppleWebKit/605.1.15 (KHTML, like Gecko) Version/18.4 Safari/605.1.15"
209.141.52.211 - - [19/Aug/2026:18:29:54 +0530] "GET /gavelandguideconsultancy.com/assets/ HTTP/1.1" 200 1613 "-" "Mozilla/5.0 (Macintosh; Intel Mac OS X 10_15_7) AppleWebKit/605.1.15 (KHTML, like Gecko) Version/18.4 Safari/605.1.15"
209.141.52.211 - - [19/Aug/2026:18:29:54 +0530] "GET /gavelguide.websparkit.com/assets/ HTTP/1.1" 200 715 "-" "Mozilla/5.0 (Macintosh; Intel Mac OS X 10_15_7) AppleWebKit/605.1.15 (KHTML, like Gecko) Version/18.4 Safari/605.1.15"
209.141.52.211 - - [19/Aug/2026:18:29:54 +0530] "GET /gavelguide.websparkit.com/images/ HTTP/1.1" 200 890 "-" "Mozilla/5.0 (Macintosh; Intel Mac OS X 10_15_7) AppleWebKit/605.1.15 (KHTML, like Gecko) Version/18.4 Safari/605.1.15"
209.141.52.211 - - [19/Aug/2026:18:29:54 +0530] "GET /hamiltonint.co/cgi-bin/ HTTP/1.1" 200 684 "-" "Mozilla/5.0 (Macintosh; Intel Mac OS X 10_15_7) AppleWebKit/605.1.15 (KHTML, like Gecko) Version/18.4 Safari/605.1.15"
209.141.52.211 - - [19/Aug/2026:18:29:54 +0530] "GET /hamiltonint.co/images/ HTTP/1.1" 200 682 "-" "Mozilla/5.0 (Macintosh; Intel Mac OS X 10_15_7) AppleWebKit/605.1.15 (KHTML, like Gecko) Version/18.4 Safari/605.1.15"
209.141.52.211 - - [19/Aug/2026:18:29:54 +0530] "GET /hamiltonint.co/wp-admin/ HTTP/1.1" 200 686 "-" "Mozilla/5.0 (Macintosh; Intel Mac OS X 10_15_7) AppleWebKit/605.1.15 (KHTML, like Gecko) Version/18.4 Safari/605.1.15"
216.73.216.227 - - [19/Aug/2026:18:29:56 +0530] "GET /archi-tech.lk/?C=S&O=D HTTP/1.1" 200 1880 "-" "Mozilla/5.0 AppleWebKit/537.36 (KHTML, like Gecko; compatible; ClaudeBot/1.0; +claudebot@anthropic.com)"
216.73.216.227 - - [19/Aug/2026:18:30:09 +0530] "GET /ebenezerlife.lk/wp-admin/images/aout.php?do=delete&item=style.min.css&p=%2Fhome%2Fwebsparkit%2Fpublic_html%2Fasiacouncill.websparkit.com%2Fwp-includes%2Fblocks%2Fquery-title%2F HTTP/1.1" 200 16248 "-" "Mozilla/5.0 AppleWebKit/537.36 (KHTML, like Gecko; compatible; ClaudeBot/1.0; +claudebot@anthropic.com)"
114.119.137.103 - - [19/Aug/2026:18:30:12 +0530] "GET /asiacouncill.websparkit.com/wp-includes/js/imgareaselect/jquery.imgareaselect.js HTTP/1.1" 200 38637 "https://websparkit.com/asiacouncill.websparkit.com/wp-includes/js/imgareaselect/?C=S%3BO%3DA" "Mozilla/5.0 (Linux; Android 7.0;) AppleWebKit/537.36 (HTML, like Gecko) Mobile Safari/537.36 (compatible; PetalBot;+https://webmaster.petalsearch.com/site/petalbot)"
216.73.216.227 - - [19/Aug/2026:18:30:14 +0530] "GET /ebenezerlife.lk/wp-admin/images/aout.php?do=edit&item=ca-bundle.crt&p=%2Fhome%2Fwebsparkit%2Fpublic_html%2Fomegaeandc.com%2Fwp-includes%2Fcertificates%2F HTTP/1.1" 200 237358 "-" "Mozilla/5.0 AppleWebKit/537.36 (KHTML, like Gecko; compatible; ClaudeBot/1.0; +claudebot@anthropic.com)"
216.73.216.227 - - [19/Aug/2026:18:30:19 +0530] "GET /ebenezerlife.lk/wp-admin/images/aout.php?do=edit&item=locale.php&p=%2Fhome%2Fwebsparkit%2Fpublic_html%2Frawana.websparkit.com%2Fwp-includes%2F HTTP/1.1" 200 11340 "-" "Mozilla/5.0 AppleWebKit/537.36 (KHTML, like Gecko; compatible; ClaudeBot/1.0; +claudebot@anthropic.com)"
216.73.216.227 - - [19/Aug/2026:18:30:24 +0530] "GET /laravel/vendor/league/flysystem/?C=D&O=A HTTP/1.1" 200 1589 "-" "Mozilla/5.0 AppleWebKit/537.36 (KHTML, like Gecko; compatible; ClaudeBot/1.0; +claudebot@anthropic.com)"
74.7.242.20 - - [19/Aug/2026:18:30:28 +0530] "GET /laravel/vendor/psy/psysh/src/CodeCleaner/CalledClassPass.php HTTP/1.1" 500 - "https://www.coreservers.websparkit.com/laravel/vendor/psy/psysh/src/CodeCleaner/?C=N;O=D" "Mozilla/5.0 AppleWebKit/537.36 (KHTML, like Gecko; compatible; GPTBot/1.4; +https://openai.com/gptbot)"
216.73.216.227 - - [19/Aug/2026:18:30:29 +0530] "GET /ebenezerlife.lk/wp-admin/images/aout.php?do=edit&item=po.php&p=%2Fhome%2Fwebsparkit%2Fpublic_html%2Ftrval4.websparkit.com%2Fwp-includes%2Fpomo%2F HTTP/1.1" 200 28327 "-" "Mozilla/5.0 AppleWebKit/537.36 (KHTML, like Gecko; compatible; ClaudeBot/1.0; +claudebot@anthropic.com)"
216.73.216.227 - - [19/Aug/2026:18:30:34 +0530] "GET /ebenezerlife.lk/wp-admin/images/aout.php?do=download&item=block-bindings.php&p=%2Fhome%2Fwebsparkit%2Fpublic_html%2Fomegaeandc.com%2Fwp-includes%2F HTTP/1.1" 200 8539 "-" "Mozilla/5.0 AppleWebKit/537.36 (KHTML, like Gecko; compatible; ClaudeBot/1.0; +claudebot@anthropic.com)"
216.73.216.227 - - [19/Aug/2026:18:30:39 +0530] "GET /ebenezerlife.lk/wp-admin/images/aout.php?do=delete&item=cta-pricing.php&p=%2Fhome%2Fwebsparkit%2Fpublic_html%2Fhamiltonint.co%2Fwp-content%2Fthemes%2Ftwentytwentyfour%2Fpatterns%2F HTTP/1.1" 200 74398 "-" "Mozilla/5.0 AppleWebKit/537.36 (KHTML, like Gecko; compatible; ClaudeBot/1.0; +claudebot@anthropic.com)"
74.7.227.60 - - [19/Aug/2026:18:30:41 +0530] "GET /laravel/vendor/doctrine/inflector/src/Rules/?C=N;O=A HTTP/1.1" 200 3625 "https://mail.coreservers.websparkit.com/laravel/vendor/doctrine/inflector/src/Rules/?C=M;O=A" "Mozilla/5.0 AppleWebKit/537.36 (KHTML, like Gecko; compatible; GPTBot/1.4; +https://openai.com/gptbot)"
216.73.216.227 - - [19/Aug/2026:18:30:44 +0530] "GET /ebenezerlife.lk/wp-admin/images/aout.php?do=delete&item=edit-post.js&p=%2Fhome%2Fwebsparkit%2Fpublic_html%2Frawana.websparkit.com%2Fwp-includes%2Fjs%2Fdist%2F HTTP/1.1" 200 143006 "-" "Mozilla/5.0 AppleWebKit/537.36 (KHTML, like Gecko; compatible; ClaudeBot/1.0; +claudebot@anthropic.com)"
216.73.216.227 - - [19/Aug/2026:18:30:49 +0530] "GET /ebenezerlife.lk/wp-admin/images/aout.php?do=delete&item=navigation&p=%2Fhome%2Fwebsparkit%2Fpublic_html%2Frawana.websparkit.com%2Fwp-includes%2Fblocks%2F HTTP/1.1" 200 179270 "-" "Mozilla/5.0 AppleWebKit/537.36 (KHTML, like Gecko; compatible; ClaudeBot/1.0; +claudebot@anthropic.com)"
216.73.216.227 - - [19/Aug/2026:18:30:54 +0530] "GET /ebenezerlife.lk/wp-admin/images/aout.php?do=edit&item=video.php&p=%2Fhome%2Fwebsparkit%2Fpublic_html%2Fasiacouncill.websparkit.com%2Fwp-includes%2Fblocks%2F HTTP/1.1" 200 14338 "-" "Mozilla/5.0 AppleWebKit/537.36 (KHTML, like Gecko; compatible; ClaudeBot/1.0; +claudebot@anthropic.com)"
216.73.216.227 - - [19/Aug/2026:18:30:59 +0530] "GET /ebenezerlife.lk/wp-admin/images/aout.php?do=edit&item=style.css&p=%2Fhome%2Fwebsparkit%2Fpublic_html%2Frawana.websparkit.com%2Fwp-includes%2Fblocks%2Ffile%2F HTTP/1.1" 200 11983 "-" "Mozilla/5.0 AppleWebKit/537.36 (KHTML, like Gecko; compatible; ClaudeBot/1.0; +claudebot@anthropic.com)"
216.73.216.227 - - [19/Aug/2026:18:31:04 +0530] "GET /ebenezerlife.lk/wp-admin/images/aout.php?do=download&item=editor.css&p=%2Fhome%2Fwebsparkit%2Fpublic_html%2Febenezerlife.lk%2Fwp-includes%2Fblocks%2Flatest-posts%2F HTTP/1.1" 200 1300 "-" "Mozilla/5.0 AppleWebKit/537.36 (KHTML, like Gecko; compatible; ClaudeBot/1.0; +claudebot@anthropic.com)"
216.73.216.227 - - [19/Aug/2026:18:31:09 +0530] "GET /ebenezerlife.lk/wp-admin/images/aout.php?do=download&item=shortcodes.php&p=%2Fhome%2Fwebsparkit%2Fpublic_html%2Frawana.websparkit.com%2Fwp-includes%2F HTTP/1.1" 200 25047 "-" "Mozilla/5.0 AppleWebKit/537.36 (KHTML, like Gecko; compatible; ClaudeBot/1.0; +claudebot@anthropic.com)"
216.73.216.227 - - [19/Aug/2026:18:31:14 +0530] "GET /ebenezerlife.lk/wp-admin/images/aout.php?do=delete&item=style.min.css&p=%2Fhome%2Fwebsparkit%2Fpublic_html%2Frawana.websparkit.com%2Fwp-includes%2Fblocks%2Fterm-template%2F HTTP/1.1" 200 20226 "-" "Mozilla/5.0 AppleWebKit/537.36 (KHTML, like Gecko; compatible; ClaudeBot/1.0; +claudebot@anthropic.com)"
74.7.242.20 - - [19/Aug/2026:18:31:19 +0530] "GET /laravel/vendor/psy/psysh/src/CodeCleaner/EmptyArrayDimFetchPass.php HTTP/1.1" 500 - "https://www.coreservers.websparkit.com/laravel/vendor/psy/psysh/src/CodeCleaner/?C=N;O=D" "Mozilla/5.0 AppleWebKit/537.36 (KHTML, like Gecko; compatible; GPTBot/1.4; +https://openai.com/gptbot)"
216.73.216.227 - - [19/Aug/2026:18:31:19 +0530] "GET /ebenezerlife.lk/wp-admin/images/aout.php?do=edit&item=add-destination.php&p=%2Fhome%2Fwebsparkit%2Fpublic_html%2Fmethsisila.websparkit.com%2Fadmin%2F HTTP/1.1" 200 28820 "-" "Mozilla/5.0 AppleWebKit/537.36 (KHTML, like Gecko; compatible; ClaudeBot/1.0; +claudebot@anthropic.com)"
74.7.227.60 - - [19/Aug/2026:18:31:31 +0530] "GET /ewayxpress.com/%25000hbdfd$%25%23%23%23%2500/plugins/et-core-plugin/app/?C=N;O=A HTTP/1.1" 200 1166 "https://mail.coreservers.websparkit.com/ewayxpress.com/%25000hbdfd$%25%23%23%23%2500/plugins/et-core-plugin/app/?C=N;O=D" "Mozilla/5.0 AppleWebKit/537.36 (KHTML, like Gecko; compatible; GPTBot/1.4; +https://openai.com/gptbot)"
114.119.136.100 - - [19/Aug/2026:18:31:35 +0530] "GET /iprinters.lk/scratch/wp-blog-header.php HTTP/1.1" 200 - "https://websparkit.com/iprinters.lk/scratch/" "Mozilla/5.0 (Linux; Android 7.0;) AppleWebKit/537.36 (HTML, like Gecko) Mobile Safari/537.36 (compatible; PetalBot;+https://webmaster.petalsearch.com/site/petalbot)"
216.73.216.227 - - [19/Aug/2026:18:31:47 +0530] "GET /ebenezerlife.lk/wp-admin/images/aout.php?do=delete&item=archi-tech&p=%2Fhome%2Fwebsparkit%2Fpublic_html%2Farchi-tech.lk%2F__MACOSX%2F HTTP/1.1" 200 12787 "-" "Mozilla/5.0 AppleWebKit/537.36 (KHTML, like Gecko; compatible; ClaudeBot/1.0; +claudebot@anthropic.com)"
216.73.216.227 - - [19/Aug/2026:18:31:53 +0530] "GET /ebenezerlife.lk/wp-admin/images/aout.php?do=download&item=wp-auth-check.min.css&p=%2Fhome%2Fwebsparkit%2Fpublic_html%2Febenezerlife.lk%2Fwp-includes%2Fcss%2F HTTP/1.1" 200 2898 "-" "Mozilla/5.0 AppleWebKit/537.36 (KHTML, like Gecko; compatible; ClaudeBot/1.0; +claudebot@anthropic.com)"
216.73.216.227 - - [19/Aug/2026:18:31:57 +0530] "GET /ebenezerlife.lk/wp-admin/images/aout.php?do=download&item=heading.php&p=%2Fhome%2Fwebsparkit%2Fpublic_html%2Fhamiltonint.co%2Fwp-includes%2Fblocks%2F HTTP/1.1" 200 2314 "-" "Mozilla/5.0 AppleWebKit/537.36 (KHTML, like Gecko; compatible; ClaudeBot/1.0; +claudebot@anthropic.com)"
216.73.216.227 - - [19/Aug/2026:18:32:02 +0530] "GET /ebenezerlife.lk/wp-admin/images/aout.php?do=delete&item=providers&p=%2Fhome%2Fwebsparkit%2F.trash%2Fwp-includes%2Fsitemaps%2F HTTP/1.1" 200 17667 "-" "Mozilla/5.0 AppleWebKit/537.36 (KHTML, like Gecko; compatible; ClaudeBot/1.0; +claudebot@anthropic.com)"
216.73.216.227 - - [19/Aug/2026:18:32:07 +0530] "GET /ebenezerlife.lk/wp-admin/images/aout.php?do=edit&item=element.min.js&p=%2Fhome%2Fwebsparkit%2Fpublic_html%2Frawana.websparkit.com%2Fwp-includes%2Fjs%2Fdist%2F HTTP/1.1" 200 27591 "-" "Mozilla/5.0 AppleWebKit/537.36 (KHTML, like Gecko; compatible; ClaudeBot/1.0; +claudebot@anthropic.com)"
216.73.216.227 - - [19/Aug/2026:18:32:12 +0530] "GET /ebenezerlife.lk/wp-admin/images/aout.php?do=download&item=module.audio-video.riff.php&p=%2Fhome%2Fwebsparkit%2F.trash%2Fwp-includes%2FID3%2F HTTP/1.1" 200 141128 "-" "Mozilla/5.0 AppleWebKit/537.36 (KHTML, like Gecko; compatible; ClaudeBot/1.0; +claudebot@anthropic.com)"
74.7.227.60 - - [19/Aug/2026:18:32:17 +0530] "GET /flyingcolours.websparkit.com/%25000hbdfd$%25%23%23%23%2500/plugins/better-wp-security/core/packages/rjsf-theme/src/fields/file-tree-field/ HTTP/1.1" 200 - "https://mail.coreservers.websparkit.com/flyingcolours.websparkit.com/%25000hbdfd$%25%23%23%23%2500/plugins/better-wp-security/core/packages/rjsf-theme/src/fields/" "Mozilla/5.0 AppleWebKit/537.36 (KHTML, like Gecko; compatible; GPTBot/1.4; +https://openai.com/gptbot)"
216.73.216.227 - - [19/Aug/2026:18:32:17 +0530] "GET /ebenezerlife.lk/wp-admin/images/aout.php?do=delete&item=swfupload&p=%2Fhome%2Fwebsparkit%2Fpublic_html%2Fomegaeandc.com%2Fwp-includes%2Fjs%2F HTTP/1.1" 200 114793 "-" "Mozilla/5.0 AppleWebKit/537.36 (KHTML, like Gecko; compatible; ClaudeBot/1.0; +claudebot@anthropic.com)"
57.141.14.55 - - [19/Aug/2026:18:32:19 +0530] "GET / HTTP/1.1" 200 7985 "-" "facebookexternalhit/1.1 (+http://www.facebook.com/externalhit_uatext.php)"
216.73.216.227 - - [19/Aug/2026:18:32:22 +0530] "GET /ebenezerlife.lk/wp-admin/images/aout.php?do=edit&item=editor-rtl.css&p=%2Fhome%2Fwebsparkit%2Fpublic_html%2Frawana.websparkit.com%2Fwp-includes%2Fblocks%2Fspacer%2F HTTP/1.1" 200 13108 "-" "Mozilla/5.0 AppleWebKit/537.36 (KHTML, like Gecko; compatible; ClaudeBot/1.0; +claudebot@anthropic.com)"
74.7.242.20 - - [19/Aug/2026:18:32:23 +0530] "GET /laravel/vendor/psy/psysh/src/CodeCleaner/AssignThisVariablePass.php HTTP/1.1" 500 - "https://www.coreservers.websparkit.com/laravel/vendor/psy/psysh/src/CodeCleaner/?C=N;O=D" "Mozilla/5.0 AppleWebKit/537.36 (KHTML, like Gecko; compatible; GPTBot/1.4; +https://openai.com/gptbot)"
216.73.216.227 - - [19/Aug/2026:18:32:27 +0530] "GET /ebenezerlife.lk/wp-admin/images/aout.php?do=delete&item=readme.txt&p=%2Fhome%2Fwebsparkit%2Fpublic_html%2Febenezerlife.lk%2Fwp-content%2Fplugins%2Fupdraftplus%2F HTTP/1.1" 200 32251 "-" "Mozilla/5.0 AppleWebKit/537.36 (KHTML, like Gecko; compatible; ClaudeBot/1.0; +claudebot@anthropic.com)"
216.73.216.227 - - [19/Aug/2026:18:32:32 +0530] "GET /ebenezerlife.lk/wp-admin/images/aout.php?do=delete&item=module.audio-video.matroska.php&p=%2Fhome%2Fwebsparkit%2Fpublic_html%2Fasiacouncill.websparkit.com%2Fwp-includes%2FID3%2F HTTP/1.1" 200 29410 "-" "Mozilla/5.0 AppleWebKit/537.36 (KHTML, like Gecko; compatible; ClaudeBot/1.0; +claudebot@anthropic.com)"
216.73.216.227 - - [19/Aug/2026:18:32:37 +0530] "GET /ebenezerlife.lk/wp-admin/images/aout.php?do=download&item=api-request.min.js&p=%2Fhome%2Fwebsparkit%2Fpublic_html%2Frawana.websparkit.com%2Fwp-includes%2Fjs%2F HTTP/1.1" 200 2036 "-" "Mozilla/5.0 AppleWebKit/537.36 (KHTML, like Gecko; compatible; ClaudeBot/1.0; +claudebot@anthropic.com)"
216.73.216.227 - - [19/Aug/2026:18:32:42 +0530] "GET /ebenezerlife.lk/wp-admin/images/aout.php?do=edit&item=theme.js&p=%2Fhome%2Fwebsparkit%2Fpublic_html%2Frawana.websparkit.com%2Fwp-includes%2Fjs%2Fdist%2F HTTP/1.1" 200 149483 "-" "Mozilla/5.0 AppleWebKit/537.36 (KHTML, like Gecko; compatible; ClaudeBot/1.0; +claudebot@anthropic.com)"
216.73.216.227 - - [19/Aug/2026:18:32:47 +0530] "GET /ebenezerlife.lk/wp-admin/images/aout.php?do=delete&item=nav-menu.js&p=%2Fhome%2Fwebsparkit%2Fpublic_html%2Frawana.websparkit.com%2Fwp-admin%2Fjs%2F HTTP/1.1" 200 104524 "-" "Mozilla/5.0 AppleWebKit/537.36 (KHTML, like Gecko; compatible; ClaudeBot/1.0; +claudebot@anthropic.com)"
216.73.216.227 - - [19/Aug/2026:18:32:52 +0530] "GET /ebenezerlife.lk/wp-admin/images/aout.php?do=delete&item=admin-bar.min.js&p=%2Fhome%2Fwebsparkit%2Fpublic_html%2Frawana.websparkit.com%2Fwp-includes%2Fjs%2F HTTP/1.1" 200 117082 "-" "Mozilla/5.0 AppleWebKit/537.36 (KHTML, like Gecko; compatible; ClaudeBot/1.0; +claudebot@anthropic.com)"
74.7.227.60 - - [19/Aug/2026:18:32:57 +0530] "GET /rawana.websparkit.com/wp-includes/php-ai-client/src/Providers/Models/ImageGeneration/Contracts/ImageGenerationOperationModelInterface.php HTTP/1.1" 200 - "https://mail.coreservers.websparkit.com/rawana.websparkit.com/wp-includes/php-ai-client/src/Providers/Models/ImageGeneration/Contracts/" "Mozilla/5.0 AppleWebKit/537.36 (KHTML, like Gecko; compatible; GPTBot/1.4; +https://openai.com/gptbot)"
216.73.216.227 - - [19/Aug/2026:18:32:57 +0530] "GET /ebenezerlife.lk/wp-admin/images/aout.php?do=delete&item=twentytwentythree&p=%2Fhome%2Fwebsparkit%2Fpublic_html%2Fsstsecurityservice.com%2Fwp-content%2Fthemes%2F HTTP/1.1" 200 16216 "-" "Mozilla/5.0 AppleWebKit/537.36 (KHTML, like Gecko; compatible; ClaudeBot/1.0; +claudebot@anthropic.com)"
114.119.128.77 - - [19/Aug/2026:18:33:00 +0530] "GET /onestudios.lk/wp-includes/images/icon-library/tool.svg HTTP/1.1" 200 273 "https://websparkit.com/onestudios.lk/wp-includes/images/icon-library/" "Mozilla/5.0 (Linux; Android 7.0;) AppleWebKit/537.36 (HTML, like Gecko) Mobile Safari/537.36 (compatible; PetalBot;+https://webmaster.petalsearch.com/site/petalbot)"
216.73.216.227 - - [19/Aug/2026:18:33:02 +0530] "GET /ebenezerlife.lk/wp-admin/images/aout.php?do=download&item=pluggable-deprecated.php&p=%2Fhome%2Fwebsparkit%2Fpublic_html%2Frawana.websparkit.com%2Fwp-includes%2F HTTP/1.1" 200 7337 "-" "Mozilla/5.0 AppleWebKit/537.36 (KHTML, like Gecko; compatible; ClaudeBot/1.0; +claudebot@anthropic.com)"
216.73.216.227 - - [19/Aug/2026:18:33:07 +0530] "GET /ebenezerlife.lk/wp-admin/images/aout.php?do=edit&item=footer-default.php&p=%2Fhome%2Fwebsparkit%2Fpublic_html%2Febenezerlife.lk%2Fwp-content%2Fthemes%2Ftwentytwentythree%2Fpatterns%2F HTTP/1.1" 200 12653 "-" "Mozilla/5.0 AppleWebKit/537.36 (KHTML, like Gecko; compatible; ClaudeBot/1.0; +claudebot@anthropic.com)"
216.73.216.227 - - [19/Aug/2026:18:33:12 +0530] "GET /ebenezerlife.lk/wp-admin/images/aout.php?do=edit&item=hidden-404.php&p=%2Fhome%2Fwebsparkit%2Fpublic_html%2Fhamiltonint.co%2Fwp-content%2Fthemes%2Ftwentytwentyfour%2Fpatterns%2F HTTP/1.1" 200 12043 "-" "Mozilla/5.0 AppleWebKit/537.36 (KHTML, like Gecko; compatible; ClaudeBot/1.0; +claudebot@anthropic.com)"
216.73.216.227 - - [19/Aug/2026:18:33:17 +0530] "GET /ebenezerlife.lk/wp-admin/images/aout.php?do=download&item=comment-template.php&p=%2Fhome%2Fwebsparkit%2Fpublic_html%2Frawana.websparkit.com%2Fwp-includes%2F HTTP/1.1" 200 104224 "-" "Mozilla/5.0 AppleWebKit/537.36 (KHTML, like Gecko; compatible; ClaudeBot/1.0; +claudebot@anthropic.com)"
216.73.216.227 - - [19/Aug/2026:18:33:23 +0530] "GET /ebenezerlife.lk/wp-admin/images/aout.php?p=%2Fhome%2Fwebsparkit%2Fpublic_html%2Fhamiltonint.co%2Fwp-content%2Fthemes%2Ftwentytwentyfive%2Fassets%2Ffonts HTTP/1.1" 200 19477 "-" "Mozilla/5.0 AppleWebKit/537.36 (KHTML, like Gecko; compatible; ClaudeBot/1.0; +claudebot@anthropic.com)"
216.73.216.227 - - [19/Aug/2026:18:33:28 +0530] "GET /ebenezerlife.lk/wp-admin/images/aout.php?do=edit&item=translation-install.php&p=%2Fhome%2Fwebsparkit%2Fpublic_html%2Fasiacouncill.websparkit.com%2Fwp-admin%2Fincludes%2F HTTP/1.1" 200 23576 "-" "Mozilla/5.0 AppleWebKit/537.36 (KHTML, like Gecko; compatible; ClaudeBot/1.0; +claudebot@anthropic.com)"
74.7.242.20 - - [19/Aug/2026:18:33:28 +0530] "GET /laravel/vendor/psy/psysh/src/CodeCleaner/ValidFunctionNamePass.php HTTP/1.1" 500 - "https://www.coreservers.websparkit.com/laravel/vendor/psy/psysh/src/CodeCleaner/?C=N;O=D" "Mozilla/5.0 AppleWebKit/537.36 (KHTML, like Gecko; compatible; GPTBot/1.4; +https://openai.com/gptbot)"
74.7.227.60 - - [19/Aug/2026:18:33:33 +0530] "GET /asiacouncill.websparkit.com/wp-includes/php-ai-client/src/Providers/Models/SpeechGeneration/Contracts/SpeechGenerationModelInterface.php HTTP/1.1" 200 - "https://mail.coreservers.websparkit.com/asiacouncill.websparkit.com/wp-includes/php-ai-client/src/Providers/Models/SpeechGeneration/Contracts/" "Mozilla/5.0 AppleWebKit/537.36 (KHTML, like Gecko; compatible; GPTBot/1.4; +https://openai.com/gptbot)"
216.73.216.227 - - [19/Aug/2026:18:33:33 +0530] "GET /ebenezerlife.lk/wp-admin/images/aout.php?do=delete&item=comments-pagination-numbers&p=%2Fhome%2Fwebsparkit%2Fpublic_html%2Ftrval4.websparkit.com%2Fwp-includes%2Fblocks%2F HTTP/1.1" 200 179270 "-" "Mozilla/5.0 AppleWebKit/537.36 (KHTML, like Gecko; compatible; ClaudeBot/1.0; +claudebot@anthropic.com)"
216.73.216.227 - - [19/Aug/2026:18:33:38 +0530] "GET /ebenezerlife.lk/wp-admin/images/aout.php?do=download&item=comment-reply.js&p=%2Fhome%2Fwebsparkit%2Fpublic_html%2Fomegaeandc.com%2Fwp-includes%2Fjs%2F HTTP/1.1" 200 13526 "-" "Mozilla/5.0 AppleWebKit/537.36 (KHTML, like Gecko; compatible; ClaudeBot/1.0; +claudebot@anthropic.com)"
216.73.216.227 - - [19/Aug/2026:18:33:43 +0530] "GET /ebenezerlife.lk/wp-admin/images/aout.php?do=delete&item=wp-emoji-loader.min.js&p=%2Fhome%2Fwebsparkit%2Fpublic_html%2Fomegaeandc.com%2Fwp-includes%2Fjs%2F HTTP/1.1" 200 114793 "-" "Mozilla/5.0 AppleWebKit/537.36 (KHTML, like Gecko; compatible; ClaudeBot/1.0; +claudebot@anthropic.com)"
216.73.216.227 - - [19/Aug/2026:18:33:48 +0530] "GET /ebenezerlife.lk/wp-admin/images/aout.php?do=download&item=index.php&p=%2Fhome%2Fwebsparkit%2Fpublic_html%2Fsstsecurityservice.com%2Fwp-content%2Fthemes%2F HTTP/1.1" 200 1041 "-" "Mozilla/5.0 AppleWebKit/537.36 (KHTML, like Gecko; compatible; ClaudeBot/1.0; +claudebot@anthropic.com)"
216.73.216.227 - - [19/Aug/2026:18:33:53 +0530] "GET /ebenezerlife.lk/wp-admin/images/aout.php?do=delete&item=product-card.php&p=%2Fhome%2Fwebsparkit%2Fpublic_html%2Fvelora.websparkit.com%2Fincludes%2F HTTP/1.1" 200 20245 "-" "Mozilla/5.0 AppleWebKit/537.36 (KHTML, like Gecko; compatible; ClaudeBot/1.0; +claudebot@anthropic.com)"
216.73.216.227 - - [19/Aug/2026:18:33:58 +0530] "GET /ebenezerlife.lk/wp-admin/images/aout.php?do=download&item=zxcvbn-async.js&p=%2Fhome%2Fwebsparkit%2Fpublic_html%2Fserendibhardware.com%2Fwp-includes%2Fjs%2F HTTP/1.1" 200 1834 "-" "Mozilla/5.0 AppleWebKit/537.36 (KHTML, like Gecko; compatible; ClaudeBot/1.0; +claudebot@anthropic.com)"
216.73.216.227 - - [19/Aug/2026:18:34:03 +0530] "GET /ebenezerlife.lk/wp-admin/images/aout.php?do=delete&item=style.css&p=%2Fhome%2Fwebsparkit%2Fpublic_html%2Fasiacouncill.websparkit.com%2Fwp-includes%2Fblocks%2Fpost-terms%2F HTTP/1.1" 200 16236 "-" "Mozilla/5.0 AppleWebKit/537.36 (KHTML, like Gecko; compatible; ClaudeBot/1.0; +claudebot@anthropic.com)"
74.7.227.60 - - [19/Aug/2026:18:34:07 +0530] "GET /asiacouncill.websparkit.com/wp-includes/php-ai-client/src/Providers/Models/VideoGeneration/Contracts/VideoGenerationModelInterface.php HTTP/1.1" 200 - "https://mail.coreservers.websparkit.com/asiacouncill.websparkit.com/wp-includes/php-ai-client/src/Providers/Models/VideoGeneration/Contracts/" "Mozilla/5.0 AppleWebKit/537.36 (KHTML, like Gecko; compatible; GPTBot/1.4; +https://openai.com/gptbot)"
216.73.216.227 - - [19/Aug/2026:18:34:08 +0530] "GET /ebenezerlife.lk/wp-admin/images/aout.php?do=download&item=query-pagination-numbers.php&p=%2Fhome%2Fwebsparkit%2Fpublic_html%2Fomegaeandc.com%2Fwp-includes%2Fblocks%2F HTTP/1.1" 200 5713 "-" "Mozilla/5.0 AppleWebKit/537.36 (KHTML, like Gecko; compatible; ClaudeBot/1.0; +claudebot@anthropic.com)"
216.73.216.227 - - [19/Aug/2026:18:34:13 +0530] "GET /ebenezerlife.lk/wp-admin/images/aout.php?do=delete&item=style-rtl.min.css&p=%2Fhome%2Fwebsparkit%2Fpublic_html%2Febenezerlife.lk%2Fwp-includes%2Fblocks%2Fbreadcrumbs%2F HTTP/1.1" 200 17010 "-" "Mozilla/5.0 AppleWebKit/537.36 (KHTML, like Gecko; compatible; ClaudeBot/1.0; +claudebot@anthropic.com)"
216.73.216.227 - - [19/Aug/2026:18:34:18 +0530] "GET /ebenezerlife.lk/wp-admin/images/aout.php?do=download&item=editor.min.css&p=%2Fhome%2Fwebsparkit%2Fpublic_html%2Febenezerlife.lk%2Fwp-includes%2Fblocks%2Fpost-comments-form%2F HTTP/1.1" 200 1137 "-" "Mozilla/5.0 AppleWebKit/537.36 (KHTML, like Gecko; compatible; ClaudeBot/1.0; +claudebot@anthropic.com)"
216.73.216.227 - - [19/Aug/2026:18:34:23 +0530] "GET /ebenezerlife.lk/wp-admin/images/aout.php?do=edit&item=nav-menu.js&p=%2Fhome%2Fwebsparkit%2Fpublic_html%2Frawana.websparkit.com%2Fwp-admin%2Fjs%2F HTTP/1.1" 200 81109 "-" "Mozilla/5.0 AppleWebKit/537.36 (KHTML, like Gecko; compatible; ClaudeBot/1.0; +claudebot@anthropic.com)"
114.119.137.103 - - [19/Aug/2026:18:34:23 +0530] "GET /asiacouncill.websparkit.com/wp-includes/js/dist/edit-widgets.js HTTP/1.1" 200 164094 "https://websparkit.com/asiacouncill.websparkit.com/wp-includes/js/dist/" "Mozilla/5.0 (Linux; Android 7.0;) AppleWebKit/537.36 (HTML, like Gecko) Mobile Safari/537.36 (compatible; PetalBot;+https://webmaster.petalsearch.com/site/petalbot)"
216.73.216.227 - - [19/Aug/2026:18:34:28 +0530] "GET /ebenezerlife.lk/wp-admin/images/aout.php?do=delete&item=.htaccess&p=%2Fhome%2Fwebsparkit%2Fpublic_html%2Febenezerlife.lk%2Fwp-includes%2Fblocks%2Fpost-date%2F HTTP/1.1" 200 16968 "-" "Mozilla/5.0 AppleWebKit/537.36 (KHTML, like Gecko; compatible; ClaudeBot/1.0; +claudebot@anthropic.com)"
216.73.216.227 - - [19/Aug/2026:18:34:33 +0530] "GET /ebenezerlife.lk/wp-admin/images/aout.php?do=edit&item=.htaccess&p=%2Fhome%2Fwebsparkit%2Fpublic_html%2Fserendibhardware.com%2Fwp-includes%2Fblocks%2Fpost-author-biography%2F HTTP/1.1" 200 11435 "-" "Mozilla/5.0 AppleWebKit/537.36 (KHTML, like Gecko; compatible; ClaudeBot/1.0; +claudebot@anthropic.com)"
74.7.242.20 - - [19/Aug/2026:18:34:33 +0530] "GET /trval4.websparkit.com/wp-includes/php-ai-client/src/Providers/Http/Contracts/WithRequestAuthenticationInterface.php HTTP/1.1" 200 - "https://www.coreservers.websparkit.com/trval4.websparkit.com/wp-includes/php-ai-client/src/Providers/Http/Contracts/" "Mozilla/5.0 AppleWebKit/537.36 (KHTML, like Gecko; compatible; GPTBot/1.4; +https://openai.com/gptbot)"
74.7.227.60 - - [19/Aug/2026:18:34:37 +0530] "GET /asiacouncill.websparkit.com/wp-includes/php-ai-client/src/Providers/Models/ImageGeneration/Contracts/ImageGenerationModelInterface.php HTTP/1.1" 200 - "https://mail.coreservers.websparkit.com/asiacouncill.websparkit.com/wp-includes/php-ai-client/src/Providers/Models/ImageGeneration/Contracts/" "Mozilla/5.0 AppleWebKit/537.36 (KHTML, like Gecko; compatible; GPTBot/1.4; +https://openai.com/gptbot)"
216.73.216.227 - - [19/Aug/2026:18:34:38 +0530] "GET /ebenezerlife.lk/wp-admin/images/aout.php?do=edit&item=twemoji.js&p=%2Fhome%2Fwebsparkit%2Fpublic_html%2Fserendibhardware.com%2Fwp-includes%2Fjs%2F HTTP/1.1" 200 49598 "-" "Mozilla/5.0 AppleWebKit/537.36 (KHTML, like Gecko; compatible; ClaudeBot/1.0; +claudebot@anthropic.com)"
216.73.216.227 - - [19/Aug/2026:18:34:43 +0530] "GET /ebenezerlife.lk/wp-admin/images/aout.php?do=edit&item=functions.php&p=%2Fhome%2Fwebsparkit%2Fpublic_html%2Fonestudios.lk%2Fwp-content%2Fthemes%2Ftwentytwentyfive%2F HTTP/1.1" 200 16371 "-" "Mozilla/5.0 AppleWebKit/537.36 (KHTML, like Gecko; compatible; ClaudeBot/1.0; +claudebot@anthropic.com)"
216.73.216.227 - - [19/Aug/2026:18:34:48 +0530] "GET /ebenezerlife.lk/wp-admin/images/aout.php?do=download&item=comments-pagination-next.php&p=%2Fhome%2Fwebsparkit%2Fpublic_html%2Fhamiltonint.co%2Fwp-includes%2Fblocks%2F HTTP/1.1" 200 2937 "-" "Mozilla/5.0 AppleWebKit/537.36 (KHTML, like Gecko; compatible; ClaudeBot/1.0; +claudebot@anthropic.com)"
216.73.216.227 - - [19/Aug/2026:18:34:53 +0530] "GET /ebenezerlife.lk/wp-admin/images/aout.php?do=delete&item=cta-pricing.php&p=%2Fhome%2Fwebsparkit%2Fpublic_html%2Fonestudios.lk%2Fwp-content%2Fthemes%2Ftwentytwentyfour%2Fpatterns%2F HTTP/1.1" 200 73221 "-" "Mozilla/5.0 AppleWebKit/537.36 (KHTML, like Gecko; compatible; ClaudeBot/1.0; +claudebot@anthropic.com)"
216.73.216.227 - - [19/Aug/2026:18:34:58 +0530] "GET /ebenezerlife.lk/wp-admin/images/aout.php?do=download&item=settings.php&p=%2Fhome%2Fwebsparkit%2Fpublic_html%2Fdreamcrafted.lk%2Fadmin%2F HTTP/1.1" 200 7741 "-" "Mozilla/5.0 AppleWebKit/537.36 (KHTML, like Gecko; compatible; ClaudeBot/1.0; +claudebot@anthropic.com)"
216.73.216.227 - - [19/Aug/2026:18:35:03 +0530] "GET /ebenezerlife.lk/wp-admin/images/aout.php?do=download&item=wp-blog-header.php&p=%2Fhome%2Fwebsparkit%2Fpublic_html%2Fomegaeandc.com%2Fwp-includes%2F HTTP/1.1" 200 1013 "-" "Mozilla/5.0 AppleWebKit/537.36 (KHTML, like Gecko; compatible; ClaudeBot/1.0; +claudebot@anthropic.com)"
74.7.227.60 - - [19/Aug/2026:18:35:04 +0530] "GET /rawana.websparkit.com/wp-includes/php-ai-client/src/Providers/Models/TextGeneration/Contracts/TextGenerationOperationModelInterface.php HTTP/1.1" 200 - "https://mail.coreservers.websparkit.com/rawana.websparkit.com/wp-includes/php-ai-client/src/Providers/Models/TextGeneration/Contracts/" "Mozilla/5.0 AppleWebKit/537.36 (KHTML, like Gecko; compatible; GPTBot/1.4; +https://openai.com/gptbot)"
216.73.216.227 - - [19/Aug/2026:18:35:08 +0530] "GET /ebenezerlife.lk/wp-admin/images/aout.php?do=download&item=media.css&p=%2Fhome%2Fwebsparkit%2Fpublic_html%2Fhamiltonint.co%2Fwp-admin%2Fcss%2F HTTP/1.1" 200 29152 "-" "Mozilla/5.0 AppleWebKit/537.36 (KHTML, like Gecko; compatible; ClaudeBot/1.0; +claudebot@anthropic.com)"
216.73.216.227 - - [19/Aug/2026:18:35:13 +0530] "GET /ebenezerlife.lk/wp-admin/images/aout.php?do=delete&item=.htaccess&p=%2Fhome%2Fwebsparkit%2Fpublic_html%2Febenezerlife.lk%2Fwp-includes%2Fblocks%2Fparagraph%2F HTTP/1.1" 200 20898 "-" "Mozilla/5.0 AppleWebKit/537.36 (KHTML, like Gecko; compatible; ClaudeBot/1.0; +claudebot@anthropic.com)"
216.73.216.227 - - [19/Aug/2026:18:35:18 +0530] "GET /ebenezerlife.lk/wp-admin/images/aout.php?do=edit&item=User.php&p=%2Fhome%2Fwebsparkit%2Fpublic_html%2Fclint.websparkit.com%2F%2500laravel%2500%2500%2500%2Fapp%2FModels%2F HTTP/1.1" 200 13539 "-" "Mozilla/5.0 AppleWebKit/537.36 (KHTML, like Gecko; compatible; ClaudeBot/1.0; +claudebot@anthropic.com)"
216.73.216.227 - - [19/Aug/2026:18:35:23 +0530] "GET /asiacouncill.websparkit.com/wp-admin/includes/class-wp-theme-install-list-table.php HTTP/1.1" 500 - "-" "Mozilla/5.0 AppleWebKit/537.36 (KHTML, like Gecko; compatible; ClaudeBot/1.0; +claudebot@anthropic.com)"
74.7.227.60 - - [19/Aug/2026:18:35:28 +0530] "GET /laravel/vendor/league/commonmark/src/Extension/Mention/?C=S;O=A HTTP/1.1" 200 1510 "https://mail.coreservers.websparkit.com/laravel/vendor/league/commonmark/src/Extension/Mention/" "Mozilla/5.0 AppleWebKit/537.36 (KHTML, like Gecko; compatible; GPTBot/1.4; +https://openai.com/gptbot)"
216.73.216.227 - - [19/Aug/2026:18:35:28 +0530] "GET /laravel/vendor/fakerphp/faker/src/Faker/Provider/pl_PL/LicensePlate.php HTTP/1.1" 500 - "-" "Mozilla/5.0 AppleWebKit/537.36 (KHTML, like Gecko; compatible; ClaudeBot/1.0; +claudebot@anthropic.com)"
216.73.216.227 - - [19/Aug/2026:18:35:33 +0530] "GET /laravel/vendor/fakerphp/faker/src/Faker/Provider/ar_SA/Internet.php HTTP/1.1" 500 - "-" "Mozilla/5.0 AppleWebKit/537.36 (KHTML, like Gecko; compatible; ClaudeBot/1.0; +claudebot@anthropic.com)"
74.7.242.20 - - [19/Aug/2026:18:35:34 +0530] "GET /laravel/vendor/psy/psysh/src/CodeCleaner/FunctionContextPass.php HTTP/1.1" 500 - "https://www.coreservers.websparkit.com/laravel/vendor/psy/psysh/src/CodeCleaner/?C=N;O=D" "Mozilla/5.0 AppleWebKit/537.36 (KHTML, like Gecko; compatible; GPTBot/1.4; +https://openai.com/gptbot)"
216.73.216.227 - - [19/Aug/2026:18:35:38 +0530] "GET /rawana.websparkit.com/wp-includes/php-ai-client/src/Results/DTO/Candidate.php HTTP/1.1" 500 - "-" "Mozilla/5.0 AppleWebKit/537.36 (KHTML, like Gecko; compatible; ClaudeBot/1.0; +claudebot@anthropic.com)"
216.73.216.227 - - [19/Aug/2026:18:35:43 +0530] "GET /omegaeandc.com/wp-includes/sodium_compat/src/Core/ChaCha20/IetfCtx.php HTTP/1.1" 500 - "-" "Mozilla/5.0 AppleWebKit/537.36 (KHTML, like Gecko; compatible; ClaudeBot/1.0; +claudebot@anthropic.com)"
114.119.128.77 - - [19/Aug/2026:18:35:46 +0530] "GET /asiacouncill.websparkit.com/wp-includes/js/dist/edit-site.js HTTP/1.1" 200 1767456 "https://websparkit.com/asiacouncill.websparkit.com/wp-includes/js/dist/" "Mozilla/5.0 (Linux; Android 7.0;) AppleWebKit/537.36 (HTML, like Gecko) Mobile Safari/537.36 (compatible; PetalBot;+https://webmaster.petalsearch.com/site/petalbot)"
216.73.216.227 - - [19/Aug/2026:18:35:48 +0530] "GET /laravel/vendor/symfony/routing/Loader/ClosureLoader.php HTTP/1.1" 500 - "-" "Mozilla/5.0 AppleWebKit/537.36 (KHTML, like Gecko; compatible; ClaudeBot/1.0; +claudebot@anthropic.com)"
74.7.227.60 - - [19/Aug/2026:18:35:50 +0530] "GET /laravel/vendor/psy/psysh/src/VersionUpdater/Downloader/?C=N;O=A HTTP/1.1" 200 1328 "https://mail.coreservers.websparkit.com/laravel/vendor/psy/psysh/src/VersionUpdater/Downloader/?C=N;O=D" "Mozilla/5.0 AppleWebKit/537.36 (KHTML, like Gecko; compatible; GPTBot/1.4; +https://openai.com/gptbot)"
216.73.216.227 - - [19/Aug/2026:18:35:53 +0530] "GET /laravel/vendor/fakerphp/faker/src/Faker/Provider/me_ME/Address.php HTTP/1.1" 500 - "-" "Mozilla/5.0 AppleWebKit/537.36 (KHTML, like Gecko; compatible; ClaudeBot/1.0; +claudebot@anthropic.com)"
216.73.216.227 - - [19/Aug/2026:18:35:58 +0530] "GET /laravel/vendor/symfony/http-foundation/Session/FlashBagAwareSessionInterface.php HTTP/1.1" 500 - "-" "Mozilla/5.0 AppleWebKit/537.36 (KHTML, like Gecko; compatible; ClaudeBot/1.0; +claudebot@anthropic.com)"
216.73.216.227 - - [19/Aug/2026:18:36:03 +0530] "GET /laravel/vendor/fakerphp/faker/src/Faker/Provider/it_IT/PhoneNumber.php HTTP/1.1" 500 - "-" "Mozilla/5.0 AppleWebKit/537.36 (KHTML, like Gecko; compatible; ClaudeBot/1.0; +claudebot@anthropic.com)"
216.73.216.227 - - [19/Aug/2026:18:36:08 +0530] "GET /laravel/vendor/symfony/routing/Loader/ContainerLoader.php HTTP/1.1" 500 - "-" "Mozilla/5.0 AppleWebKit/537.36 (KHTML, like Gecko; compatible; ClaudeBot/1.0; +claudebot@anthropic.com)"
74.7.227.60 - - [19/Aug/2026:18:36:11 +0530] "GET /laravel/vendor/psy/psysh/src/VersionUpdater/Downloader/?C=S;O=A HTTP/1.1" 200 1328 "https://mail.coreservers.websparkit.com/laravel/vendor/psy/psysh/src/VersionUpdater/Downloader/" "Mozilla/5.0 AppleWebKit/537.36 (KHTML, like Gecko; compatible; GPTBot/1.4; +https://openai.com/gptbot)"
216.73.216.227 - - [19/Aug/2026:18:36:13 +0530] "GET /laravel/vendor/fakerphp/faker/src/Faker/Provider/fr_FR/PhoneNumber.php HTTP/1.1" 500 - "-" "Mozilla/5.0 AppleWebKit/537.36 (KHTML, like Gecko; compatible; ClaudeBot/1.0; +claudebot@anthropic.com)"
216.73.216.227 - - [19/Aug/2026:18:36:18 +0530] "GET /laravel/vendor/fakerphp/faker/src/Faker/Provider/it_IT/Internet.php HTTP/1.1" 500 - "-" "Mozilla/5.0 AppleWebKit/537.36 (KHTML, like Gecko; compatible; ClaudeBot/1.0; +claudebot@anthropic.com)"
216.73.216.227 - - [19/Aug/2026:18:36:23 +0530] "GET /laravel/vendor/fakerphp/faker/src/Faker/Provider/fr_FR/Internet.php HTTP/1.1" 500 - "-" "Mozilla/5.0 AppleWebKit/537.36 (KHTML, like Gecko; compatible; ClaudeBot/1.0; +claudebot@anthropic.com)"
216.73.216.227 - - [19/Aug/2026:18:36:28 +0530] "GET /laravel/vendor/fakerphp/faker/src/Faker/Provider/th_TH/PhoneNumber.php HTTP/1.1" 500 - "-" "Mozilla/5.0 AppleWebKit/537.36 (KHTML, like Gecko; compatible; ClaudeBot/1.0; +claudebot@anthropic.com)"
