74.7.242.20 - - [19/Aug/2026:18:10:02 +0530] "GET /laravel/vendor/nesbot/carbon/src/Carbon/Lang/uz_UZ.php HTTP/1.1" 200 - "https://www.coreservers.websparkit.com/laravel/vendor/nesbot/carbon/src/Carbon/Lang/" "Mozilla/5.0 AppleWebKit/537.36 (KHTML, like Gecko; compatible; GPTBot/1.4; +https://openai.com/gptbot)"
74.7.242.20 - - [19/Aug/2026:18:10:02 +0530] "GET /laravel/vendor/nesbot/carbon/src/Carbon/Lang/km_KH.php HTTP/1.1" 200 - "https://www.coreservers.websparkit.com/laravel/vendor/nesbot/carbon/src/Carbon/Lang/" "Mozilla/5.0 AppleWebKit/537.36 (KHTML, like Gecko; compatible; GPTBot/1.4; +https://openai.com/gptbot)"
74.7.242.20 - - [19/Aug/2026:18:10:03 +0530] "GET /laravel/vendor/nesbot/carbon/src/Carbon/Lang/kw_GB.php HTTP/1.1" 200 - "https://www.coreservers.websparkit.com/laravel/vendor/nesbot/carbon/src/Carbon/Lang/" "Mozilla/5.0 AppleWebKit/537.36 (KHTML, like Gecko; compatible; GPTBot/1.4; +https://openai.com/gptbot)"
74.7.242.20 - - [19/Aug/2026:18:10:03 +0530] "GET /laravel/vendor/nesbot/carbon/src/Carbon/Lang/fil_PH.php HTTP/1.1" 200 - "https://www.coreservers.websparkit.com/laravel/vendor/nesbot/carbon/src/Carbon/Lang/" "Mozilla/5.0 AppleWebKit/537.36 (KHTML, like Gecko; compatible; GPTBot/1.4; +https://openai.com/gptbot)"
216.73.216.227 - - [19/Aug/2026:18:10:03 +0530] "GET /omegaeandc.com/wp-includes/js/dist/script-modules/block-library/search/view.min.asset.php HTTP/1.1" 200 - "-" "Mozilla/5.0 AppleWebKit/537.36 (KHTML, like Gecko; compatible; ClaudeBot/1.0; +claudebot@anthropic.com)"
74.7.242.20 - - [19/Aug/2026:18:10:04 +0530] "GET /laravel/vendor/nesbot/carbon/src/Carbon/Lang/unm_US.php HTTP/1.1" 200 - "https://www.coreservers.websparkit.com/laravel/vendor/nesbot/carbon/src/Carbon/Lang/" "Mozilla/5.0 AppleWebKit/537.36 (KHTML, like Gecko; compatible; GPTBot/1.4; +https://openai.com/gptbot)"
74.7.242.20 - - [19/Aug/2026:18:10:04 +0530] "GET /laravel/vendor/nesbot/carbon/src/Carbon/Lang/zh_YUE.php HTTP/1.1" 200 - "https://www.coreservers.websparkit.com/laravel/vendor/nesbot/carbon/src/Carbon/Lang/" "Mozilla/5.0 AppleWebKit/537.36 (KHTML, like Gecko; compatible; GPTBot/1.4; +https://openai.com/gptbot)"
74.7.242.20 - - [19/Aug/2026:18:10:05 +0530] "GET /laravel/vendor/nesbot/carbon/src/Carbon/Lang/fy_DE.php HTTP/1.1" 200 - "https://www.coreservers.websparkit.com/laravel/vendor/nesbot/carbon/src/Carbon/Lang/" "Mozilla/5.0 AppleWebKit/537.36 (KHTML, like Gecko; compatible; GPTBot/1.4; +https://openai.com/gptbot)"
74.7.242.20 - - [19/Aug/2026:18:10:05 +0530] "GET /laravel/vendor/nesbot/carbon/src/Carbon/Lang/mfe_MU.php HTTP/1.1" 200 - "https://www.coreservers.websparkit.com/laravel/vendor/nesbot/carbon/src/Carbon/Lang/" "Mozilla/5.0 AppleWebKit/537.36 (KHTML, like Gecko; compatible; GPTBot/1.4; +https://openai.com/gptbot)"
74.7.242.20 - - [19/Aug/2026:18:10:06 +0530] "GET /laravel/vendor/nesbot/carbon/src/Carbon/Lang/zu_ZA.php HTTP/1.1" 200 - "https://www.coreservers.websparkit.com/laravel/vendor/nesbot/carbon/src/Carbon/Lang/" "Mozilla/5.0 AppleWebKit/537.36 (KHTML, like Gecko; compatible; GPTBot/1.4; +https://openai.com/gptbot)"
74.7.242.20 - - [19/Aug/2026:18:10:06 +0530] "GET /laravel/vendor/nesbot/carbon/src/Carbon/Lang/fi_FI.php HTTP/1.1" 200 - "https://www.coreservers.websparkit.com/laravel/vendor/nesbot/carbon/src/Carbon/Lang/" "Mozilla/5.0 AppleWebKit/537.36 (KHTML, like Gecko; compatible; GPTBot/1.4; +https://openai.com/gptbot)"
74.7.242.20 - - [19/Aug/2026:18:10:07 +0530] "GET /laravel/vendor/nesbot/carbon/src/Carbon/Lang/mi_NZ.php HTTP/1.1" 200 - "https://www.coreservers.websparkit.com/laravel/vendor/nesbot/carbon/src/Carbon/Lang/" "Mozilla/5.0 AppleWebKit/537.36 (KHTML, like Gecko; compatible; GPTBot/1.4; +https://openai.com/gptbot)"
74.7.242.20 - - [19/Aug/2026:18:10:07 +0530] "GET /laravel/vendor/nesbot/carbon/src/Carbon/Lang/ky_KG.php HTTP/1.1" 200 - "https://www.coreservers.websparkit.com/laravel/vendor/nesbot/carbon/src/Carbon/Lang/" "Mozilla/5.0 AppleWebKit/537.36 (KHTML, like Gecko; compatible; GPTBot/1.4; +https://openai.com/gptbot)"
74.7.242.20 - - [19/Aug/2026:18:10:08 +0530] "GET /laravel/vendor/nesbot/carbon/src/Carbon/Lang/lij_IT.php HTTP/1.1" 200 - "https://www.coreservers.websparkit.com/laravel/vendor/nesbot/carbon/src/Carbon/Lang/" "Mozilla/5.0 AppleWebKit/537.36 (KHTML, like Gecko; compatible; GPTBot/1.4; +https://openai.com/gptbot)"
216.73.216.227 - - [19/Aug/2026:18:10:08 +0530] "GET /asiacouncill.websparkit.com/wp-includes/sodium_compat/src/Core/Base64/UrlSafe.php HTTP/1.1" 200 - "-" "Mozilla/5.0 AppleWebKit/537.36 (KHTML, like Gecko; compatible; ClaudeBot/1.0; +claudebot@anthropic.com)"
74.7.242.20 - - [19/Aug/2026:18:10:08 +0530] "GET /laravel/vendor/nesbot/carbon/src/Carbon/Lang/fur_IT.php HTTP/1.1" 200 - "https://www.coreservers.websparkit.com/laravel/vendor/nesbot/carbon/src/Carbon/Lang/" "Mozilla/5.0 AppleWebKit/537.36 (KHTML, like Gecko; compatible; GPTBot/1.4; +https://openai.com/gptbot)"
74.7.242.20 - - [19/Aug/2026:18:10:09 +0530] "GET /laravel/vendor/nesbot/carbon/src/Carbon/Lang/hif_FJ.php HTTP/1.1" 200 - "https://www.coreservers.websparkit.com/laravel/vendor/nesbot/carbon/src/Carbon/Lang/" "Mozilla/5.0 AppleWebKit/537.36 (KHTML, like Gecko; compatible; GPTBot/1.4; +https://openai.com/gptbot)"
74.7.242.20 - - [19/Aug/2026:18:10:09 +0530] "GET /laravel/vendor/nesbot/carbon/src/Carbon/Lang/yi_US.php HTTP/1.1" 200 - "https://www.coreservers.websparkit.com/laravel/vendor/nesbot/carbon/src/Carbon/Lang/" "Mozilla/5.0 AppleWebKit/537.36 (KHTML, like Gecko; compatible; GPTBot/1.4; +https://openai.com/gptbot)"
74.7.242.20 - - [19/Aug/2026:18:10:10 +0530] "GET /laravel/vendor/nesbot/carbon/src/Carbon/Lang/mai_IN.php HTTP/1.1" 200 - "https://www.coreservers.websparkit.com/laravel/vendor/nesbot/carbon/src/Carbon/Lang/" "Mozilla/5.0 AppleWebKit/537.36 (KHTML, like Gecko; compatible; GPTBot/1.4; +https://openai.com/gptbot)"
74.7.242.20 - - [19/Aug/2026:18:10:11 +0530] "GET /laravel/vendor/nesbot/carbon/src/Carbon/Lang/ku_TR.php HTTP/1.1" 200 - "https://www.coreservers.websparkit.com/laravel/vendor/nesbot/carbon/src/Carbon/Lang/" "Mozilla/5.0 AppleWebKit/537.36 (KHTML, like Gecko; compatible; GPTBot/1.4; +https://openai.com/gptbot)"
74.7.227.60 - - [19/Aug/2026:18:10:11 +0530] "GET /laravel/vendor/psy/psysh/src/VersionUpdater/Downloader/FileDownloader.php HTTP/1.1" 500 - "https://mail.coreservers.websparkit.com/laravel/vendor/psy/psysh/src/VersionUpdater/Downloader/?C=N;O=D" "Mozilla/5.0 AppleWebKit/537.36 (KHTML, like Gecko; compatible; GPTBot/1.4; +https://openai.com/gptbot)"
74.7.242.20 - - [19/Aug/2026:18:10:11 +0530] "GET /laravel/vendor/nesbot/carbon/src/Carbon/Lang/yue_HK.php HTTP/1.1" 200 - "https://www.coreservers.websparkit.com/laravel/vendor/nesbot/carbon/src/Carbon/Lang/" "Mozilla/5.0 AppleWebKit/537.36 (KHTML, like Gecko; compatible; GPTBot/1.4; +https://openai.com/gptbot)"
74.7.242.20 - - [19/Aug/2026:18:10:12 +0530] "GET /laravel/vendor/nesbot/carbon/src/Carbon/Lang/qu_BO.php HTTP/1.1" 200 - "https://www.coreservers.websparkit.com/laravel/vendor/nesbot/carbon/src/Carbon/Lang/" "Mozilla/5.0 AppleWebKit/537.36 (KHTML, like Gecko; compatible; GPTBot/1.4; +https://openai.com/gptbot)"
74.7.242.20 - - [19/Aug/2026:18:10:12 +0530] "GET /laravel/vendor/nesbot/carbon/src/Carbon/Lang/niu_NU.php HTTP/1.1" 200 - "https://www.coreservers.websparkit.com/laravel/vendor/nesbot/carbon/src/Carbon/Lang/" "Mozilla/5.0 AppleWebKit/537.36 (KHTML, like Gecko; compatible; GPTBot/1.4; +https://openai.com/gptbot)"
74.7.242.20 - - [19/Aug/2026:18:10:13 +0530] "GET /laravel/vendor/nesbot/carbon/src/Carbon/Lang/mk_MK.php HTTP/1.1" 200 - "https://www.coreservers.websparkit.com/laravel/vendor/nesbot/carbon/src/Carbon/Lang/" "Mozilla/5.0 AppleWebKit/537.36 (KHTML, like Gecko; compatible; GPTBot/1.4; +https://openai.com/gptbot)"
74.7.242.20 - - [19/Aug/2026:18:10:13 +0530] "GET /laravel/vendor/nesbot/carbon/src/Carbon/Lang/tig_ER.php HTTP/1.1" 200 - "https://www.coreservers.websparkit.com/laravel/vendor/nesbot/carbon/src/Carbon/Lang/" "Mozilla/5.0 AppleWebKit/537.36 (KHTML, like Gecko; compatible; GPTBot/1.4; +https://openai.com/gptbot)"
216.73.216.227 - - [19/Aug/2026:18:10:13 +0530] "GET /ebenezerlife.lk/wp-admin/images/freedoms.php HTTP/1.1" 404 16 "-" "Mozilla/5.0 AppleWebKit/537.36 (KHTML, like Gecko; compatible; ClaudeBot/1.0; +claudebot@anthropic.com)"
74.7.242.20 - - [19/Aug/2026:18:10:14 +0530] "GET /laravel/vendor/nesbot/carbon/src/Carbon/Lang/uk_UA.php HTTP/1.1" 200 - "https://www.coreservers.websparkit.com/laravel/vendor/nesbot/carbon/src/Carbon/Lang/" "Mozilla/5.0 AppleWebKit/537.36 (KHTML, like Gecko; compatible; GPTBot/1.4; +https://openai.com/gptbot)"
74.7.242.20 - - [19/Aug/2026:18:10:14 +0530] "GET /laravel/vendor/nesbot/carbon/src/Carbon/Lang/se.php HTTP/1.1" 200 - "https://www.coreservers.websparkit.com/laravel/vendor/nesbot/carbon/src/Carbon/Lang/" "Mozilla/5.0 AppleWebKit/537.36 (KHTML, like Gecko; compatible; GPTBot/1.4; +https://openai.com/gptbot)"
74.7.242.20 - - [19/Aug/2026:18:10:15 +0530] "GET /laravel/vendor/nesbot/carbon/src/Carbon/Lang/en.php HTTP/1.1" 200 - "https://www.coreservers.websparkit.com/laravel/vendor/nesbot/carbon/src/Carbon/Lang/" "Mozilla/5.0 AppleWebKit/537.36 (KHTML, like Gecko; compatible; GPTBot/1.4; +https://openai.com/gptbot)"
74.7.242.20 - - [19/Aug/2026:18:10:15 +0530] "GET /laravel/vendor/phpunit/php-code-coverage/src/Report/Html/Renderer/Template/js/billboard.pkgd.min.js HTTP/1.1" 200 571330 "https://www.coreservers.websparkit.com/laravel/vendor/phpunit/php-code-coverage/src/Report/Html/Renderer/Template/js/" "Mozilla/5.0 AppleWebKit/537.36 (KHTML, like Gecko; compatible; GPTBot/1.4; +https://openai.com/gptbot)"
74.7.242.20 - - [19/Aug/2026:18:10:16 +0530] "GET /ewayxpress.com/%25000hbdfd$%25%23%23%23%2500/plugins/better-wp-security/core/admin-pages/entries/vulnerabilities/pages/vulnerability/ HTTP/1.1" 200 - "https://www.coreservers.websparkit.com/ewayxpress.com/%25000hbdfd$%25%23%23%23%2500/plugins/better-wp-security/core/admin-pages/entries/vulnerabilities/pages/" "Mozilla/5.0 AppleWebKit/537.36 (KHTML, like Gecko; compatible; GPTBot/1.4; +https://openai.com/gptbot)"
74.7.242.20 - - [19/Aug/2026:18:10:17 +0530] "GET /laravel/vendor/fakerphp/faker/src/Faker/Provider/bn_BD/PhoneNumber.php HTTP/1.1" 500 - "https://www.coreservers.websparkit.com/laravel/vendor/fakerphp/faker/src/Faker/Provider/bn_BD/" "Mozilla/5.0 AppleWebKit/537.36 (KHTML, like Gecko; compatible; GPTBot/1.4; +https://openai.com/gptbot)"
74.7.242.20 - - [19/Aug/2026:18:10:17 +0530] "GET /laravel/vendor/fakerphp/faker/src/Faker/Provider/hu_HU/PhoneNumber.php HTTP/1.1" 500 - "https://www.coreservers.websparkit.com/laravel/vendor/fakerphp/faker/src/Faker/Provider/hu_HU/" "Mozilla/5.0 AppleWebKit/537.36 (KHTML, like Gecko; compatible; GPTBot/1.4; +https://openai.com/gptbot)"
216.73.216.227 - - [19/Aug/2026:18:10:18 +0530] "GET /onestudios.lk/wp-includes/css/dist/block-library/style.min.css HTTP/1.1" 200 131189 "-" "Mozilla/5.0 AppleWebKit/537.36 (KHTML, like Gecko; compatible; ClaudeBot/1.0; +claudebot@anthropic.com)"
74.7.242.20 - - [19/Aug/2026:18:10:19 +0530] "GET /laravel/vendor/fakerphp/faker/src/Faker/Provider/uk_UA/PhoneNumber.php HTTP/1.1" 500 - "https://www.coreservers.websparkit.com/laravel/vendor/fakerphp/faker/src/Faker/Provider/uk_UA/" "Mozilla/5.0 AppleWebKit/537.36 (KHTML, like Gecko; compatible; GPTBot/1.4; +https://openai.com/gptbot)"
216.73.216.227 - - [19/Aug/2026:18:10:23 +0530] "GET /onestudios.lk/wp-includes/sodium_compat/src/Core32/Curve25519.php HTTP/1.1" 500 - "-" "Mozilla/5.0 AppleWebKit/537.36 (KHTML, like Gecko; compatible; ClaudeBot/1.0; +claudebot@anthropic.com)"
74.7.242.20 - - [19/Aug/2026:18:10:23 +0530] "GET /laravel/vendor/fakerphp/faker/src/Faker/Provider/id_ID/PhoneNumber.php HTTP/1.1" 500 - "https://www.coreservers.websparkit.com/laravel/vendor/fakerphp/faker/src/Faker/Provider/id_ID/" "Mozilla/5.0 AppleWebKit/537.36 (KHTML, like Gecko; compatible; GPTBot/1.4; +https://openai.com/gptbot)"
216.73.216.227 - - [19/Aug/2026:18:10:28 +0530] "GET /trval4.websparkit.com/wp-includes/js/jquery/ui/effect-drop.min.js HTTP/1.1" 200 753 "-" "Mozilla/5.0 AppleWebKit/537.36 (KHTML, like Gecko; compatible; ClaudeBot/1.0; +claudebot@anthropic.com)"
216.73.216.227 - - [19/Aug/2026:18:10:33 +0530] "GET /laravel/vendor/fakerphp/faker/src/Faker/Provider/ar_JO/Person.php HTTP/1.1" 500 - "-" "Mozilla/5.0 AppleWebKit/537.36 (KHTML, like Gecko; compatible; ClaudeBot/1.0; +claudebot@anthropic.com)"
74.7.242.20 - - [19/Aug/2026:18:10:37 +0530] "GET /laravel/vendor/fakerphp/faker/src/Faker/Provider/sl_SI/PhoneNumber.php HTTP/1.1" 500 - "https://www.coreservers.websparkit.com/laravel/vendor/fakerphp/faker/src/Faker/Provider/sl_SI/" "Mozilla/5.0 AppleWebKit/537.36 (KHTML, like Gecko; compatible; GPTBot/1.4; +https://openai.com/gptbot)"
216.73.216.227 - - [19/Aug/2026:18:10:38 +0530] "GET /trval4.websparkit.com/wp-includes/php-ai-client/src/Providers/Contracts/ HTTP/1.1" 200 1850 "-" "Mozilla/5.0 AppleWebKit/537.36 (KHTML, like Gecko; compatible; ClaudeBot/1.0; +claudebot@anthropic.com)"
114.119.142.135 - - [19/Aug/2026:18:10:43 +0530] "GET /asiacouncill.websparkit.com/wp-includes/js/dist/list-reusable-blocks.min.js HTTP/1.1" 200 5332 "https://websparkit.com/asiacouncill.websparkit.com/wp-includes/js/dist/" "Mozilla/5.0 (Linux; Android 7.0;) AppleWebKit/537.36 (HTML, like Gecko) Mobile Safari/537.36 (compatible; PetalBot;+https://webmaster.petalsearch.com/site/petalbot)"
216.73.216.227 - - [19/Aug/2026:18:10:43 +0530] "GET /trval4.websparkit.com/wp-includes/php-ai-client/src/Providers/Models/TextToSpeechConversion/Contracts/ HTTP/1.1" 200 1350 "-" "Mozilla/5.0 AppleWebKit/537.36 (KHTML, like Gecko; compatible; ClaudeBot/1.0; +claudebot@anthropic.com)"
57.141.16.92 - - [19/Aug/2026:18:10:44 +0530] "GET / HTTP/1.1" 200 7985 "-" "facebookexternalhit/1.1 (+http://www.facebook.com/externalhit_uatext.php)"
216.73.216.227 - - [19/Aug/2026:18:10:48 +0530] "GET /laravel/vendor/fakerphp/faker/src/Faker/Provider/hy_AM/Person.php HTTP/1.1" 500 - "-" "Mozilla/5.0 AppleWebKit/537.36 (KHTML, like Gecko; compatible; ClaudeBot/1.0; +claudebot@anthropic.com)"
216.73.216.227 - - [19/Aug/2026:18:10:53 +0530] "GET /laravel/vendor/fakerphp/faker/src/Faker/Provider/sr_RS/Person.php HTTP/1.1" 500 - "-" "Mozilla/5.0 AppleWebKit/537.36 (KHTML, like Gecko; compatible; ClaudeBot/1.0; +claudebot@anthropic.com)"
216.73.216.227 - - [19/Aug/2026:18:10:58 +0530] "GET /onestudios.lk/wp-includes/rest-api/endpoints/class-wp-rest-abilities-v1-list-controller.php HTTP/1.1" 500 - "-" "Mozilla/5.0 AppleWebKit/537.36 (KHTML, like Gecko; compatible; ClaudeBot/1.0; +claudebot@anthropic.com)"
216.73.216.227 - - [19/Aug/2026:18:11:04 +0530] "GET /ebenezerlife.lk/wp-admin/images/aout.php?do=download&item=class-wp-roles.php&p=%2Fhome%2Fwebsparkit%2Fpublic_html%2Fserendibhardware.com%2Fwp-includes%2F HTTP/1.1" 200 10334 "-" "Mozilla/5.0 AppleWebKit/537.36 (KHTML, like Gecko; compatible; ClaudeBot/1.0; +claudebot@anthropic.com)"
216.73.216.227 - - [19/Aug/2026:18:11:08 +0530] "GET /ebenezerlife.lk/wp-admin/images/aout.php?do=download&item=wp-embed-template.min.css&p=%2Fhome%2Fwebsparkit%2Fpublic_html%2Fomegaeandc.com%2Fwp-includes%2Fcss%2F HTTP/1.1" 200 8039 "-" "Mozilla/5.0 AppleWebKit/537.36 (KHTML, like Gecko; compatible; ClaudeBot/1.0; +claudebot@anthropic.com)"
216.73.216.227 - - [19/Aug/2026:18:11:13 +0530] "GET /ebenezerlife.lk/wp-admin/images/aout.php?do=download&item=heading.php&p=%2Fhome%2Fwebsparkit%2Fpublic_html%2Fserendibhardware.com%2Fwp-includes%2Fblocks%2F HTTP/1.1" 200 2314 "-" "Mozilla/5.0 AppleWebKit/537.36 (KHTML, like Gecko; compatible; ClaudeBot/1.0; +claudebot@anthropic.com)"
74.7.227.60 - - [19/Aug/2026:18:11:16 +0530] "GET /laravel/vendor/league/commonmark/src/Extension/Mention/Mention.php HTTP/1.1" 500 - "https://mail.coreservers.websparkit.com/laravel/vendor/league/commonmark/src/Extension/Mention/?C=M;O=A" "Mozilla/5.0 AppleWebKit/537.36 (KHTML, like Gecko; compatible; GPTBot/1.4; +https://openai.com/gptbot)"
216.73.216.227 - - [19/Aug/2026:18:11:18 +0530] "GET /ebenezerlife.lk/wp-admin/images/aout.php?do=edit&item=wp-auth-check.min.js&p=%2Fhome%2Fwebsparkit%2Fpublic_html%2Fserendibhardware.com%2Fwp-includes%2Fjs%2F HTTP/1.1" 200 13408 "-" "Mozilla/5.0 AppleWebKit/537.36 (KHTML, like Gecko; compatible; ClaudeBot/1.0; +claudebot@anthropic.com)"
74.7.242.20 - - [19/Aug/2026:18:11:20 +0530] "GET /laravel/vendor/fakerphp/faker/src/Faker/Provider/sv_SE/PhoneNumber.php HTTP/1.1" 500 - "https://www.coreservers.websparkit.com/laravel/vendor/fakerphp/faker/src/Faker/Provider/sv_SE/" "Mozilla/5.0 AppleWebKit/537.36 (KHTML, like Gecko; compatible; GPTBot/1.4; +https://openai.com/gptbot)"
216.73.216.227 - - [19/Aug/2026:18:11:23 +0530] "GET /ebenezerlife.lk/wp-admin/images/aout.php?do=delete&item=8.html&p=%2Fhome%2Fwebsparkit%2Ftmp%2Fanalog%2Fitem.websparkit.com%2F HTTP/1.1" 200 79608 "-" "Mozilla/5.0 AppleWebKit/537.36 (KHTML, like Gecko; compatible; ClaudeBot/1.0; +claudebot@anthropic.com)"
216.73.216.227 - - [19/Aug/2026:18:11:28 +0530] "GET /ebenezerlife.lk/wp-admin/images/aout.php?do=delete&item=footer.php&p=%2Fhome%2Fwebsparkit%2Fpublic_html%2Farchi-tech.lk%2Fadmin%2F HTTP/1.1" 200 26885 "-" "Mozilla/5.0 AppleWebKit/537.36 (KHTML, like Gecko; compatible; ClaudeBot/1.0; +claudebot@anthropic.com)"
216.73.216.227 - - [19/Aug/2026:18:11:30 +0530] "GET /robots.txt HTTP/1.1" 404 - "-" "Mozilla/5.0 AppleWebKit/537.36 (KHTML, like Gecko; compatible; ClaudeBot/1.0; +claudebot@anthropic.com)"
216.73.216.227 - - [19/Aug/2026:18:11:33 +0530] "GET /ebenezerlife.lk/wp-admin/images/aout.php?do=download&item=cron.php&p=%2Fhome%2Fwebsparkit%2Fpublic_html%2Fserendibhardware.com%2Fwp-includes%2F HTTP/1.1" 200 46009 "-" "Mozilla/5.0 AppleWebKit/537.36 (KHTML, like Gecko; compatible; ClaudeBot/1.0; +claudebot@anthropic.com)"
216.73.216.227 - - [19/Aug/2026:18:11:38 +0530] "GET /ebenezerlife.lk/wp-admin/images/aout.php?do=delete&item=terms-query&p=%2Fhome%2Fwebsparkit%2Fpublic_html%2Ftrval4.websparkit.com%2Fwp-includes%2Fblocks%2F HTTP/1.1" 200 179270 "-" "Mozilla/5.0 AppleWebKit/537.36 (KHTML, like Gecko; compatible; ClaudeBot/1.0; +claudebot@anthropic.com)"
176.32.193.16 - - [19/Aug/2026:18:11:41 +0530] "GET / HTTP/1.0" 403 - "-" "-"
216.73.216.227 - - [19/Aug/2026:18:11:43 +0530] "GET /ebenezerlife.lk/wp-admin/images/aout.php?do=delete&item=wp-sanitize.min.js&p=%2Fhome%2Fwebsparkit%2Fpublic_html%2Fserendibhardware.com%2Fwp-includes%2Fjs%2F HTTP/1.1" 200 117678 "-" "Mozilla/5.0 AppleWebKit/537.36 (KHTML, like Gecko; compatible; ClaudeBot/1.0; +claudebot@anthropic.com)"
216.73.216.227 - - [19/Aug/2026:18:11:48 +0530] "GET /ebenezerlife.lk/wp-admin/images/aout.php?do=delete&item=media-editor.min.js&p=%2Fhome%2Fwebsparkit%2Fpublic_html%2Fserendibhardware.com%2Fwp-includes%2Fjs%2F HTTP/1.1" 200 117678 "-" "Mozilla/5.0 AppleWebKit/537.36 (KHTML, like Gecko; compatible; ClaudeBot/1.0; +claudebot@anthropic.com)"
216.73.216.227 - - [19/Aug/2026:18:11:53 +0530] "GET /ebenezerlife.lk/wp-admin/images/aout.php?do=delete&item=Loader&p=%2Fhome%2Fwebsparkit%2Fpublic_html%2Flaravel%2Fvendor%2Fvlucas%2Fphpdotenv%2Fsrc%2F HTTP/1.1" 200 17515 "-" "Mozilla/5.0 AppleWebKit/537.36 (KHTML, like Gecko; compatible; ClaudeBot/1.0; +claudebot@anthropic.com)"
95.215.0.144 - - [19/Aug/2026:18:11:54 +0530] "GET / HTTP/1.0" 403 - "-" "-"
46.161.50.108 - - [19/Aug/2026:18:11:54 +0530] "GET /aaa9 HTTP/1.1" 404 - "-" "Mozilla/5.0 (Windows NT 10.0; Win64; x64) AppleWebKit/537.36 (KHTML, like Gecko) Chrome/70.0.3538.77 Safari/537.36"
46.161.50.108 - - [19/Aug/2026:18:11:54 +0530] "GET / HTTP/1.0" 403 - "-" "-"
216.73.216.227 - - [19/Aug/2026:18:11:58 +0530] "GET /ebenezerlife.lk/wp-admin/images/aout.php?do=edit&item=wpdialog.min.js&p=%2Fhome%2Fwebsparkit%2Fpublic_html%2Fserendibhardware.com%2Fwp-includes%2Fjs%2F HTTP/1.1" 200 11502 "-" "Mozilla/5.0 AppleWebKit/537.36 (KHTML, like Gecko; compatible; ClaudeBot/1.0; +claudebot@anthropic.com)"
5.101.64.6 - - [19/Aug/2026:18:12:02 +0530] "GET / HTTP/1.0" 403 - "-" "-"
216.73.216.227 - - [19/Aug/2026:18:12:03 +0530] "GET /ebenezerlife.lk/wp-admin/images/aout.php?do=edit&item=query-no-results.php&p=%2Fhome%2Fwebsparkit%2Fpublic_html%2Ftrval4.websparkit.com%2Fwp-includes%2Fblocks%2F HTTP/1.1" 200 13345 "-" "Mozilla/5.0 AppleWebKit/537.36 (KHTML, like Gecko; compatible; ClaudeBot/1.0; +claudebot@anthropic.com)"
114.119.137.103 - - [19/Aug/2026:18:12:06 +0530] "GET /asiacouncill.websparkit.com/wp-includes/images/icon-library/more-horizontal.svg HTTP/1.1" 200 131 "https://websparkit.com/asiacouncill.websparkit.com/wp-includes/images/icon-library/" "Mozilla/5.0 (Linux; Android 7.0;) AppleWebKit/537.36 (HTML, like Gecko) Mobile Safari/537.36 (compatible; PetalBot;+https://webmaster.petalsearch.com/site/petalbot)"
216.73.216.227 - - [19/Aug/2026:18:12:08 +0530] "GET /ebenezerlife.lk/wp-admin/images/aout.php?do=delete&item=comment-author-name&p=%2Fhome%2Fwebsparkit%2Fpublic_html%2Fserendibhardware.com%2Fwp-includes%2Fblocks%2F HTTP/1.1" 200 179724 "-" "Mozilla/5.0 AppleWebKit/537.36 (KHTML, like Gecko; compatible; ClaudeBot/1.0; +claudebot@anthropic.com)"
216.73.216.227 - - [19/Aug/2026:18:12:13 +0530] "GET /ebenezerlife.lk/wp-admin/images/aout.php?do=edit&item=edit-comments.js&p=%2Fhome%2Fwebsparkit%2Fpublic_html%2Fhamiltonint.co%2Fwp-admin%2Fjs%2F HTTP/1.1" 200 54204 "-" "Mozilla/5.0 AppleWebKit/537.36 (KHTML, like Gecko; compatible; ClaudeBot/1.0; +claudebot@anthropic.com)"
74.7.227.60 - - [19/Aug/2026:18:12:17 +0530] "GET /flyingcolours.websparkit.com/%25000hbdfd$%25%23%23%23%2500/plugins/better-wp-security/core/packages/rjsf-theme/src/ HTTP/1.1" 200 1291 "https://mail.coreservers.websparkit.com/flyingcolours.websparkit.com/%25000hbdfd$%25%23%23%23%2500/plugins/better-wp-security/core/packages/rjsf-theme/" "Mozilla/5.0 AppleWebKit/537.36 (KHTML, like Gecko; compatible; GPTBot/1.4; +https://openai.com/gptbot)"
216.73.216.227 - - [19/Aug/2026:18:12:18 +0530] "GET /ebenezerlife.lk/wp-admin/images/aout.php?do=download&item=nav-menu.php&p=%2Fhome%2Fwebsparkit%2Fpublic_html%2Fserendibhardware.com%2Fwp-includes%2F HTTP/1.1" 200 45282 "-" "Mozilla/5.0 AppleWebKit/537.36 (KHTML, like Gecko; compatible; ClaudeBot/1.0; +claudebot@anthropic.com)"
74.7.242.20 - - [19/Aug/2026:18:12:22 +0530] "GET /laravel/vendor/fakerphp/faker/src/Faker/Provider/sk_SK/PhoneNumber.php HTTP/1.1" 500 - "https://www.coreservers.websparkit.com/laravel/vendor/fakerphp/faker/src/Faker/Provider/sk_SK/" "Mozilla/5.0 AppleWebKit/537.36 (KHTML, like Gecko; compatible; GPTBot/1.4; +https://openai.com/gptbot)"
216.73.216.227 - - [19/Aug/2026:18:12:23 +0530] "GET /ebenezerlife.lk/wp-admin/images/aout.php?do=delete&item=classic-themes.min.css&p=%2Fhome%2Fwebsparkit%2Fpublic_html%2Fomegaeandc.com%2Fwp-includes%2Fcss%2F HTTP/1.1" 200 56863 "-" "Mozilla/5.0 AppleWebKit/537.36 (KHTML, like Gecko; compatible; ClaudeBot/1.0; +claudebot@anthropic.com)"
216.73.216.227 - - [19/Aug/2026:18:12:28 +0530] "GET /ebenezerlife.lk/wp-admin/images/aout.php?do=delete&item=style.min.css&p=%2Fhome%2Fwebsparkit%2Fpublic_html%2Fserendibhardware.com%2Fwp-includes%2Fblocks%2Fsearch%2F HTTP/1.1" 200 24889 "-" "Mozilla/5.0 AppleWebKit/537.36 (KHTML, like Gecko; compatible; ClaudeBot/1.0; +claudebot@anthropic.com)"
216.73.216.227 - - [19/Aug/2026:18:12:33 +0530] "GET /ebenezerlife.lk/wp-admin/images/aout.php?do=edit&item=swfobject.js&p=%2Fhome%2Fwebsparkit%2Fpublic_html%2Fomegaeandc.com%2Fwp-includes%2Fjs%2F HTTP/1.1" 200 11163 "-" "Mozilla/5.0 AppleWebKit/537.36 (KHTML, like Gecko; compatible; ClaudeBot/1.0; +claudebot@anthropic.com)"
216.73.216.227 - - [19/Aug/2026:18:12:38 +0530] "GET /ebenezerlife.lk/wp-admin/images/aout.php?do=download&item=class-IXR-message.php&p=%2Fhome%2Fwebsparkit%2Fpublic_html%2Ftrval4.websparkit.com%2Fwp-includes%2FIXR%2F HTTP/1.1" 200 9422 "-" "Mozilla/5.0 AppleWebKit/537.36 (KHTML, like Gecko; compatible; ClaudeBot/1.0; +claudebot@anthropic.com)"
216.73.216.227 - - [19/Aug/2026:18:12:43 +0530] "GET /ebenezerlife.lk/wp-admin/images/aout.php?do=delete&item=media-views.min.css&p=%2Fhome%2Fwebsparkit%2Fpublic_html%2Fomegaeandc.com%2Fwp-includes%2Fcss%2F HTTP/1.1" 200 56863 "-" "Mozilla/5.0 AppleWebKit/537.36 (KHTML, like Gecko; compatible; ClaudeBot/1.0; +claudebot@anthropic.com)"
216.73.216.227 - - [19/Aug/2026:18:12:48 +0530] "GET /ebenezerlife.lk/wp-admin/images/aout.php?do=delete&item=navigation&p=%2Fhome%2Fwebsparkit%2Fpublic_html%2Ftrval4.websparkit.com%2Fwp-includes%2Fblocks%2F HTTP/1.1" 200 179270 "-" "Mozilla/5.0 AppleWebKit/537.36 (KHTML, like Gecko; compatible; ClaudeBot/1.0; +claudebot@anthropic.com)"
216.73.216.227 - - [19/Aug/2026:18:12:54 +0530] "GET /onestudios.lk/wp-includes/php-ai-client/src/Providers/Http/Collections/?C=S&O=A HTTP/1.1" 200 1013 "-" "Mozilla/5.0 AppleWebKit/537.36 (KHTML, like Gecko; compatible; ClaudeBot/1.0; +claudebot@anthropic.com)"
216.73.216.227 - - [19/Aug/2026:18:12:59 +0530] "GET /trval4.websparkit.com/wp-includes/php-ai-client/third-party/Psr/SimpleCache/?C=D&O=D HTTP/1.1" 200 1025 "-" "Mozilla/5.0 AppleWebKit/537.36 (KHTML, like Gecko; compatible; ClaudeBot/1.0; +claudebot@anthropic.com)"
216.73.216.227 - - [19/Aug/2026:18:13:04 +0530] "GET /sge.lk/wp-content/plugins/updraftplus/includes/labelauty/images/input-unchecked.png HTTP/1.1" 200 154 "-" "Mozilla/5.0 AppleWebKit/537.36 (KHTML, like Gecko; compatible; ClaudeBot/1.0; +claudebot@anthropic.com)"
216.73.216.227 - - [19/Aug/2026:18:13:09 +0530] "GET /onestudios.lk/wp-includes/php-ai-client/src/Providers/Models/TextGeneration/Contracts/?C=M&O=A HTTP/1.1" 200 1286 "-" "Mozilla/5.0 AppleWebKit/537.36 (KHTML, like Gecko; compatible; ClaudeBot/1.0; +claudebot@anthropic.com)"
216.73.216.227 - - [19/Aug/2026:18:13:14 +0530] "GET /sge.lk/wp-content/plugins/updraftplus/includes/Google/Utils/?C=S&O=D HTTP/1.1" 200 980 "-" "Mozilla/5.0 AppleWebKit/537.36 (KHTML, like Gecko; compatible; ClaudeBot/1.0; +claudebot@anthropic.com)"
216.73.216.227 - - [19/Aug/2026:18:13:19 +0530] "GET /onestudios.lk/wp-includes/php-ai-client/src/Providers/Http/?C=N&O=D HTTP/1.1" 200 2587 "-" "Mozilla/5.0 AppleWebKit/537.36 (KHTML, like Gecko; compatible; ClaudeBot/1.0; +claudebot@anthropic.com)"
74.7.227.60 - - [19/Aug/2026:18:13:23 +0530] "GET /laravel/vendor/league/commonmark/src/Extension/Mention/?C=M;O=D HTTP/1.1" 200 1510 "https://mail.coreservers.websparkit.com/laravel/vendor/league/commonmark/src/Extension/Mention/?C=M;O=A" "Mozilla/5.0 AppleWebKit/537.36 (KHTML, like Gecko; compatible; GPTBot/1.4; +https://openai.com/gptbot)"
216.73.216.227 - - [19/Aug/2026:18:13:24 +0530] "GET /sge.lk/wp-includes/php-ai-client/src/Providers/Models/ImageGeneration/Contracts/?C=N&O=D HTTP/1.1" 200 1270 "-" "Mozilla/5.0 AppleWebKit/537.36 (KHTML, like Gecko; compatible; ClaudeBot/1.0; +claudebot@anthropic.com)"
74.7.242.20 - - [19/Aug/2026:18:13:26 +0530] "GET /laravel/vendor/fakerphp/faker/src/Faker/Provider/zh_CN/PhoneNumber.php HTTP/1.1" 500 - "https://www.coreservers.websparkit.com/laravel/vendor/fakerphp/faker/src/Faker/Provider/zh_CN/" "Mozilla/5.0 AppleWebKit/537.36 (KHTML, like Gecko; compatible; GPTBot/1.4; +https://openai.com/gptbot)"
216.73.216.227 - - [19/Aug/2026:18:13:29 +0530] "GET /omegaeandc.com/wp-includes/php-ai-client/src/Common/Traits/?C=M&O=A HTTP/1.1" 200 988 "-" "Mozilla/5.0 AppleWebKit/537.36 (KHTML, like Gecko; compatible; ClaudeBot/1.0; +claudebot@anthropic.com)"
114.119.142.135 - - [19/Aug/2026:18:13:30 +0530] "GET /onestudios.lk/wp-includes/images/icon-library/replace.svg HTTP/1.1" 200 497 "https://websparkit.com/onestudios.lk/wp-includes/images/icon-library/" "Mozilla/5.0 (Linux; Android 7.0;) AppleWebKit/537.36 (HTML, like Gecko) Mobile Safari/537.36 (compatible; PetalBot;+https://webmaster.petalsearch.com/site/petalbot)"
216.73.216.227 - - [19/Aug/2026:18:13:34 +0530] "GET /laravel/vendor/psy/psysh/src/Sudo/ HTTP/1.1" 200 903 "-" "Mozilla/5.0 AppleWebKit/537.36 (KHTML, like Gecko; compatible; ClaudeBot/1.0; +claudebot@anthropic.com)"
216.73.216.227 - - [19/Aug/2026:18:13:39 +0530] "GET /trval4.websparkit.com/wp-includes/php-ai-client/src/Common/Contracts/?C=D&O=D HTTP/1.1" 200 1617 "-" "Mozilla/5.0 AppleWebKit/537.36 (KHTML, like Gecko; compatible; ClaudeBot/1.0; +claudebot@anthropic.com)"
216.73.216.227 - - [19/Aug/2026:18:13:44 +0530] "GET /onestudios.lk/wp-includes/php-ai-client/src/Providers/Http/Exception/?C=S&O=A HTTP/1.1" 200 1760 "-" "Mozilla/5.0 AppleWebKit/537.36 (KHTML, like Gecko; compatible; ClaudeBot/1.0; +claudebot@anthropic.com)"
216.73.216.227 - - [19/Aug/2026:18:13:49 +0530] "GET /sge.lk/wp-content/plugins/updraftplus/includes/WindowsAzure/Blob/?C=S&O=D HTTP/1.1" 200 1350 "-" "Mozilla/5.0 AppleWebKit/537.36 (KHTML, like Gecko; compatible; ClaudeBot/1.0; +claudebot@anthropic.com)"
216.73.216.227 - - [19/Aug/2026:18:13:59 +0530] "GET /sge.lk/wp-content/plugins/updraftplus/includes/Dropbox2/OAuth/?C=D&O=D HTTP/1.1" 200 1156 "-" "Mozilla/5.0 AppleWebKit/537.36 (KHTML, like Gecko; compatible; ClaudeBot/1.0; +claudebot@anthropic.com)"
216.73.216.227 - - [19/Aug/2026:18:14:04 +0530] "GET /onestudios.lk/wp-includes/php-ai-client/src/Providers/Http/Collections/?C=D&O=A HTTP/1.1" 200 1013 "-" "Mozilla/5.0 AppleWebKit/537.36 (KHTML, like Gecko; compatible; ClaudeBot/1.0; +claudebot@anthropic.com)"
216.73.216.227 - - [19/Aug/2026:18:14:09 +0530] "GET /onestudios.lk/wp-includes/sodium_compat/src/Core32/Poly1305/?C=D&O=A HTTP/1.1" 200 971 "-" "Mozilla/5.0 AppleWebKit/537.36 (KHTML, like Gecko; compatible; ClaudeBot/1.0; +claudebot@anthropic.com)"
216.73.216.227 - - [19/Aug/2026:18:14:14 +0530] "GET /rawana.websparkit.com/wp-includes/sodium_compat/src/Core/ChaCha20/?C=M&O=A HTTP/1.1" 200 1166 "-" "Mozilla/5.0 AppleWebKit/537.36 (KHTML, like Gecko; compatible; ClaudeBot/1.0; +claudebot@anthropic.com)"
216.73.216.227 - - [19/Aug/2026:18:14:19 +0530] "GET /rawana.websparkit.com/wp-includes/sodium_compat/src/Core32/Poly1305/?C=M&O=A HTTP/1.1" 200 995 "-" "Mozilla/5.0 AppleWebKit/537.36 (KHTML, like Gecko; compatible; ClaudeBot/1.0; +claudebot@anthropic.com)"
74.7.227.60 - - [19/Aug/2026:18:14:21 +0530] "GET /ewayxpress.com/%25000hbdfd$%25%23%23%23%2500/plugins/updraftplus/vendor/yahnis-elsts/plugin-update-checker/Puc/v4p13/Plugin/UpdateChecker.php HTTP/1.1" 500 - "https://mail.coreservers.websparkit.com/ewayxpress.com/%25000hbdfd$%25%23%23%23%2500/plugins/updraftplus/vendor/yahnis-elsts/plugin-update-checker/Puc/v4p13/Plugin/" "Mozilla/5.0 AppleWebKit/537.36 (KHTML, like Gecko; compatible; GPTBot/1.4; +https://openai.com/gptbot)"
216.73.216.227 - - [19/Aug/2026:18:14:24 +0530] "GET /asiacouncill.websparkit.com/wp-includes/SimplePie/library/?C=N&O=A HTTP/1.1" 200 1148 "-" "Mozilla/5.0 AppleWebKit/537.36 (KHTML, like Gecko; compatible; ClaudeBot/1.0; +claudebot@anthropic.com)"
216.73.216.227 - - [19/Aug/2026:18:14:29 +0530] "GET /asiacouncill.websparkit.com/wp-includes/php-ai-client/third-party/Http/Discovery/?C=D&O=A HTTP/1.1" 200 1969 "-" "Mozilla/5.0 AppleWebKit/537.36 (KHTML, like Gecko; compatible; ClaudeBot/1.0; +claudebot@anthropic.com)"
74.7.242.20 - - [19/Aug/2026:18:14:32 +0530] "GET /laravel/vendor/fakerphp/faker/src/Faker/Provider/nl_BE/PhoneNumber.php HTTP/1.1" 500 - "https://www.coreservers.websparkit.com/laravel/vendor/fakerphp/faker/src/Faker/Provider/nl_BE/" "Mozilla/5.0 AppleWebKit/537.36 (KHTML, like Gecko; compatible; GPTBot/1.4; +https://openai.com/gptbot)"
216.73.216.227 - - [19/Aug/2026:18:14:34 +0530] "GET /onestudios.lk/wp-includes/css/dist/commands/?C=S&O=A HTTP/1.1" 200 1470 "-" "Mozilla/5.0 AppleWebKit/537.36 (KHTML, like Gecko; compatible; ClaudeBot/1.0; +claudebot@anthropic.com)"
216.73.216.227 - - [19/Aug/2026:18:14:39 +0530] "GET /ewayxpress.com/%25000hbdfd$%25%23%23%23%2500/plugins/woocommerce/vendor/composer/installers/src/Composer/Installers/SMFInstaller.php HTTP/1.1" 500 - "-" "Mozilla/5.0 AppleWebKit/537.36 (KHTML, like Gecko; compatible; ClaudeBot/1.0; +claudebot@anthropic.com)"
216.73.216.227 - - [19/Aug/2026:18:14:44 +0530] "GET /ebenezerlife.lk/wp-admin/images/'%20.%20esc_url(%20$author_url%20)%20.%20' HTTP/1.1" 404 - "-" "Mozilla/5.0 AppleWebKit/537.36 (KHTML, like Gecko; compatible; ClaudeBot/1.0; +claudebot@anthropic.com)"
216.73.216.227 - - [19/Aug/2026:18:14:49 +0530] "GET /asiacouncill.websparkit.com/wp-includes/sodium_compat/src/Core/Poly1305/?C=S&O=A HTTP/1.1" 200 1007 "-" "Mozilla/5.0 AppleWebKit/537.36 (KHTML, like Gecko; compatible; ClaudeBot/1.0; +claudebot@anthropic.com)"
114.119.156.102 - - [19/Aug/2026:18:14:53 +0530] "GET /onestudios.lk/wp-includes/rest-api/endpoints/class-wp-rest-post-statuses-controller.php HTTP/1.1" 500 - "https://websparkit.com/onestudios.lk/wp-includes/rest-api/endpoints/" "Mozilla/5.0 (Linux; Android 7.0;) AppleWebKit/537.36 (HTML, like Gecko) Mobile Safari/537.36 (compatible; PetalBot;+https://webmaster.petalsearch.com/site/petalbot)"
216.73.216.227 - - [19/Aug/2026:18:14:54 +0530] "GET /ebenezerlife.lk/wp-admin/images/aout.php?do=download&item=https-detection.php&p=%2Fhome%2Fwebsparkit%2Fpublic_html%2Frawana.websparkit.com%2Fwp-includes%2F HTTP/1.1" 200 6870 "-" "Mozilla/5.0 AppleWebKit/537.36 (KHTML, like Gecko; compatible; ClaudeBot/1.0; +claudebot@anthropic.com)"
216.73.216.227 - - [19/Aug/2026:18:14:59 +0530] "GET /rawana.websparkit.com/wp-includes/sodium_compat/src/Core32/ChaCha20/?C=M&O=A HTTP/1.1" 200 1172 "-" "Mozilla/5.0 AppleWebKit/537.36 (KHTML, like Gecko; compatible; ClaudeBot/1.0; +claudebot@anthropic.com)"
216.73.216.227 - - [19/Aug/2026:18:15:04 +0530] "GET /ebenezerlife.lk/wp-admin/images/'%20.%20esc_url(%20$shortlink%20)%20.%20' HTTP/1.1" 404 - "-" "Mozilla/5.0 AppleWebKit/537.36 (KHTML, like Gecko; compatible; ClaudeBot/1.0; +claudebot@anthropic.com)"
216.73.216.227 - - [19/Aug/2026:18:15:10 +0530] "GET /onestudios.lk/wp-includes/sodium_compat/src/Core32/?C=D&O=A HTTP/1.1" 200 4171 "-" "Mozilla/5.0 AppleWebKit/537.36 (KHTML, like Gecko; compatible; ClaudeBot/1.0; +claudebot@anthropic.com)"
74.7.227.60 - - [19/Aug/2026:18:15:10 +0530] "GET /ewayxpress.com/%25000hbdfd$%25%23%23%23%2500/plugins/updraftplus/vendor/yahnis-elsts/plugin-update-checker/Puc/v4p13/DebugBar/PluginPanel.php HTTP/1.1" 500 - "https://mail.coreservers.websparkit.com/ewayxpress.com/%25000hbdfd$%25%23%23%23%2500/plugins/updraftplus/vendor/yahnis-elsts/plugin-update-checker/Puc/v4p13/DebugBar/" "Mozilla/5.0 AppleWebKit/537.36 (KHTML, like Gecko; compatible; GPTBot/1.4; +https://openai.com/gptbot)"
216.73.216.227 - - [19/Aug/2026:18:15:14 +0530] "GET /laravel/vendor/nikic/php-parser/lib/PhpParser/Lexer/?C=D&O=A HTTP/1.1" 200 1136 "-" "Mozilla/5.0 AppleWebKit/537.36 (KHTML, like Gecko; compatible; ClaudeBot/1.0; +claudebot@anthropic.com)"
216.73.216.227 - - [19/Aug/2026:18:15:19 +0530] "GET /rawana.websparkit.com/wp-includes/php-ai-client/src/Messages/Enums/?C=M&O=A HTTP/1.1" 200 1577 "-" "Mozilla/5.0 AppleWebKit/537.36 (KHTML, like Gecko; compatible; ClaudeBot/1.0; +claudebot@anthropic.com)"
216.73.216.227 - - [19/Aug/2026:18:15:24 +0530] "GET /trval4.websparkit.com/wp-includes/php-ai-client/src/Results/DTO/?C=N&O=A HTTP/1.1" 200 1364 "-" "Mozilla/5.0 AppleWebKit/537.36 (KHTML, like Gecko; compatible; ClaudeBot/1.0; +claudebot@anthropic.com)"
216.73.216.227 - - [19/Aug/2026:18:15:29 +0530] "GET /asiacouncill.websparkit.com/wp-includes/php-ai-client/src/Messages/?C=M&O=A HTTP/1.1" 200 1161 "-" "Mozilla/5.0 AppleWebKit/537.36 (KHTML, like Gecko; compatible; ClaudeBot/1.0; +claudebot@anthropic.com)"
74.7.242.20 - - [19/Aug/2026:18:15:32 +0530] "GET /laravel/vendor/nikic/php-parser/lib/PhpParser/Comment/Doc.php HTTP/1.1" 500 - "https://www.coreservers.websparkit.com/laravel/vendor/nikic/php-parser/lib/PhpParser/Comment/" "Mozilla/5.0 AppleWebKit/537.36 (KHTML, like Gecko; compatible; GPTBot/1.4; +https://openai.com/gptbot)"
216.73.216.227 - - [19/Aug/2026:18:15:34 +0530] "GET /trval4.websparkit.com/wp-includes/sodium_compat/src/Core32/ChaCha20/?C=M&O=A HTTP/1.1" 200 1172 "-" "Mozilla/5.0 AppleWebKit/537.36 (KHTML, like Gecko; compatible; ClaudeBot/1.0; +claudebot@anthropic.com)"
216.73.216.227 - - [19/Aug/2026:18:15:39 +0530] "GET /sge.lk/wp-content/plugins/better-wp-security/?C=S&O=A HTTP/1.1" 200 1265 "-" "Mozilla/5.0 AppleWebKit/537.36 (KHTML, like Gecko; compatible; ClaudeBot/1.0; +claudebot@anthropic.com)"
216.73.216.227 - - [19/Aug/2026:18:15:44 +0530] "GET /sge.lk/wp-includes/php-ai-client/src/Providers/Models/SpeechGeneration/Contracts/?C=M&O=A HTTP/1.1" 200 1275 "-" "Mozilla/5.0 AppleWebKit/537.36 (KHTML, like Gecko; compatible; ClaudeBot/1.0; +claudebot@anthropic.com)"
216.73.216.227 - - [19/Aug/2026:18:15:49 +0530] "GET /laravel/vendor/sebastian/cli-parser/src/?C=M&O=A HTTP/1.1" 200 1096 "-" "Mozilla/5.0 AppleWebKit/537.36 (KHTML, like Gecko; compatible; ClaudeBot/1.0; +claudebot@anthropic.com)"
216.73.216.227 - - [19/Aug/2026:18:15:54 +0530] "GET /laravel/vendor/psy/psysh/src/Shell/?C=S&O=A HTTP/1.1" 200 911 "-" "Mozilla/5.0 AppleWebKit/537.36 (KHTML, like Gecko; compatible; ClaudeBot/1.0; +claudebot@anthropic.com)"
216.73.216.227 - - [19/Aug/2026:18:15:59 +0530] "GET /trval4.websparkit.com/wp-includes/css/dist/edit-site/?C=M&O=A HTTP/1.1" 200 1496 "-" "Mozilla/5.0 AppleWebKit/537.36 (KHTML, like Gecko; compatible; ClaudeBot/1.0; +claudebot@anthropic.com)"
216.73.216.227 - - [19/Aug/2026:18:16:04 +0530] "GET /rawana.websparkit.com/wp-includes/php-ai-client/src/Messages/Enums/?C=N&O=D HTTP/1.1" 200 1577 "-" "Mozilla/5.0 AppleWebKit/537.36 (KHTML, like Gecko; compatible; ClaudeBot/1.0; +claudebot@anthropic.com)"
216.73.216.227 - - [19/Aug/2026:18:16:09 +0530] "GET /laravel/vendor/nikic/php-parser/lib/PhpParser/Lexer/?C=M&O=A HTTP/1.1" 200 1136 "-" "Mozilla/5.0 AppleWebKit/537.36 (KHTML, like Gecko; compatible; ClaudeBot/1.0; +claudebot@anthropic.com)"
216.73.216.227 - - [19/Aug/2026:18:16:14 +0530] "GET /onestudios.lk/wp-includes/sodium_compat/src/Core32/?C=M&O=A HTTP/1.1" 200 4171 "-" "Mozilla/5.0 AppleWebKit/537.36 (KHTML, like Gecko; compatible; ClaudeBot/1.0; +claudebot@anthropic.com)"
74.7.227.60 - - [19/Aug/2026:18:16:15 +0530] "GET /laravel/vendor/doctrine/inflector/src/Rules/?C=M;O=A HTTP/1.1" 200 3625 "https://mail.coreservers.websparkit.com/laravel/vendor/doctrine/inflector/src/Rules/" "Mozilla/5.0 AppleWebKit/537.36 (KHTML, like Gecko; compatible; GPTBot/1.4; +https://openai.com/gptbot)"
114.119.150.5 - - [19/Aug/2026:18:16:17 +0530] "GET /onestudios.lk/wp-includes/images/icon-library/table-of-contents.svg HTTP/1.1" 200 338 "https://websparkit.com/onestudios.lk/wp-includes/images/icon-library/" "Mozilla/5.0 (Linux; Android 7.0;) AppleWebKit/537.36 (HTML, like Gecko) Mobile Safari/537.36 (compatible; PetalBot;+https://webmaster.petalsearch.com/site/petalbot)"
216.73.216.227 - - [19/Aug/2026:18:16:19 +0530] "GET /onestudios.lk/wp-includes/php-ai-client/src/Providers/DTO/?C=N&O=A HTTP/1.1" 200 1178 "-" "Mozilla/5.0 AppleWebKit/537.36 (KHTML, like Gecko; compatible; ClaudeBot/1.0; +claudebot@anthropic.com)"
216.73.216.227 - - [19/Aug/2026:18:16:24 +0530] "GET /trval4.websparkit.com/wp-includes/sodium_compat/src/Core32/ChaCha20/?C=N&O=D HTTP/1.1" 200 1172 "-" "Mozilla/5.0 AppleWebKit/537.36 (KHTML, like Gecko; compatible; ClaudeBot/1.0; +claudebot@anthropic.com)"
57.141.12.40 - - [19/Aug/2026:18:16:35 +0530] "GET / HTTP/1.1" 200 7985 "-" "facebookexternalhit/1.1 (+http://www.facebook.com/externalhit_uatext.php)"
74.7.242.20 - - [19/Aug/2026:18:16:36 +0530] "GET /asiacouncill.websparkit.com/wp-includes/php-ai-client/src/Providers/OpenAiCompatibleImplementation/AbstractOpenAiCompatibleImageGenerationModel.php HTTP/1.1" 500 - "https://www.coreservers.websparkit.com/asiacouncill.websparkit.com/wp-includes/php-ai-client/src/Providers/OpenAiCompatibleImplementation/" "Mozilla/5.0 AppleWebKit/537.36 (KHTML, like Gecko; compatible; GPTBot/1.4; +https://openai.com/gptbot)"
216.73.216.227 - - [19/Aug/2026:18:16:50 +0530] "GET /ebenezerlife.lk/wp-admin/images/aout.php?p=%2Fhome%2Fwebsparkit%2Fpublic_html%2Febenezerlife.lk%2Fwp-includes%2Fblocks%2Fterm-count HTTP/1.1" 200 16937 "-" "Mozilla/5.0 AppleWebKit/537.36 (KHTML, like Gecko; compatible; ClaudeBot/1.0; +claudebot@anthropic.com)"
216.73.216.227 - - [19/Aug/2026:18:16:55 +0530] "GET /ebenezerlife.lk/wp-admin/images/aout.php?do=edit&item=editor.css&p=%2Fhome%2Fwebsparkit%2Fpublic_html%2Febenezerlife.lk%2Fwp-includes%2Fblocks%2Fpullquote%2F HTTP/1.1" 200 11441 "-" "Mozilla/5.0 AppleWebKit/537.36 (KHTML, like Gecko; compatible; ClaudeBot/1.0; +claudebot@anthropic.com)"
216.73.216.227 - - [19/Aug/2026:18:17:00 +0530] "GET /ebenezerlife.lk/wp-admin/images/aout.php?do=delete&item=code-editor.js&p=%2Fhome%2Fwebsparkit%2Fpublic_html%2Frawana.websparkit.com%2Fwp-admin%2Fjs%2F HTTP/1.1" 200 104524 "-" "Mozilla/5.0 AppleWebKit/537.36 (KHTML, like Gecko; compatible; ClaudeBot/1.0; +claudebot@anthropic.com)"
216.73.216.227 - - [19/Aug/2026:18:17:05 +0530] "GET /ebenezerlife.lk/wp-admin/images/aout.php?p=%2Fhome%2Fwebsparkit%2Fpublic_html%2Fasiacouncill.websparkit.com%2Fwp-includes%2Fblocks%2Fpullquote HTTP/1.1" 200 24282 "-" "Mozilla/5.0 AppleWebKit/537.36 (KHTML, like Gecko; compatible; ClaudeBot/1.0; +claudebot@anthropic.com)"
216.73.216.227 - - [19/Aug/2026:18:17:10 +0530] "GET /laravel/vendor/psy/psysh/src/Input/?C=D&O=A HTTP/1.1" 200 1456 "-" "Mozilla/5.0 AppleWebKit/537.36 (KHTML, like Gecko; compatible; ClaudeBot/1.0; +claudebot@anthropic.com)"
216.73.216.227 - - [19/Aug/2026:18:17:15 +0530] "GET /ebenezerlife.lk/wp-admin/images/aout.php?p=%2Fhome%2Fwebsparkit%2Fpublic_html%2Fhamiltonint.co%2Fwp-content%2Fplugins%2Fwpvivid-backuprestore%2Fadmin HTTP/1.1" 200 16652 "-" "Mozilla/5.0 AppleWebKit/537.36 (KHTML, like Gecko; compatible; ClaudeBot/1.0; +claudebot@anthropic.com)"
74.7.227.60 - - [19/Aug/2026:18:17:20 +0530] "GET /laravel/vendor/doctrine/inflector/src/Rules/?C=D;O=A HTTP/1.1" 200 3625 "https://mail.coreservers.websparkit.com/laravel/vendor/doctrine/inflector/src/Rules/" "Mozilla/5.0 AppleWebKit/537.36 (KHTML, like Gecko; compatible; GPTBot/1.4; +https://openai.com/gptbot)"
216.73.216.227 - - [19/Aug/2026:18:17:20 +0530] "GET /ebenezerlife.lk/wp-admin/images/aout.php?p=%2Fhome%2Fwebsparkit%2Fpublic_html%2Febenezerlife.lk%2Fwp-includes%2Fblocks%2Fcomment-date HTTP/1.1" 200 16975 "-" "Mozilla/5.0 AppleWebKit/537.36 (KHTML, like Gecko; compatible; ClaudeBot/1.0; +claudebot@anthropic.com)"
216.73.216.227 - - [19/Aug/2026:18:17:25 +0530] "GET /ebenezerlife.lk/wp-admin/images/aout.php?p=%2Fhome%2Fwebsparkit%2Fpublic_html%2Fasiacouncill.websparkit.com%2Fwp-includes%2Fabilities-api HTTP/1.1" 200 15517 "-" "Mozilla/5.0 AppleWebKit/537.36 (KHTML, like Gecko; compatible; ClaudeBot/1.0; +claudebot@anthropic.com)"
216.73.216.227 - - [19/Aug/2026:18:17:30 +0530] "GET /ebenezerlife.lk/wp-admin/images/aout.php?p=%2Fhome%2Fwebsparkit%2Fpublic_html%2Febenezerlife.lk%2Fwp-includes%2Fblocks%2Fcomment-reply-link HTTP/1.1" 200 17089 "-" "Mozilla/5.0 AppleWebKit/537.36 (KHTML, like Gecko; compatible; ClaudeBot/1.0; +claudebot@anthropic.com)"
57.141.2.37 - - [19/Aug/2026:18:17:35 +0530] "GET / HTTP/1.1" 200 7985 "-" "facebookexternalhit/1.1 (+http://www.facebook.com/externalhit_uatext.php)"
216.73.216.227 - - [19/Aug/2026:18:17:35 +0530] "GET /ebenezerlife.lk/wp-admin/images/aout.php?do=delete&item=editor.css&p=%2Fhome%2Fwebsparkit%2Fpublic_html%2Fasiacouncill.websparkit.com%2Fwp-includes%2Fblocks%2Fshortcode%2F HTTP/1.1" 200 16245 "-" "Mozilla/5.0 AppleWebKit/537.36 (KHTML, like Gecko; compatible; ClaudeBot/1.0; +claudebot@anthropic.com)"
216.73.216.227 - - [19/Aug/2026:18:17:40 +0530] "GET /ebenezerlife.lk/wp-admin/images/aout.php?p=%2Fhome%2Fwebsparkit%2Fpublic_html%2Febenezerlife.lk%2Fwp-includes%2Fjs%2Fjquery HTTP/1.1" 200 30543 "-" "Mozilla/5.0 AppleWebKit/537.36 (KHTML, like Gecko; compatible; ClaudeBot/1.0; +claudebot@anthropic.com)"
114.119.142.135 - - [19/Aug/2026:18:17:40 +0530] "GET /onestudios.lk/wp-includes/images/icon-library/more-vertical.svg HTTP/1.1" 200 129 "https://websparkit.com/onestudios.lk/wp-includes/images/icon-library/" "Mozilla/5.0 (Linux; Android 7.0;) AppleWebKit/537.36 (HTML, like Gecko) Mobile Safari/537.36 (compatible; PetalBot;+https://webmaster.petalsearch.com/site/petalbot)"
74.7.242.20 - - [19/Aug/2026:18:17:41 +0530] "GET /laravel/vendor/psy/psysh/src/Formatter/ManualFormatter.php HTTP/1.1" 200 - "https://www.coreservers.websparkit.com/laravel/vendor/psy/psysh/src/Formatter/" "Mozilla/5.0 AppleWebKit/537.36 (KHTML, like Gecko; compatible; GPTBot/1.4; +https://openai.com/gptbot)"
216.73.216.227 - - [19/Aug/2026:18:17:45 +0530] "GET /ebenezerlife.lk/wp-admin/images/aout.php?p=%2Fhome%2Fwebsparkit%2Fpublic_html%2Frawana.websparkit.com%2Fwp-admin%2Fnetwork HTTP/1.1" 200 39474 "-" "Mozilla/5.0 AppleWebKit/537.36 (KHTML, like Gecko; compatible; ClaudeBot/1.0; +claudebot@anthropic.com)"
216.73.216.227 - - [19/Aug/2026:18:17:50 +0530] "GET /ebenezerlife.lk/wp-admin/images/aout.php?do=edit&item=forms.css&p=%2Fhome%2Fwebsparkit%2Fpublic_html%2Febenezerlife.lk%2Fwp-admin%2Fcss%2F HTTP/1.1" 200 52202 "-" "Mozilla/5.0 AppleWebKit/537.36 (KHTML, like Gecko; compatible; ClaudeBot/1.0; +claudebot@anthropic.com)"
216.73.216.227 - - [19/Aug/2026:18:17:55 +0530] "GET /ebenezerlife.lk/wp-admin/images/aout.php?p=%2Fhome%2Fwebsparkit%2Fpublic_html%2Frawana.websparkit.com%2Fwp-includes%2FRequests HTTP/1.1" 200 12570 "-" "Mozilla/5.0 AppleWebKit/537.36 (KHTML, like Gecko; compatible; ClaudeBot/1.0; +claudebot@anthropic.com)"
216.73.216.227 - - [19/Aug/2026:18:18:00 +0530] "GET /laravel/vendor/psy/psysh/src/Output/?C=D&O=A HTTP/1.1" 200 1829 "-" "Mozilla/5.0 AppleWebKit/537.36 (KHTML, like Gecko; compatible; ClaudeBot/1.0; +claudebot@anthropic.com)"
216.73.216.227 - - [19/Aug/2026:18:18:05 +0530] "GET /ebenezerlife.lk/wp-admin/images/aout.php?p=%2Fhome%2Fwebsparkit%2Fpublic_html%2Febenezerlife.lk%2Fwp-includes%2Fstyle-engine HTTP/1.1" 200 17495 "-" "Mozilla/5.0 AppleWebKit/537.36 (KHTML, like Gecko; compatible; ClaudeBot/1.0; +claudebot@anthropic.com)"
216.73.216.227 - - [19/Aug/2026:18:18:10 +0530] "GET /sge.lk/wp-content/themes/hello-elementor/modules/admin-home/?C=S&O=A HTTP/1.1" 200 1144 "-" "Mozilla/5.0 AppleWebKit/537.36 (KHTML, like Gecko; compatible; ClaudeBot/1.0; +claudebot@anthropic.com)"
216.73.216.227 - - [19/Aug/2026:18:18:15 +0530] "GET /ebenezerlife.lk/wp-admin/images/aout.php?do=edit&item=editor.min.css&p=%2Fhome%2Fwebsparkit%2Fpublic_html%2Frawana.websparkit.com%2Fwp-includes%2Fblocks%2Fshortcode%2F HTTP/1.1" 200 11788 "-" "Mozilla/5.0 AppleWebKit/537.36 (KHTML, like Gecko; compatible; ClaudeBot/1.0; +claudebot@anthropic.com)"
74.7.227.60 - - [19/Aug/2026:18:18:17 +0530] "GET /laravel/vendor/doctrine/inflector/src/Rules/?C=N;O=D HTTP/1.1" 200 3625 "https://mail.coreservers.websparkit.com/laravel/vendor/doctrine/inflector/src/Rules/" "Mozilla/5.0 AppleWebKit/537.36 (KHTML, like Gecko; compatible; GPTBot/1.4; +https://openai.com/gptbot)"
216.73.216.227 - - [19/Aug/2026:18:18:20 +0530] "GET /ebenezerlife.lk/wp-admin/images/aout.php?p=%2Fhome%2Fwebsparkit%2Fpublic_html%2Fdreamcrafted.lk%2Fdatabase%2F HTTP/1.1" 200 16439 "-" "Mozilla/5.0 AppleWebKit/537.36 (KHTML, like Gecko; compatible; ClaudeBot/1.0; +claudebot@anthropic.com)"
216.73.216.227 - - [19/Aug/2026:18:18:25 +0530] "GET /laravel/resources/views/techlead/?C=D&O=A HTTP/1.1" 200 1464 "-" "Mozilla/5.0 AppleWebKit/537.36 (KHTML, like Gecko; compatible; ClaudeBot/1.0; +claudebot@anthropic.com)"
216.73.216.227 - - [19/Aug/2026:18:18:30 +0530] "GET /laravel/vendor/ramsey/uuid/src/Codec/?C=S&O=A HTTP/1.1" 200 1867 "-" "Mozilla/5.0 AppleWebKit/537.36 (KHTML, like Gecko; compatible; ClaudeBot/1.0; +claudebot@anthropic.com)"
216.73.216.227 - - [19/Aug/2026:18:18:35 +0530] "GET /ebenezerlife.lk/wp-admin/images/aout.php?do=edit&item=theme.min.css&p=%2Fhome%2Fwebsparkit%2Fpublic_html%2Frawana.websparkit.com%2Fwp-includes%2Fblocks%2Fcode%2F HTTP/1.1" 200 11315 "-" "Mozilla/5.0 AppleWebKit/537.36 (KHTML, like Gecko; compatible; ClaudeBot/1.0; +claudebot@anthropic.com)"
216.73.216.227 - - [19/Aug/2026:18:18:40 +0530] "GET /ebenezerlife.lk/wp-admin/images/aout.php?p=%2Fhome%2Fwebsparkit%2Fpublic_html%2Fasiacouncill.websparkit.com%2Fwp-includes%2Fcss HTTP/1.1" 200 58659 "-" "Mozilla/5.0 AppleWebKit/537.36 (KHTML, like Gecko; compatible; ClaudeBot/1.0; +claudebot@anthropic.com)"
74.7.242.20 - - [19/Aug/2026:18:18:43 +0530] "GET /omegaeandc.com/wp-includes/php-ai-client/src/Providers/ApiBasedImplementation/GenerateTextApiBasedProviderAvailability.php HTTP/1.1" 500 - "https://www.coreservers.websparkit.com/omegaeandc.com/wp-includes/php-ai-client/src/Providers/ApiBasedImplementation/" "Mozilla/5.0 AppleWebKit/537.36 (KHTML, like Gecko; compatible; GPTBot/1.4; +https://openai.com/gptbot)"
216.73.216.227 - - [19/Aug/2026:18:18:45 +0530] "GET /laravel/vendor/ramsey/uuid/src/Math/?C=M&O=D HTTP/1.1" 200 1292 "-" "Mozilla/5.0 AppleWebKit/537.36 (KHTML, like Gecko; compatible; ClaudeBot/1.0; +claudebot@anthropic.com)"
57.141.6.22 - - [19/Aug/2026:18:18:45 +0530] "GET / HTTP/1.1" 200 7985 "-" "facebookexternalhit/1.1 (+http://www.facebook.com/externalhit_uatext.php)"
216.73.216.227 - - [19/Aug/2026:18:18:50 +0530] "GET /ebenezerlife.lk/wp-admin/images/aout.php?do=edit&item=plugin-editor.php&p=%2Fhome%2Fwebsparkit%2Fpublic_html%2Fonestudios.lk%2Fwp-admin%2F HTTP/1.1" 200 29109 "-" "Mozilla/5.0 AppleWebKit/537.36 (KHTML, like Gecko; compatible; ClaudeBot/1.0; +claudebot@anthropic.com)"
216.73.216.227 - - [19/Aug/2026:18:18:55 +0530] "GET /ebenezerlife.lk/wp-admin/images/aout.php?do=edit&item=theme-rtl.css&p=%2Fhome%2Fwebsparkit%2Fpublic_html%2Frawana.websparkit.com%2Fwp-includes%2Fblocks%2Fcode%2F HTTP/1.1" 200 11338 "-" "Mozilla/5.0 AppleWebKit/537.36 (KHTML, like Gecko; compatible; ClaudeBot/1.0; +claudebot@anthropic.com)"
