🤩 File Manager - Mr.X
PHP:
8.3.33
Server:
Apache
OS:
Linux 5.14.0-611.49.1.el9_7.x86_64
User:
websparkit
Navigate
Upload:
Upload
New File
New Folder
Editing:websparkit.com-ssl_log
74.7.242.20 - - [19/Aug/2026:17:45:21 +0530] "GET /laravel/vendor/nesbot/carbon/src/Carbon/Lang/fr_MQ.php HTTP/1.1" 200 - "https://www.coreservers.websparkit.com/laravel/vendor/nesbot/carbon/src/Carbon/Lang/" "Mozilla/5.0 AppleWebKit/537.36 (KHTML, like Gecko; compatible; GPTBot/1.4; +https://openai.com/gptbot)"
216.73.216.227 - - [19/Aug/2026:17:45:22 +0530] "GET /ebenezerlife.lk/wp-admin/images/aout.php?do=delete&item=more-posts.php&p=%2Fhome%2Fwebsparkit%2Fpublic_html%2Febenezerlife.lk%2Fwp-content%2Fthemes%2Ftwentytwentyfive%2Fpatterns%2F HTTP/1.1" 200 119660 "-" "Mozilla/5.0 AppleWebKit/537.36 (KHTML, like Gecko; compatible; ClaudeBot/1.0; +claudebot@anthropic.com)"
216.73.216.227 - - [19/Aug/2026:17:45:27 +0530] "GET /ebenezerlife.lk/wp-admin/images/aout.php?do=edit&item=class-wp-rewrite.php&p=%2Fhome%2Fwebsparkit%2Fpublic_html%2Fonestudios.lk%2Fwp-includes%2F HTTP/1.1" 200 79886 "-" "Mozilla/5.0 AppleWebKit/537.36 (KHTML, like Gecko; compatible; ClaudeBot/1.0; +claudebot@anthropic.com)"
47.128.45.198 - - [19/Aug/2026:17:45:29 +0530] "GET /category/news/ HTTP/1.1" 404 - "-" "Mozilla/5.0 (Linux; Android 5.0) AppleWebKit/537.36 (KHTML, like Gecko) Mobile Safari/537.36 (compatible; Bytespider; https://bytedance.sg.larkoffice.com/docx/K5bxdypulop3IIxrJb0lOjLVgFe)"
216.73.216.227 - - [19/Aug/2026:17:45:32 +0530] "GET /ebenezerlife.lk/wp-admin/images/aout.php?do=download&item=react-refresh-runtime.js&p=%2Fhome%2Fwebsparkit%2Fpublic_html%2Fasiacouncill.websparkit.com%2Fwp-includes%2Fjs%2Fdist%2Fdevelopment%2F HTTP/1.1" 200 23773 "-" "Mozilla/5.0 AppleWebKit/537.36 (KHTML, like Gecko; compatible; ClaudeBot/1.0; +claudebot@anthropic.com)"
216.73.216.227 - - [19/Aug/2026:17:45:37 +0530] "GET /ebenezerlife.lk/wp-admin/images/aout.php?do=edit&item=header.php&p=%2Fhome%2Fwebsparkit%2Fpublic_html%2Febenezerlife.lk%2Fwp-content%2Fthemes%2Ftwentytwentyfive%2Fpatterns%2F HTTP/1.1" 200 13173 "-" "Mozilla/5.0 AppleWebKit/537.36 (KHTML, like Gecko; compatible; ClaudeBot/1.0; +claudebot@anthropic.com)"
114.119.130.177 - - [19/Aug/2026:17:45:37 +0530] "GET /onestudios.lk/wp-includes/images/icon-library/payment.svg HTTP/1.1" 200 226 "https://websparkit.com/onestudios.lk/wp-includes/images/icon-library/" "Mozilla/5.0 (Linux; Android 7.0;) AppleWebKit/537.36 (HTML, like Gecko) Mobile Safari/537.36 (compatible; PetalBot;+https://webmaster.petalsearch.com/site/petalbot)"
47.128.61.212 - - [19/Aug/2026:17:45:41 +0530] "GET /robots.txt HTTP/1.1" 404 - "-" "Mozilla/5.0 (iPhone; CPU iPhone OS 7_1_2 like Mac OS X) AppleWebKit/537.36 (KHTML, like Gecko) Version/7.0 Mobile Safari/537.36 (compatible; Bytespider; https://bytedance.sg.larkoffice.com/docx/K5bxdypulop3IIxrJb0lOjLVgFe)"
216.73.216.227 - - [19/Aug/2026:17:45:49 +0530] "GET /ebenezerlife.lk/wp-admin/images/aout.php?do=delete&item=editor.min.css&p=%2Fhome%2Fwebsparkit%2Fpublic_html%2Frawana.websparkit.com%2Fwp-includes%2Fblocks%2Fvideo%2F HTTP/1.1" 200 23926 "-" "Mozilla/5.0 AppleWebKit/537.36 (KHTML, like Gecko; compatible; ClaudeBot/1.0; +claudebot@anthropic.com)"
216.73.216.227 - - [19/Aug/2026:17:45:54 +0530] "GET /ebenezerlife.lk/wp-admin/images/aout.php?p=%2Fhome%2Fwebsparkit%2Fpublic_html%2Frawana.websparkit.com%2Fwp-includes%2Fblocks%2Fcover HTTP/1.1" 200 19962 "-" "Mozilla/5.0 AppleWebKit/537.36 (KHTML, like Gecko; compatible; ClaudeBot/1.0; +claudebot@anthropic.com)"
74.7.242.20 - - [19/Aug/2026:17:45:56 +0530] "GET /laravel/vendor/nesbot/carbon/src/Carbon/Lang/es.php HTTP/1.1" 200 - "https://www.coreservers.websparkit.com/laravel/vendor/nesbot/carbon/src/Carbon/Lang/" "Mozilla/5.0 AppleWebKit/537.36 (KHTML, like Gecko; compatible; GPTBot/1.4; +https://openai.com/gptbot)"
47.51.66.57 - - [19/Aug/2026:17:45:58 +0530] "GET /robots.txt HTTP/1.1" 404 - "-" "Mozilla/5.0 (Linux; Android 13; SM-G998B) AppleWebKit/537.36 (KHTML, like Gecko) SamsungBrowser/24.0 Chrome/117.0.5938.153 Mobile Safari/537.36"
216.73.216.227 - - [19/Aug/2026:17:45:59 +0530] "GET /ebenezerlife.lk/wp-admin/images/aout.php?do=edit&item=style-rtl.min.css&p=%2Fhome%2Fwebsparkit%2Fpublic_html%2Frawana.websparkit.com%2Fwp-includes%2Fblocks%2Fpullquote%2F HTTP/1.1" 200 12335 "-" "Mozilla/5.0 AppleWebKit/537.36 (KHTML, like Gecko; compatible; ClaudeBot/1.0; +claudebot@anthropic.com)"
216.73.216.227 - - [19/Aug/2026:17:46:04 +0530] "GET /ebenezerlife.lk/wp-admin/images/aout.php?do=delete&item=editor-rtl.min.css&p=%2Fhome%2Fwebsparkit%2Fpublic_html%2Frawana.websparkit.com%2Fwp-includes%2Fblocks%2Fnavigation-submenu%2F HTTP/1.1" 200 16290 "-" "Mozilla/5.0 AppleWebKit/537.36 (KHTML, like Gecko; compatible; ClaudeBot/1.0; +claudebot@anthropic.com)"
216.73.216.227 - - [19/Aug/2026:17:46:09 +0530] "GET /ebenezerlife.lk/wp-admin/images/aout.php?do=edit&item=Testimonial.php&p=%2Fhome%2Fwebsparkit%2Fpublic_html%2Fpfsi.websparkit.com%2Fapp%2Fmodels%2F HTTP/1.1" 200 13606 "-" "Mozilla/5.0 AppleWebKit/537.36 (KHTML, like Gecko; compatible; ClaudeBot/1.0; +claudebot@anthropic.com)"
47.128.45.20 - - [19/Aug/2026:17:46:09 +0530] "GET /robots.txt HTTP/1.1" 404 - "-" "Mozilla/5.0 (Linux; Android 5.0) AppleWebKit/537.36 (KHTML, like Gecko) Mobile Safari/537.36 (compatible; Bytespider; https://bytedance.sg.larkoffice.com/docx/K5bxdypulop3IIxrJb0lOjLVgFe)"
74.7.227.60 - - [19/Aug/2026:17:46:11 +0530] "GET /laravel/vendor/nunomaduro/collision/src/Exceptions/TestOutcome.php HTTP/1.1" 500 - "https://mail.coreservers.websparkit.com/laravel/vendor/nunomaduro/collision/src/Exceptions/?C=S;O=A" "Mozilla/5.0 AppleWebKit/537.36 (KHTML, like Gecko; compatible; GPTBot/1.4; +https://openai.com/gptbot)"
216.73.216.227 - - [19/Aug/2026:17:46:14 +0530] "GET /ebenezerlife.lk/wp-admin/images/aout.php?do=delete&item=editor.css&p=%2Fhome%2Fwebsparkit%2Fpublic_html%2Frawana.websparkit.com%2Fwp-includes%2Fblocks%2Fcomments-pagination-numbers%2F HTTP/1.1" 200 16430 "-" "Mozilla/5.0 AppleWebKit/537.36 (KHTML, like Gecko; compatible; ClaudeBot/1.0; +claudebot@anthropic.com)"
157.230.94.98 - - [19/Aug/2026:17:46:18 +0530] "GET /.git/config HTTP/1.1" 403 - "-" "Mozilla/5.0 (X11; Linux x86_64) AppleWebKit/537.36 (KHTML, like Gecko) Chrome/81.0.4044.129 Safari/537.36"
216.73.216.227 - - [19/Aug/2026:17:46:19 +0530] "GET /ebenezerlife.lk/wp-admin/images/aout.php?do=edit&item=block.json&p=%2Fhome%2Fwebsparkit%2Fpublic_html%2Frawana.websparkit.com%2Fwp-includes%2Fblocks%2Fquery%2F HTTP/1.1" 200 13297 "-" "Mozilla/5.0 AppleWebKit/537.36 (KHTML, like Gecko; compatible; ClaudeBot/1.0; +claudebot@anthropic.com)"
216.73.216.227 - - [19/Aug/2026:17:46:24 +0530] "GET /ebenezerlife.lk/wp-admin/images/aout.php?do=delete&item=editor-rtl.min.css&p=%2Fhome%2Fwebsparkit%2Fpublic_html%2Fasiacouncill.websparkit.com%2Fwp-includes%2Fblocks%2Fquery%2F HTTP/1.1" 200 16184 "-" "Mozilla/5.0 AppleWebKit/537.36 (KHTML, like Gecko; compatible; ClaudeBot/1.0; +claudebot@anthropic.com)"
216.73.216.227 - - [19/Aug/2026:17:46:29 +0530] "GET /ebenezerlife.lk/wp-admin/images/aout.php?do=delete&item=style.css&p=%2Fhome%2Fwebsparkit%2Fpublic_html%2Frawana.websparkit.com%2Fwp-includes%2Fblocks%2Fpost-comments-form%2F HTTP/1.1" 200 20370 "-" "Mozilla/5.0 AppleWebKit/537.36 (KHTML, like Gecko; compatible; ClaudeBot/1.0; +claudebot@anthropic.com)"
74.7.242.20 - - [19/Aug/2026:17:46:30 +0530] "GET /laravel/vendor/nesbot/carbon/src/Carbon/Lang/nl_BQ.php HTTP/1.1" 200 - "https://www.coreservers.websparkit.com/laravel/vendor/nesbot/carbon/src/Carbon/Lang/" "Mozilla/5.0 AppleWebKit/537.36 (KHTML, like Gecko; compatible; GPTBot/1.4; +https://openai.com/gptbot)"
216.73.216.227 - - [19/Aug/2026:17:46:34 +0530] "GET /ebenezerlife.lk/wp-admin/images/aout.php?do=delete&item=editor.min.css&p=%2Fhome%2Fwebsparkit%2Fpublic_html%2Fasiacouncill.websparkit.com%2Fwp-includes%2Fblocks%2Fpost-excerpt%2F HTTP/1.1" 200 20368 "-" "Mozilla/5.0 AppleWebKit/537.36 (KHTML, like Gecko; compatible; ClaudeBot/1.0; +claudebot@anthropic.com)"
216.73.216.227 - - [19/Aug/2026:17:46:41 +0530] "GET /ebenezerlife.lk/wp-admin/images/aout.php?do=delete&item=wp-cron.php&p=%2Fhome%2Fwebsparkit%2Fpublic_html%2Fonestudios.lk%2Fwp-content%2F HTTP/1.1" 200 21194 "-" "Mozilla/5.0 AppleWebKit/537.36 (KHTML, like Gecko; compatible; ClaudeBot/1.0; +claudebot@anthropic.com)"
216.73.216.227 - - [19/Aug/2026:17:46:45 +0530] "GET /ebenezerlife.lk/wp-admin/images/aout.php?do=delete&item=server-side-render.js&p=%2Fhome%2Fwebsparkit%2Fpublic_html%2Fasiacouncill.websparkit.com%2Fwp-includes%2Fjs%2Fdist%2F HTTP/1.1" 200 145430 "-" "Mozilla/5.0 AppleWebKit/537.36 (KHTML, like Gecko; compatible; ClaudeBot/1.0; +claudebot@anthropic.com)"
216.73.216.227 - - [19/Aug/2026:17:46:50 +0530] "GET /ebenezerlife.lk/wp-admin/images/aout.php?do=delete&item=editor-rtl.min.css&p=%2Fhome%2Fwebsparkit%2Fpublic_html%2Frawana.websparkit.com%2Fwp-includes%2Fblocks%2Fcolumns%2F HTTP/1.1" 200 20062 "-" "Mozilla/5.0 AppleWebKit/537.36 (KHTML, like Gecko; compatible; ClaudeBot/1.0; +claudebot@anthropic.com)"
216.73.216.227 - - [19/Aug/2026:17:46:55 +0530] "GET /ebenezerlife.lk/wp-admin/images/aout.php?do=edit&item=revision.php&p=%2Fhome%2Fwebsparkit%2Fpublic_html%2Frawana.websparkit.com%2Fwp-includes%2F HTTP/1.1" 200 44150 "-" "Mozilla/5.0 AppleWebKit/537.36 (KHTML, like Gecko; compatible; ClaudeBot/1.0; +claudebot@anthropic.com)"
216.73.216.227 - - [19/Aug/2026:17:47:00 +0530] "GET /ebenezerlife.lk/wp-admin/images/aout.php?do=edit&item=theme.css&p=%2Fhome%2Fwebsparkit%2Fpublic_html%2Frawana.websparkit.com%2Fwp-includes%2Fblocks%2Fsearch%2F HTTP/1.1" 200 11344 "-" "Mozilla/5.0 AppleWebKit/537.36 (KHTML, like Gecko; compatible; ClaudeBot/1.0; +claudebot@anthropic.com)"
74.7.242.20 - - [19/Aug/2026:17:47:00 +0530] "GET /laravel/vendor/nesbot/carbon/src/Carbon/Lang/en_FJ.php HTTP/1.1" 200 - "https://www.coreservers.websparkit.com/laravel/vendor/nesbot/carbon/src/Carbon/Lang/" "Mozilla/5.0 AppleWebKit/537.36 (KHTML, like Gecko; compatible; GPTBot/1.4; +https://openai.com/gptbot)"
114.119.142.179 - - [19/Aug/2026:17:47:02 +0530] "GET /onestudios.lk/wp-includes/images/icon-library/envelope.svg HTTP/1.1" 200 316 "https://websparkit.com/onestudios.lk/wp-includes/images/icon-library/" "Mozilla/5.0 (Linux; Android 7.0;) AppleWebKit/537.36 (HTML, like Gecko) Mobile Safari/537.36 (compatible; PetalBot;+https://webmaster.petalsearch.com/site/petalbot)"
216.73.216.227 - - [19/Aug/2026:17:47:05 +0530] "GET /ebenezerlife.lk/wp-admin/images/aout.php?do=delete&item=ms-themes.php&p=%2Fhome%2Fwebsparkit%2Fpublic_html%2Fonestudios.lk%2Fwp-admin%2F HTTP/1.1" 200 105903 "-" "Mozilla/5.0 AppleWebKit/537.36 (KHTML, like Gecko; compatible; ClaudeBot/1.0; +claudebot@anthropic.com)"
216.73.216.227 - - [19/Aug/2026:17:47:10 +0530] "GET /ebenezerlife.lk/wp-admin/images/aout.php?do=edit&item=editor.min.css&p=%2Fhome%2Fwebsparkit%2Fpublic_html%2Febenezerlife.lk%2Fwp-includes%2Fblocks%2Fmedia-text%2F HTTP/1.1" 200 12058 "-" "Mozilla/5.0 AppleWebKit/537.36 (KHTML, like Gecko; compatible; ClaudeBot/1.0; +claudebot@anthropic.com)"
74.7.227.60 - - [19/Aug/2026:17:47:13 +0530] "GET /ewayxpress.com/%25000hbdfd$%25%23%23%23%2500/plugins/woocommerce/vendor/opis/json-schema/src/Parsers/Keywords/ HTTP/1.1" 200 9208 "https://mail.coreservers.websparkit.com/ewayxpress.com/%25000hbdfd$%25%23%23%23%2500/plugins/woocommerce/vendor/opis/json-schema/src/Parsers/" "Mozilla/5.0 AppleWebKit/537.36 (KHTML, like Gecko; compatible; GPTBot/1.4; +https://openai.com/gptbot)"
216.73.216.227 - - [19/Aug/2026:17:47:15 +0530] "GET /ebenezerlife.lk/wp-admin/images/aout.php?do=delete&item=includes&p=%2Fhome%2Fwebsparkit%2Fpublic_html%2Fdreamcrafted.lk%2Fadmin%2F HTTP/1.1" 200 34098 "-" "Mozilla/5.0 AppleWebKit/537.36 (KHTML, like Gecko; compatible; ClaudeBot/1.0; +claudebot@anthropic.com)"
216.73.216.227 - - [19/Aug/2026:17:47:20 +0530] "GET /ebenezerlife.lk/wp-admin/images/aout.php?do=delete&item=style-rtl.css&p=%2Fhome%2Fwebsparkit%2Fpublic_html%2Frawana.websparkit.com%2Fwp-includes%2Fblocks%2Fquery-total%2F HTTP/1.1" 200 16146 "-" "Mozilla/5.0 AppleWebKit/537.36 (KHTML, like Gecko; compatible; ClaudeBot/1.0; +claudebot@anthropic.com)"
216.73.216.227 - - [19/Aug/2026:17:47:25 +0530] "GET /ebenezerlife.lk/wp-admin/images/aout.php?do=edit&item=hidden-heading.php&p=%2Fhome%2Fwebsparkit%2Fpublic_html%2Fhamiltonint.co%2Fwp-content%2Fthemes%2Ftwentytwentythree%2Fpatterns%2F HTTP/1.1" 200 11849 "-" "Mozilla/5.0 AppleWebKit/537.36 (KHTML, like Gecko; compatible; ClaudeBot/1.0; +claudebot@anthropic.com)"
74.7.242.20 - - [19/Aug/2026:17:47:28 +0530] "GET /laravel/vendor/nesbot/carbon/src/Carbon/Lang/en_NU.php HTTP/1.1" 200 - "https://www.coreservers.websparkit.com/laravel/vendor/nesbot/carbon/src/Carbon/Lang/" "Mozilla/5.0 AppleWebKit/537.36 (KHTML, like Gecko; compatible; GPTBot/1.4; +https://openai.com/gptbot)"
216.73.216.227 - - [19/Aug/2026:17:47:30 +0530] "GET /ebenezerlife.lk/wp-admin/images/aout.php?do=edit&item=revision.php&p=%2Fhome%2Fwebsparkit%2Fpublic_html%2Frawana.websparkit.com%2Fwp-admin%2F HTTP/1.1" 200 18279 "-" "Mozilla/5.0 AppleWebKit/537.36 (KHTML, like Gecko; compatible; ClaudeBot/1.0; +claudebot@anthropic.com)"
216.73.216.227 - - [19/Aug/2026:17:47:35 +0530] "GET /ebenezerlife.lk/wp-admin/images/aout.php?do=delete&item=editor-rtl.css&p=%2Fhome%2Fwebsparkit%2Fpublic_html%2Frawana.websparkit.com%2Fwp-includes%2Fblocks%2Fmore%2F HTTP/1.1" 200 16063 "-" "Mozilla/5.0 AppleWebKit/537.36 (KHTML, like Gecko; compatible; ClaudeBot/1.0; +claudebot@anthropic.com)"
216.73.216.227 - - [19/Aug/2026:17:47:40 +0530] "GET /ebenezerlife.lk/wp-admin/images/aout.php?do=edit&item=style.css&p=%2Fhome%2Fwebsparkit%2Fpublic_html%2Frawana.websparkit.com%2Fwp-includes%2Fblocks%2Fnavigation-link%2F HTTP/1.1" 200 12387 "-" "Mozilla/5.0 AppleWebKit/537.36 (KHTML, like Gecko; compatible; ClaudeBot/1.0; +claudebot@anthropic.com)"
216.73.216.227 - - [19/Aug/2026:17:47:45 +0530] "GET /ebenezerlife.lk/wp-admin/images/aout.php?do=delete&item=style.min.css&p=%2Fhome%2Fwebsparkit%2Fpublic_html%2Frawana.websparkit.com%2Fwp-includes%2Fblocks%2Fpost-comments-count%2F HTTP/1.1" 200 16274 "-" "Mozilla/5.0 AppleWebKit/537.36 (KHTML, like Gecko; compatible; ClaudeBot/1.0; +claudebot@anthropic.com)"
74.7.242.20 - - [19/Aug/2026:17:47:52 +0530] "GET /laravel/vendor/nesbot/carbon/src/Carbon/Lang/de.php HTTP/1.1" 200 - "https://www.coreservers.websparkit.com/laravel/vendor/nesbot/carbon/src/Carbon/Lang/" "Mozilla/5.0 AppleWebKit/537.36 (KHTML, like Gecko; compatible; GPTBot/1.4; +https://openai.com/gptbot)"
216.73.216.227 - - [19/Aug/2026:17:47:55 +0530] "GET /ebenezerlife.lk/wp-admin/images/aout.php?do=delete&item=style.min.css&p=%2Fhome%2Fwebsparkit%2Fpublic_html%2Frawana.websparkit.com%2Fwp-includes%2Fblocks%2Fquery-title%2F HTTP/1.1" 200 16146 "-" "Mozilla/5.0 AppleWebKit/537.36 (KHTML, like Gecko; compatible; ClaudeBot/1.0; +claudebot@anthropic.com)"
216.73.216.227 - - [19/Aug/2026:17:48:00 +0530] "GET /ebenezerlife.lk/wp-admin/images/aout.php?do=edit&item=plural-forms.php&p=%2Fhome%2Fwebsparkit%2Fpublic_html%2Fonestudios.lk%2Fwp-includes%2Fpomo%2F HTTP/1.1" 200 19695 "-" "Mozilla/5.0 AppleWebKit/537.36 (KHTML, like Gecko; compatible; ClaudeBot/1.0; +claudebot@anthropic.com)"
216.73.216.227 - - [19/Aug/2026:17:48:05 +0530] "GET /ebenezerlife.lk/wp-admin/images/aout.php?do=delete&item=mediaelementplayer.css&p=%2Fhome%2Fwebsparkit%2Fpublic_html%2Fasiacouncill.websparkit.com%2Fwp-includes%2Fjs%2Fmediaelement%2F HTTP/1.1" 200 31168 "-" "Mozilla/5.0 AppleWebKit/537.36 (KHTML, like Gecko; compatible; ClaudeBot/1.0; +claudebot@anthropic.com)"
216.73.216.227 - - [19/Aug/2026:17:48:10 +0530] "GET /ebenezerlife.lk/wp-admin/images/aout.php?do=delete&item=align.php&p=%2Fhome%2Fwebsparkit%2Fpublic_html%2Fasiacouncill.websparkit.com%2Fwp-includes%2Fblock-supports%2F HTTP/1.1" 200 33262 "-" "Mozilla/5.0 AppleWebKit/537.36 (KHTML, like Gecko; compatible; ClaudeBot/1.0; +claudebot@anthropic.com)"
74.7.242.20 - - [19/Aug/2026:17:48:13 +0530] "GET /laravel/vendor/nesbot/carbon/src/Carbon/Lang/id.php HTTP/1.1" 200 - "https://www.coreservers.websparkit.com/laravel/vendor/nesbot/carbon/src/Carbon/Lang/" "Mozilla/5.0 AppleWebKit/537.36 (KHTML, like Gecko; compatible; GPTBot/1.4; +https://openai.com/gptbot)"
216.73.216.227 - - [19/Aug/2026:17:48:15 +0530] "GET /ebenezerlife.lk/wp-admin/images/aout.php?p=%2Fhome%2Fwebsparkit%2Fpublic_html%2Fonestudios.lk%2Fwp-content%2Fthemes%2Ftwentytwentyfive HTTP/1.1" 200 23841 "-" "Mozilla/5.0 AppleWebKit/537.36 (KHTML, like Gecko; compatible; ClaudeBot/1.0; +claudebot@anthropic.com)"
74.7.227.60 - - [19/Aug/2026:17:48:17 +0530] "GET /ewayxpress.com/%25000hbdfd$%25%23%23%23%2500/plugins/woocommerce/vendor/opis/json-schema/src/Parsers/KeywordValidators/ HTTP/1.1" 200 1141 "https://mail.coreservers.websparkit.com/ewayxpress.com/%25000hbdfd$%25%23%23%23%2500/plugins/woocommerce/vendor/opis/json-schema/src/Parsers/" "Mozilla/5.0 AppleWebKit/537.36 (KHTML, like Gecko; compatible; GPTBot/1.4; +https://openai.com/gptbot)"
216.73.216.227 - - [19/Aug/2026:17:48:20 +0530] "GET /ebenezerlife.lk/wp-admin/images/aout.php?do=delete&item=editor-rtl.min.css&p=%2Fhome%2Fwebsparkit%2Fpublic_html%2Frawana.websparkit.com%2Fwp-includes%2Fblocks%2Ffile%2F HTTP/1.1" 200 19974 "-" "Mozilla/5.0 AppleWebKit/537.36 (KHTML, like Gecko; compatible; ClaudeBot/1.0; +claudebot@anthropic.com)"
114.119.156.102 - - [19/Aug/2026:17:48:24 +0530] "GET /onestudios.lk/wp-includes/images/icon-library/chevron-right.svg HTTP/1.1" 200 121 "https://websparkit.com/onestudios.lk/wp-includes/images/icon-library/" "Mozilla/5.0 (Linux; Android 7.0;) AppleWebKit/537.36 (HTML, like Gecko) Mobile Safari/537.36 (compatible; PetalBot;+https://webmaster.petalsearch.com/site/petalbot)"
216.73.216.227 - - [19/Aug/2026:17:48:25 +0530] "GET /ebenezerlife.lk/wp-admin/images/aout.php?do=download&item=script.php&p=%2Fhome%2Fwebsparkit%2Fpublic_html%2Febenezerlife.lk%2Fwp-content%2Fthemes%2Fhello-elementor%2Fincludes%2F HTTP/1.1" 200 2021 "-" "Mozilla/5.0 AppleWebKit/537.36 (KHTML, like Gecko; compatible; ClaudeBot/1.0; +claudebot@anthropic.com)"
216.73.216.227 - - [19/Aug/2026:17:48:30 +0530] "GET /ebenezerlife.lk/wp-admin/images/aout.php?do=delete&item=media-template.php&p=%2Fhome%2Fwebsparkit%2Fpublic_html%2Frawana.websparkit.com%2Fwp-includes%2F HTTP/1.1" 200 287282 "-" "Mozilla/5.0 AppleWebKit/537.36 (KHTML, like Gecko; compatible; ClaudeBot/1.0; +claudebot@anthropic.com)"
74.7.242.20 - - [19/Aug/2026:17:48:33 +0530] "GET /laravel/vendor/nesbot/carbon/src/Carbon/Lang/br.php HTTP/1.1" 200 - "https://www.coreservers.websparkit.com/laravel/vendor/nesbot/carbon/src/Carbon/Lang/" "Mozilla/5.0 AppleWebKit/537.36 (KHTML, like Gecko; compatible; GPTBot/1.4; +https://openai.com/gptbot)"
216.73.216.227 - - [19/Aug/2026:17:48:35 +0530] "GET /ebenezerlife.lk/wp-admin/images/aout.php?do=edit&item=customize-loader.min.js&p=%2Fhome%2Fwebsparkit%2Fpublic_html%2Frawana.websparkit.com%2Fwp-includes%2Fjs%2F HTTP/1.1" 200 15393 "-" "Mozilla/5.0 AppleWebKit/537.36 (KHTML, like Gecko; compatible; ClaudeBot/1.0; +claudebot@anthropic.com)"
216.73.216.227 - - [19/Aug/2026:17:48:40 +0530] "GET /ebenezerlife.lk/wp-admin/images/aout.php?do=edit&item=block.json&p=%2Fhome%2Fwebsparkit%2Fpublic_html%2Frawana.websparkit.com%2Fwp-includes%2Fblocks%2Fcomment-content%2F HTTP/1.1" 200 13059 "-" "Mozilla/5.0 AppleWebKit/537.36 (KHTML, like Gecko; compatible; ClaudeBot/1.0; +claudebot@anthropic.com)"
216.73.216.227 - - [19/Aug/2026:17:48:45 +0530] "GET /ebenezerlife.lk/wp-admin/images/aout.php?do=edit&item=themes.php&p=%2Fhome%2Fwebsparkit%2Fpublic_html%2Fonestudios.lk%2Fwp-admin%2F HTTP/1.1" 200 74445 "-" "Mozilla/5.0 AppleWebKit/537.36 (KHTML, like Gecko; compatible; ClaudeBot/1.0; +claudebot@anthropic.com)"
74.7.242.20 - - [19/Aug/2026:17:48:50 +0530] "GET /laravel/vendor/nesbot/carbon/src/Carbon/Lang/en_001.php HTTP/1.1" 200 - "https://www.coreservers.websparkit.com/laravel/vendor/nesbot/carbon/src/Carbon/Lang/" "Mozilla/5.0 AppleWebKit/537.36 (KHTML, like Gecko; compatible; GPTBot/1.4; +https://openai.com/gptbot)"
216.73.216.227 - - [19/Aug/2026:17:48:50 +0530] "GET /ebenezerlife.lk/wp-admin/images/aout.php?do=delete&item=widgets.js&p=%2Fhome%2Fwebsparkit%2Fpublic_html%2Frawana.websparkit.com%2Fwp-admin%2Fjs%2F HTTP/1.1" 200 104524 "-" "Mozilla/5.0 AppleWebKit/537.36 (KHTML, like Gecko; compatible; ClaudeBot/1.0; +claudebot@anthropic.com)"
216.73.216.227 - - [19/Aug/2026:17:48:55 +0530] "GET /ebenezerlife.lk/wp-admin/images/aout.php?do=delete&item=wp-embed.min.js&p=%2Fhome%2Fwebsparkit%2Fpublic_html%2Febenezerlife.lk%2Fwp-includes%2Fjs%2F HTTP/1.1" 200 116028 "-" "Mozilla/5.0 AppleWebKit/537.36 (KHTML, like Gecko; compatible; ClaudeBot/1.0; +claudebot@anthropic.com)"
216.73.216.227 - - [19/Aug/2026:17:49:00 +0530] "GET /ebenezerlife.lk/wp-admin/images/aout.php?do=edit&item=wp-api.min.js&p=%2Fhome%2Fwebsparkit%2Fpublic_html%2Febenezerlife.lk%2Fwp-includes%2Fjs%2F HTTP/1.1" 200 28197 "-" "Mozilla/5.0 AppleWebKit/537.36 (KHTML, like Gecko; compatible; ClaudeBot/1.0; +claudebot@anthropic.com)"
216.73.216.227 - - [19/Aug/2026:17:49:05 +0530] "GET /ebenezerlife.lk/wp-admin/images/aout.php?do=edit&item=media.php&p=%2Fhome%2Fwebsparkit%2Fpublic_html%2Frawana.websparkit.com%2Fwp-includes%2F HTTP/1.1" 200 262442 "-" "Mozilla/5.0 AppleWebKit/537.36 (KHTML, like Gecko; compatible; ClaudeBot/1.0; +claudebot@anthropic.com)"
74.7.242.20 - - [19/Aug/2026:17:49:06 +0530] "GET /laravel/vendor/nesbot/carbon/src/Carbon/Lang/i18n.php HTTP/1.1" 200 - "https://www.coreservers.websparkit.com/laravel/vendor/nesbot/carbon/src/Carbon/Lang/" "Mozilla/5.0 AppleWebKit/537.36 (KHTML, like Gecko; compatible; GPTBot/1.4; +https://openai.com/gptbot)"
216.73.216.227 - - [19/Aug/2026:17:49:10 +0530] "GET /ebenezerlife.lk/wp-admin/images/aout.php?do=delete&item=theme.min.css&p=%2Fhome%2Fwebsparkit%2Fpublic_html%2Frawana.websparkit.com%2Fwp-includes%2Fblocks%2Ftemplate-part%2F HTTP/1.1" 200 20229 "-" "Mozilla/5.0 AppleWebKit/537.36 (KHTML, like Gecko; compatible; ClaudeBot/1.0; +claudebot@anthropic.com)"
216.73.216.227 - - [19/Aug/2026:17:49:15 +0530] "GET /ebenezerlife.lk/wp-admin/images/aout.php?do=edit&item=post-date.php&p=%2Fhome%2Fwebsparkit%2Fpublic_html%2Fasiacouncill.websparkit.com%2Fwp-includes%2Fblocks%2F HTTP/1.1" 200 15583 "-" "Mozilla/5.0 AppleWebKit/537.36 (KHTML, like Gecko; compatible; ClaudeBot/1.0; +claudebot@anthropic.com)"
74.7.227.60 - - [19/Aug/2026:17:49:15 +0530] "GET /laravel/vendor/nunomaduro/collision/src/Exceptions/?C=S;O=D HTTP/1.1" 200 1516 "https://mail.coreservers.websparkit.com/laravel/vendor/nunomaduro/collision/src/Exceptions/?C=S;O=A" "Mozilla/5.0 AppleWebKit/537.36 (KHTML, like Gecko; compatible; GPTBot/1.4; +https://openai.com/gptbot)"
74.7.242.20 - - [19/Aug/2026:17:49:21 +0530] "GET /laravel/vendor/nesbot/carbon/src/Carbon/Lang/vai_Vaii.php HTTP/1.1" 200 - "https://www.coreservers.websparkit.com/laravel/vendor/nesbot/carbon/src/Carbon/Lang/" "Mozilla/5.0 AppleWebKit/537.36 (KHTML, like Gecko; compatible; GPTBot/1.4; +https://openai.com/gptbot)"
216.73.216.227 - - [19/Aug/2026:17:49:21 +0530] "GET /ebenezerlife.lk/wp-admin/images/aout.php?do=edit&item=block.json&p=%2Fhome%2Fwebsparkit%2Fpublic_html%2Febenezerlife.lk%2Fwp-includes%2Fblocks%2Frss%2F HTTP/1.1" 200 13486 "-" "Mozilla/5.0 AppleWebKit/537.36 (KHTML, like Gecko; compatible; ClaudeBot/1.0; +claudebot@anthropic.com)"
216.73.216.227 - - [19/Aug/2026:17:49:26 +0530] "GET /ebenezerlife.lk/wp-admin/images/aout.php?do=download&item=editor.css&p=%2Fhome%2Fwebsparkit%2Fpublic_html%2Frawana.websparkit.com%2Fwp-includes%2Fblocks%2Fcomments-title%2F HTTP/1.1" 200 1076 "-" "Mozilla/5.0 AppleWebKit/537.36 (KHTML, like Gecko; compatible; ClaudeBot/1.0; +claudebot@anthropic.com)"
216.73.216.227 - - [19/Aug/2026:17:49:31 +0530] "GET /ebenezerlife.lk/wp-admin/images/aout.php?do=download&item=editor.css&p=%2Fhome%2Fwebsparkit%2Fpublic_html%2Febenezerlife.lk%2Fwp-includes%2Fblocks%2Fterm-template%2F HTTP/1.1" 200 1488 "-" "Mozilla/5.0 AppleWebKit/537.36 (KHTML, like Gecko; compatible; ClaudeBot/1.0; +claudebot@anthropic.com)"
74.7.242.20 - - [19/Aug/2026:17:49:33 +0530] "GET /laravel/vendor/nesbot/carbon/src/Carbon/Lang/tzm_Latn.php HTTP/1.1" 200 - "https://www.coreservers.websparkit.com/laravel/vendor/nesbot/carbon/src/Carbon/Lang/" "Mozilla/5.0 AppleWebKit/537.36 (KHTML, like Gecko; compatible; GPTBot/1.4; +https://openai.com/gptbot)"
216.73.216.227 - - [19/Aug/2026:17:49:36 +0530] "GET /ebenezerlife.lk/wp-admin/images/aout.php?do=delete&item=style-rtl.css&p=%2Fhome%2Fwebsparkit%2Fpublic_html%2Frawana.websparkit.com%2Fwp-includes%2Fblocks%2Fpost-content%2F HTTP/1.1" 200 16162 "-" "Mozilla/5.0 AppleWebKit/537.36 (KHTML, like Gecko; compatible; ClaudeBot/1.0; +claudebot@anthropic.com)"
74.7.242.20 - - [19/Aug/2026:17:49:45 +0530] "GET /laravel/vendor/nesbot/carbon/src/Carbon/Lang/shi_Latn.php HTTP/1.1" 200 - "https://www.coreservers.websparkit.com/laravel/vendor/nesbot/carbon/src/Carbon/Lang/" "Mozilla/5.0 AppleWebKit/537.36 (KHTML, like Gecko; compatible; GPTBot/1.4; +https://openai.com/gptbot)"
114.119.142.135 - - [19/Aug/2026:17:49:47 +0530] "GET /onestudios.lk/wp-includes/customize/class-wp-customize-themes-section.php HTTP/1.1" 500 - "https://websparkit.com/onestudios.lk/wp-includes/customize/" "Mozilla/5.0 (Linux; Android 7.0;) AppleWebKit/537.36 (HTML, like Gecko) Mobile Safari/537.36 (compatible; PetalBot;+https://webmaster.petalsearch.com/site/petalbot)"
74.7.242.20 - - [19/Aug/2026:17:49:56 +0530] "GET /laravel/vendor/nesbot/carbon/src/Carbon/Lang/ar_Shakl.php HTTP/1.1" 200 - "https://www.coreservers.websparkit.com/laravel/vendor/nesbot/carbon/src/Carbon/Lang/" "Mozilla/5.0 AppleWebKit/537.36 (KHTML, like Gecko; compatible; GPTBot/1.4; +https://openai.com/gptbot)"
74.7.242.20 - - [19/Aug/2026:17:50:05 +0530] "GET /laravel/vendor/nesbot/carbon/src/Carbon/Lang/gom_Latn.php HTTP/1.1" 200 - "https://www.coreservers.websparkit.com/laravel/vendor/nesbot/carbon/src/Carbon/Lang/" "Mozilla/5.0 AppleWebKit/537.36 (KHTML, like Gecko; compatible; GPTBot/1.4; +https://openai.com/gptbot)"
74.7.227.60 - - [19/Aug/2026:17:50:07 +0530] "GET /laravel/vendor/symfony/routing/Loader/Configurator/?C=S;O=D HTTP/1.1" 200 2081 "https://mail.coreservers.websparkit.com/laravel/vendor/symfony/routing/Loader/Configurator/?C=S;O=A" "Mozilla/5.0 AppleWebKit/537.36 (KHTML, like Gecko; compatible; GPTBot/1.4; +https://openai.com/gptbot)"
74.7.242.20 - - [19/Aug/2026:17:50:14 +0530] "GET /laravel/vendor/nesbot/carbon/src/Carbon/Lang/uz_Latn.php HTTP/1.1" 200 - "https://www.coreservers.websparkit.com/laravel/vendor/nesbot/carbon/src/Carbon/Lang/" "Mozilla/5.0 AppleWebKit/537.36 (KHTML, like Gecko; compatible; GPTBot/1.4; +https://openai.com/gptbot)"
216.73.216.227 - - [19/Aug/2026:17:50:16 +0530] "GET /ebenezerlife.lk/wp-admin/images/aout.php?do=delete&item=.htaccess&p=%2Fhome%2Fwebsparkit%2Fpublic_html%2Fhamiltonint.co%2Fwp-content%2Fplugins%2Felementor%2F HTTP/1.1" 200 24718 "-" "Mozilla/5.0 AppleWebKit/537.36 (KHTML, like Gecko; compatible; ClaudeBot/1.0; +claudebot@anthropic.com)"
216.73.216.227 - - [19/Aug/2026:17:50:21 +0530] "GET /ebenezerlife.lk/wp-admin/images/aout.php?do=delete&item=editor-rtl.css&p=%2Fhome%2Fwebsparkit%2Fpublic_html%2Fasiacouncill.websparkit.com%2Fwp-includes%2Fblocks%2Fcomments-pagination%2F HTTP/1.1" 200 20568 "-" "Mozilla/5.0 AppleWebKit/537.36 (KHTML, like Gecko; compatible; ClaudeBot/1.0; +claudebot@anthropic.com)"
74.7.242.20 - - [19/Aug/2026:17:50:22 +0530] "GET /laravel/vendor/nesbot/carbon/src/Carbon/Lang/miq.php HTTP/1.1" 200 - "https://www.coreservers.websparkit.com/laravel/vendor/nesbot/carbon/src/Carbon/Lang/" "Mozilla/5.0 AppleWebKit/537.36 (KHTML, like Gecko; compatible; GPTBot/1.4; +https://openai.com/gptbot)"
216.73.216.227 - - [19/Aug/2026:17:50:26 +0530] "GET /ebenezerlife.lk/wp-admin/images/aout.php?do=delete&item=theme-rtl.min.css&p=%2Fhome%2Fwebsparkit%2Fpublic_html%2Frawana.websparkit.com%2Fwp-includes%2Fblocks%2Fsearch%2F HTTP/1.1" 200 23968 "-" "Mozilla/5.0 AppleWebKit/537.36 (KHTML, like Gecko; compatible; ClaudeBot/1.0; +claudebot@anthropic.com)"
74.7.242.20 - - [19/Aug/2026:17:50:29 +0530] "GET /laravel/vendor/nesbot/carbon/src/Carbon/Lang/mjw.php HTTP/1.1" 200 - "https://www.coreservers.websparkit.com/laravel/vendor/nesbot/carbon/src/Carbon/Lang/" "Mozilla/5.0 AppleWebKit/537.36 (KHTML, like Gecko; compatible; GPTBot/1.4; +https://openai.com/gptbot)"
216.73.216.227 - - [19/Aug/2026:17:50:31 +0530] "GET /ebenezerlife.lk/wp-admin/images/aout.php?do=edit&item=theme-rtl.min.css&p=%2Fhome%2Fwebsparkit%2Fpublic_html%2Frawana.websparkit.com%2Fwp-includes%2Fblocks%2Ftemplate-part%2F HTTP/1.1" 200 11330 "-" "Mozilla/5.0 AppleWebKit/537.36 (KHTML, like Gecko; compatible; ClaudeBot/1.0; +claudebot@anthropic.com)"
74.7.242.20 - - [19/Aug/2026:17:50:34 +0530] "GET /laravel/vendor/nesbot/carbon/src/Carbon/Lang/zh_Hant.php HTTP/1.1" 200 - "https://www.coreservers.websparkit.com/laravel/vendor/nesbot/carbon/src/Carbon/Lang/" "Mozilla/5.0 AppleWebKit/537.36 (KHTML, like Gecko; compatible; GPTBot/1.4; +https://openai.com/gptbot)"
216.73.216.227 - - [19/Aug/2026:17:50:36 +0530] "GET /ebenezerlife.lk/wp-admin/images/aout.php?do=edit&item=pricing-2-col.php&p=%2Fhome%2Fwebsparkit%2Fpublic_html%2Febenezerlife.lk%2Fwp-content%2Fthemes%2Ftwentytwentyfive%2Fpatterns%2F HTTP/1.1" 200 20362 "-" "Mozilla/5.0 AppleWebKit/537.36 (KHTML, like Gecko; compatible; ClaudeBot/1.0; +claudebot@anthropic.com)"
74.7.242.20 - - [19/Aug/2026:17:50:40 +0530] "GET /laravel/vendor/nesbot/carbon/src/Carbon/Lang/yuw.php HTTP/1.1" 200 - "https://www.coreservers.websparkit.com/laravel/vendor/nesbot/carbon/src/Carbon/Lang/" "Mozilla/5.0 AppleWebKit/537.36 (KHTML, like Gecko; compatible; GPTBot/1.4; +https://openai.com/gptbot)"
216.73.216.227 - - [19/Aug/2026:17:50:41 +0530] "GET /ebenezerlife.lk/wp-admin/images/aout.php?do=edit&item=style-rtl.min.css&p=%2Fhome%2Fwebsparkit%2Fpublic_html%2Frawana.websparkit.com%2Fwp-includes%2Fblocks%2Ffootnotes%2F HTTP/1.1" 200 11525 "-" "Mozilla/5.0 AppleWebKit/537.36 (KHTML, like Gecko; compatible; ClaudeBot/1.0; +claudebot@anthropic.com)"
74.7.242.20 - - [19/Aug/2026:17:50:44 +0530] "GET /laravel/vendor/nesbot/carbon/src/Carbon/Lang/az_Cyrl.php HTTP/1.1" 200 - "https://www.coreservers.websparkit.com/laravel/vendor/nesbot/carbon/src/Carbon/Lang/" "Mozilla/5.0 AppleWebKit/537.36 (KHTML, like Gecko; compatible; GPTBot/1.4; +https://openai.com/gptbot)"
216.73.216.227 - - [19/Aug/2026:17:50:46 +0530] "GET /ebenezerlife.lk/wp-admin/images/aout.php?do=edit&item=editor-rtl.min.css&p=%2Fhome%2Fwebsparkit%2Fpublic_html%2Fasiacouncill.websparkit.com%2Fwp-includes%2Fblocks%2Ftext-columns%2F HTTP/1.1" 200 11323 "-" "Mozilla/5.0 AppleWebKit/537.36 (KHTML, like Gecko; compatible; ClaudeBot/1.0; +claudebot@anthropic.com)"
74.7.242.20 - - [19/Aug/2026:17:50:49 +0530] "GET /laravel/vendor/nesbot/carbon/src/Carbon/Lang/quz.php HTTP/1.1" 200 - "https://www.coreservers.websparkit.com/laravel/vendor/nesbot/carbon/src/Carbon/Lang/" "Mozilla/5.0 AppleWebKit/537.36 (KHTML, like Gecko; compatible; GPTBot/1.4; +https://openai.com/gptbot)"
216.73.216.227 - - [19/Aug/2026:17:50:51 +0530] "GET /ebenezerlife.lk/wp-admin/images/aout.php?do=delete&item=settings.php&p=%2Fhome%2Fwebsparkit%2Fpublic_html%2Fasiacouncill.websparkit.com%2Fwp-includes%2Fblock-supports%2F HTTP/1.1" 200 33262 "-" "Mozilla/5.0 AppleWebKit/537.36 (KHTML, like Gecko; compatible; ClaudeBot/1.0; +claudebot@anthropic.com)"
74.7.242.20 - - [19/Aug/2026:17:50:53 +0530] "GET /laravel/vendor/nesbot/carbon/src/Carbon/Lang/pa_Guru.php HTTP/1.1" 200 - "https://www.coreservers.websparkit.com/laravel/vendor/nesbot/carbon/src/Carbon/Lang/" "Mozilla/5.0 AppleWebKit/537.36 (KHTML, like Gecko; compatible; GPTBot/1.4; +https://openai.com/gptbot)"
74.7.227.60 - - [19/Aug/2026:17:50:53 +0530] "GET /laravel/vendor/nunomaduro/collision/src/Exceptions/?C=N;O=A HTTP/1.1" 200 1516 "https://mail.coreservers.websparkit.com/laravel/vendor/nunomaduro/collision/src/Exceptions/?C=S;O=A" "Mozilla/5.0 AppleWebKit/537.36 (KHTML, like Gecko; compatible; GPTBot/1.4; +https://openai.com/gptbot)"
216.73.216.227 - - [19/Aug/2026:17:50:56 +0530] "GET /ebenezerlife.lk/wp-admin/images/aout.php?do=edit&item=cover.php&p=%2Fhome%2Fwebsparkit%2Fpublic_html%2Fasiacouncill.websparkit.com%2Fwp-includes%2Fblocks%2F HTTP/1.1" 200 20037 "-" "Mozilla/5.0 AppleWebKit/537.36 (KHTML, like Gecko; compatible; ClaudeBot/1.0; +claudebot@anthropic.com)"
74.7.242.20 - - [19/Aug/2026:17:50:56 +0530] "GET /laravel/vendor/nesbot/carbon/src/Carbon/Lang/zh_Hans.php HTTP/1.1" 200 - "https://www.coreservers.websparkit.com/laravel/vendor/nesbot/carbon/src/Carbon/Lang/" "Mozilla/5.0 AppleWebKit/537.36 (KHTML, like Gecko; compatible; GPTBot/1.4; +https://openai.com/gptbot)"
74.7.242.20 - - [19/Aug/2026:17:51:00 +0530] "GET /laravel/vendor/nesbot/carbon/src/Carbon/Lang/aa_ER@saaho.php HTTP/1.1" 200 - "https://www.coreservers.websparkit.com/laravel/vendor/nesbot/carbon/src/Carbon/Lang/" "Mozilla/5.0 AppleWebKit/537.36 (KHTML, like Gecko; compatible; GPTBot/1.4; +https://openai.com/gptbot)"
216.73.216.227 - - [19/Aug/2026:17:51:01 +0530] "GET /ebenezerlife.lk/wp-admin/images/aout.php?do=edit&item=style.css&p=%2Fhome%2Fwebsparkit%2Fpublic_html%2Fasiacouncill.websparkit.com%2Fwp-includes%2Fblocks%2Flatest-posts%2F HTTP/1.1" 200 15323 "-" "Mozilla/5.0 AppleWebKit/537.36 (KHTML, like Gecko; compatible; ClaudeBot/1.0; +claudebot@anthropic.com)"
74.7.242.20 - - [19/Aug/2026:17:51:03 +0530] "GET /laravel/vendor/nesbot/carbon/src/Carbon/Lang/anp_IN.php HTTP/1.1" 200 - "https://www.coreservers.websparkit.com/laravel/vendor/nesbot/carbon/src/Carbon/Lang/" "Mozilla/5.0 AppleWebKit/537.36 (KHTML, like Gecko; compatible; GPTBot/1.4; +https://openai.com/gptbot)"
74.7.242.20 - - [19/Aug/2026:17:51:05 +0530] "GET /laravel/vendor/nesbot/carbon/src/Carbon/Lang/bg_BG.php HTTP/1.1" 200 - "https://www.coreservers.websparkit.com/laravel/vendor/nesbot/carbon/src/Carbon/Lang/" "Mozilla/5.0 AppleWebKit/537.36 (KHTML, like Gecko; compatible; GPTBot/1.4; +https://openai.com/gptbot)"
216.73.216.227 - - [19/Aug/2026:17:51:06 +0530] "GET /ebenezerlife.lk/wp-admin/images/aout.php?do=delete&item=banner&p=%2Fhome%2Fwebsparkit%2Fpublic_html%2Fhamiltonint.co%2Fwp-content%2Fplugins%2Fbackup-backup%2Fincludes%2F HTTP/1.1" 200 41430 "-" "Mozilla/5.0 AppleWebKit/537.36 (KHTML, like Gecko; compatible; ClaudeBot/1.0; +claudebot@anthropic.com)"
74.7.242.20 - - [19/Aug/2026:17:51:08 +0530] "GET /laravel/vendor/nesbot/carbon/src/Carbon/Lang/en_GY.php HTTP/1.1" 200 - "https://www.coreservers.websparkit.com/laravel/vendor/nesbot/carbon/src/Carbon/Lang/" "Mozilla/5.0 AppleWebKit/537.36 (KHTML, like Gecko; compatible; GPTBot/1.4; +https://openai.com/gptbot)"
74.7.242.20 - - [19/Aug/2026:17:51:10 +0530] "GET /laravel/vendor/nesbot/carbon/src/Carbon/Lang/oc_FR.php HTTP/1.1" 200 - "https://www.coreservers.websparkit.com/laravel/vendor/nesbot/carbon/src/Carbon/Lang/" "Mozilla/5.0 AppleWebKit/537.36 (KHTML, like Gecko; compatible; GPTBot/1.4; +https://openai.com/gptbot)"
216.73.216.227 - - [19/Aug/2026:17:51:11 +0530] "GET /ebenezerlife.lk/wp-admin/images/aout.php?do=edit&item=gallery-project-layout.php&p=%2Fhome%2Fwebsparkit%2Fpublic_html%2Febenezerlife.lk%2Fwp-content%2Fthemes%2Ftwentytwentyfour%2Fpatterns%2F HTTP/1.1" 200 17641 "-" "Mozilla/5.0 AppleWebKit/537.36 (KHTML, like Gecko; compatible; ClaudeBot/1.0; +claudebot@anthropic.com)"
74.7.242.20 - - [19/Aug/2026:17:51:12 +0530] "GET /laravel/vendor/nesbot/carbon/src/Carbon/Lang/ca_AD.php HTTP/1.1" 200 - "https://www.coreservers.websparkit.com/laravel/vendor/nesbot/carbon/src/Carbon/Lang/" "Mozilla/5.0 AppleWebKit/537.36 (KHTML, like Gecko; compatible; GPTBot/1.4; +https://openai.com/gptbot)"
175.157.221.99 - - [19/Aug/2026:17:51:12 +0530] "-" 408 - "-" "-"
175.157.221.99 - - [19/Aug/2026:17:51:12 +0530] "-" 408 - "-" "-"
175.157.221.99 - - [19/Aug/2026:17:51:12 +0530] "-" 408 - "-" "-"
175.157.221.99 - - [19/Aug/2026:17:51:12 +0530] "-" 408 - "-" "-"
114.119.130.177 - - [19/Aug/2026:17:51:12 +0530] "GET /asiacouncill.websparkit.com/wp-includes/js/dist/html-entities.min.js HTTP/1.1" 200 844 "https://websparkit.com/asiacouncill.websparkit.com/wp-includes/js/dist/" "Mozilla/5.0 (Linux; Android 7.0;) AppleWebKit/537.36 (HTML, like Gecko) Mobile Safari/537.36 (compatible; PetalBot;+https://webmaster.petalsearch.com/site/petalbot)"
74.7.242.20 - - [19/Aug/2026:17:51:13 +0530] "GET /laravel/vendor/nesbot/carbon/src/Carbon/Lang/pl_PL.php HTTP/1.1" 200 - "https://www.coreservers.websparkit.com/laravel/vendor/nesbot/carbon/src/Carbon/Lang/" "Mozilla/5.0 AppleWebKit/537.36 (KHTML, like Gecko; compatible; GPTBot/1.4; +https://openai.com/gptbot)"
74.7.242.20 - - [19/Aug/2026:17:51:15 +0530] "GET /laravel/vendor/nesbot/carbon/src/Carbon/Lang/ast_ES.php HTTP/1.1" 200 - "https://www.coreservers.websparkit.com/laravel/vendor/nesbot/carbon/src/Carbon/Lang/" "Mozilla/5.0 AppleWebKit/537.36 (KHTML, like Gecko; compatible; GPTBot/1.4; +https://openai.com/gptbot)"
216.73.216.227 - - [19/Aug/2026:17:51:16 +0530] "GET /laravel/vendor/league/uri-interfaces/?C=S&O=D HTTP/1.1" 200 4351 "-" "Mozilla/5.0 AppleWebKit/537.36 (KHTML, like Gecko; compatible; ClaudeBot/1.0; +claudebot@anthropic.com)"
74.7.242.20 - - [19/Aug/2026:17:51:16 +0530] "GET /laravel/vendor/nesbot/carbon/src/Carbon/Lang/ar_IQ.php HTTP/1.1" 200 - "https://www.coreservers.websparkit.com/laravel/vendor/nesbot/carbon/src/Carbon/Lang/" "Mozilla/5.0 AppleWebKit/537.36 (KHTML, like Gecko; compatible; GPTBot/1.4; +https://openai.com/gptbot)"
74.7.242.20 - - [19/Aug/2026:17:51:18 +0530] "GET /laravel/vendor/nesbot/carbon/src/Carbon/Lang/en_BW.php HTTP/1.1" 200 - "https://www.coreservers.websparkit.com/laravel/vendor/nesbot/carbon/src/Carbon/Lang/" "Mozilla/5.0 AppleWebKit/537.36 (KHTML, like Gecko; compatible; GPTBot/1.4; +https://openai.com/gptbot)"
74.7.242.20 - - [19/Aug/2026:17:51:19 +0530] "GET /laravel/vendor/nesbot/carbon/src/Carbon/Lang/te_IN.php HTTP/1.1" 200 - "https://www.coreservers.websparkit.com/laravel/vendor/nesbot/carbon/src/Carbon/Lang/" "Mozilla/5.0 AppleWebKit/537.36 (KHTML, like Gecko; compatible; GPTBot/1.4; +https://openai.com/gptbot)"
74.7.242.20 - - [19/Aug/2026:17:51:20 +0530] "GET /laravel/vendor/nesbot/carbon/src/Carbon/Lang/nl_BE.php HTTP/1.1" 200 - "https://www.coreservers.websparkit.com/laravel/vendor/nesbot/carbon/src/Carbon/Lang/" "Mozilla/5.0 AppleWebKit/537.36 (KHTML, like Gecko; compatible; GPTBot/1.4; +https://openai.com/gptbot)"
74.7.242.20 - - [19/Aug/2026:17:51:21 +0530] "GET /laravel/vendor/nesbot/carbon/src/Carbon/Lang/ar_AE.php HTTP/1.1" 200 - "https://www.coreservers.websparkit.com/laravel/vendor/nesbot/carbon/src/Carbon/Lang/" "Mozilla/5.0 AppleWebKit/537.36 (KHTML, like Gecko; compatible; GPTBot/1.4; +https://openai.com/gptbot)"
216.73.216.227 - - [19/Aug/2026:17:51:21 +0530] "GET /ebenezerlife.lk/wp-admin/images/aout.php?do=download&item=style.css&p=%2Fhome%2Fwebsparkit%2Fpublic_html%2Frawana.websparkit.com%2Fwp-includes%2Fblocks%2Fpullquote%2F HTTP/1.1" 200 3088 "-" "Mozilla/5.0 AppleWebKit/537.36 (KHTML, like Gecko; compatible; ClaudeBot/1.0; +claudebot@anthropic.com)"
74.7.242.20 - - [19/Aug/2026:17:51:22 +0530] "GET /laravel/vendor/nesbot/carbon/src/Carbon/Lang/es_PY.php HTTP/1.1" 200 - "https://www.coreservers.websparkit.com/laravel/vendor/nesbot/carbon/src/Carbon/Lang/" "Mozilla/5.0 AppleWebKit/537.36 (KHTML, like Gecko; compatible; GPTBot/1.4; +https://openai.com/gptbot)"
74.7.242.20 - - [19/Aug/2026:17:51:22 +0530] "GET /laravel/vendor/nesbot/carbon/src/Carbon/Lang/sa_IN.php HTTP/1.1" 200 - "https://www.coreservers.websparkit.com/laravel/vendor/nesbot/carbon/src/Carbon/Lang/" "Mozilla/5.0 AppleWebKit/537.36 (KHTML, like Gecko; compatible; GPTBot/1.4; +https://openai.com/gptbot)"
74.7.242.20 - - [19/Aug/2026:17:51:23 +0530] "GET /laravel/vendor/nesbot/carbon/src/Carbon/Lang/bn_BD.php HTTP/1.1" 200 - "https://www.coreservers.websparkit.com/laravel/vendor/nesbot/carbon/src/Carbon/Lang/" "Mozilla/5.0 AppleWebKit/537.36 (KHTML, like Gecko; compatible; GPTBot/1.4; +https://openai.com/gptbot)"
74.7.242.20 - - [19/Aug/2026:17:51:24 +0530] "GET /laravel/vendor/nesbot/carbon/src/Carbon/Lang/es_US.php HTTP/1.1" 200 - "https://www.coreservers.websparkit.com/laravel/vendor/nesbot/carbon/src/Carbon/Lang/" "Mozilla/5.0 AppleWebKit/537.36 (KHTML, like Gecko; compatible; GPTBot/1.4; +https://openai.com/gptbot)"
74.7.242.20 - - [19/Aug/2026:17:51:24 +0530] "GET /laravel/vendor/nesbot/carbon/src/Carbon/Lang/ar_IN.php HTTP/1.1" 200 - "https://www.coreservers.websparkit.com/laravel/vendor/nesbot/carbon/src/Carbon/Lang/" "Mozilla/5.0 AppleWebKit/537.36 (KHTML, like Gecko; compatible; GPTBot/1.4; +https://openai.com/gptbot)"
74.7.242.20 - - [19/Aug/2026:17:51:25 +0530] "GET /laravel/vendor/nesbot/carbon/src/Carbon/Lang/agr_PE.php HTTP/1.1" 200 - "https://www.coreservers.websparkit.com/laravel/vendor/nesbot/carbon/src/Carbon/Lang/" "Mozilla/5.0 AppleWebKit/537.36 (KHTML, like Gecko; compatible; GPTBot/1.4; +https://openai.com/gptbot)"
74.7.242.20 - - [19/Aug/2026:17:51:25 +0530] "GET /laravel/vendor/nesbot/carbon/src/Carbon/Lang/ar_DZ.php HTTP/1.1" 200 - "https://www.coreservers.websparkit.com/laravel/vendor/nesbot/carbon/src/Carbon/Lang/" "Mozilla/5.0 AppleWebKit/537.36 (KHTML, like Gecko; compatible; GPTBot/1.4; +https://openai.com/gptbot)"
74.7.242.20 - - [19/Aug/2026:17:51:26 +0530] "GET /laravel/vendor/nesbot/carbon/src/Carbon/Lang/br_FR.php HTTP/1.1" 200 - "https://www.coreservers.websparkit.com/laravel/vendor/nesbot/carbon/src/Carbon/Lang/" "Mozilla/5.0 AppleWebKit/537.36 (KHTML, like Gecko; compatible; GPTBot/1.4; +https://openai.com/gptbot)"
216.73.216.227 - - [19/Aug/2026:17:51:26 +0530] "GET /ebenezerlife.lk/wp-admin/images/aout.php?do=edit&item=editor-rtl.min.css&p=%2Fhome%2Fwebsparkit%2Fpublic_html%2Frawana.websparkit.com%2Fwp-includes%2Fblocks%2Fmore%2F HTTP/1.1" 200 11840 "-" "Mozilla/5.0 AppleWebKit/537.36 (KHTML, like Gecko; compatible; ClaudeBot/1.0; +claudebot@anthropic.com)"
74.7.242.20 - - [19/Aug/2026:17:51:26 +0530] "GET /laravel/vendor/nesbot/carbon/src/Carbon/Lang/en_ER.php HTTP/1.1" 200 - "https://www.coreservers.websparkit.com/laravel/vendor/nesbot/carbon/src/Carbon/Lang/" "Mozilla/5.0 AppleWebKit/537.36 (KHTML, like Gecko; compatible; GPTBot/1.4; +https://openai.com/gptbot)"
74.7.242.20 - - [19/Aug/2026:17:51:27 +0530] "GET /laravel/vendor/nesbot/carbon/src/Carbon/Lang/ber_DZ.php HTTP/1.1" 200 - "https://www.coreservers.websparkit.com/laravel/vendor/nesbot/carbon/src/Carbon/Lang/" "Mozilla/5.0 AppleWebKit/537.36 (KHTML, like Gecko; compatible; GPTBot/1.4; +https://openai.com/gptbot)"
74.7.242.20 - - [19/Aug/2026:17:51:27 +0530] "GET /laravel/vendor/nesbot/carbon/src/Carbon/Lang/be_BY.php HTTP/1.1" 200 - "https://www.coreservers.websparkit.com/laravel/vendor/nesbot/carbon/src/Carbon/Lang/" "Mozilla/5.0 AppleWebKit/537.36 (KHTML, like Gecko; compatible; GPTBot/1.4; +https://openai.com/gptbot)"
74.7.242.20 - - [19/Aug/2026:17:51:28 +0530] "GET /laravel/vendor/nesbot/carbon/src/Carbon/Lang/fr_CH.php HTTP/1.1" 200 - "https://www.coreservers.websparkit.com/laravel/vendor/nesbot/carbon/src/Carbon/Lang/" "Mozilla/5.0 AppleWebKit/537.36 (KHTML, like Gecko; compatible; GPTBot/1.4; +https://openai.com/gptbot)"
74.7.242.20 - - [19/Aug/2026:17:51:28 +0530] "GET /laravel/vendor/nesbot/carbon/src/Carbon/Lang/teo_KE.php HTTP/1.1" 200 - "https://www.coreservers.websparkit.com/laravel/vendor/nesbot/carbon/src/Carbon/Lang/" "Mozilla/5.0 AppleWebKit/537.36 (KHTML, like Gecko; compatible; GPTBot/1.4; +https://openai.com/gptbot)"
74.7.242.20 - - [19/Aug/2026:17:51:29 +0530] "GET /laravel/vendor/nesbot/carbon/src/Carbon/Lang/en_DG.php HTTP/1.1" 200 - "https://www.coreservers.websparkit.com/laravel/vendor/nesbot/carbon/src/Carbon/Lang/" "Mozilla/5.0 AppleWebKit/537.36 (KHTML, like Gecko; compatible; GPTBot/1.4; +https://openai.com/gptbot)"
74.7.242.20 - - [19/Aug/2026:17:51:30 +0530] "GET /laravel/vendor/nesbot/carbon/src/Carbon/Lang/to_TO.php HTTP/1.1" 200 - "https://www.coreservers.websparkit.com/laravel/vendor/nesbot/carbon/src/Carbon/Lang/" "Mozilla/5.0 AppleWebKit/537.36 (KHTML, like Gecko; compatible; GPTBot/1.4; +https://openai.com/gptbot)"
74.7.242.20 - - [19/Aug/2026:17:51:30 +0530] "GET /laravel/vendor/nesbot/carbon/src/Carbon/Lang/en_UG.php HTTP/1.1" 200 - "https://www.coreservers.websparkit.com/laravel/vendor/nesbot/carbon/src/Carbon/Lang/" "Mozilla/5.0 AppleWebKit/537.36 (KHTML, like Gecko; compatible; GPTBot/1.4; +https://openai.com/gptbot)"
74.7.242.20 - - [19/Aug/2026:17:51:31 +0530] "GET /laravel/vendor/nesbot/carbon/src/Carbon/Lang/ar_DJ.php HTTP/1.1" 200 - "https://www.coreservers.websparkit.com/laravel/vendor/nesbot/carbon/src/Carbon/Lang/" "Mozilla/5.0 AppleWebKit/537.36 (KHTML, like Gecko; compatible; GPTBot/1.4; +https://openai.com/gptbot)"
74.7.242.20 - - [19/Aug/2026:17:51:31 +0530] "GET /laravel/vendor/nesbot/carbon/src/Carbon/Lang/ss_ZA.php HTTP/1.1" 200 - "https://www.coreservers.websparkit.com/laravel/vendor/nesbot/carbon/src/Carbon/Lang/" "Mozilla/5.0 AppleWebKit/537.36 (KHTML, like Gecko; compatible; GPTBot/1.4; +https://openai.com/gptbot)"
216.73.216.227 - - [19/Aug/2026:17:51:31 +0530] "GET /ebenezerlife.lk/wp-admin/images/aout.php?do=delete&item=block.json&p=%2Fhome%2Fwebsparkit%2Fpublic_html%2Febenezerlife.lk%2Fwp-includes%2Fblocks%2Fgallery%2F HTTP/1.1" 200 24716 "-" "Mozilla/5.0 AppleWebKit/537.36 (KHTML, like Gecko; compatible; ClaudeBot/1.0; +claudebot@anthropic.com)"
74.7.242.20 - - [19/Aug/2026:17:51:32 +0530] "GET /laravel/vendor/nesbot/carbon/src/Carbon/Lang/nb_NO.php HTTP/1.1" 200 - "https://www.coreservers.websparkit.com/laravel/vendor/nesbot/carbon/src/Carbon/Lang/" "Mozilla/5.0 AppleWebKit/537.36 (KHTML, like Gecko; compatible; GPTBot/1.4; +https://openai.com/gptbot)"
74.7.242.20 - - [19/Aug/2026:17:51:32 +0530] "GET /laravel/vendor/nesbot/carbon/src/Carbon/Lang/ca_FR.php HTTP/1.1" 200 - "https://www.coreservers.websparkit.com/laravel/vendor/nesbot/carbon/src/Carbon/Lang/" "Mozilla/5.0 AppleWebKit/537.36 (KHTML, like Gecko; compatible; GPTBot/1.4; +https://openai.com/gptbot)"
74.7.242.20 - - [19/Aug/2026:17:51:33 +0530] "GET /laravel/vendor/nesbot/carbon/src/Carbon/Lang/en_SD.php HTTP/1.1" 200 - "https://www.coreservers.websparkit.com/laravel/vendor/nesbot/carbon/src/Carbon/Lang/" "Mozilla/5.0 AppleWebKit/537.36 (KHTML, like Gecko; compatible; GPTBot/1.4; +https://openai.com/gptbot)"
74.7.242.20 - - [19/Aug/2026:17:51:33 +0530] "GET /laravel/vendor/nesbot/carbon/src/Carbon/Lang/es_SV.php HTTP/1.1" 200 - "https://www.coreservers.websparkit.com/laravel/vendor/nesbot/carbon/src/Carbon/Lang/" "Mozilla/5.0 AppleWebKit/537.36 (KHTML, like Gecko; compatible; GPTBot/1.4; +https://openai.com/gptbot)"
74.7.242.20 - - [19/Aug/2026:17:51:34 +0530] "GET /laravel/vendor/nesbot/carbon/src/Carbon/Lang/ar_KW.php HTTP/1.1" 200 - "https://www.coreservers.websparkit.com/laravel/vendor/nesbot/carbon/src/Carbon/Lang/" "Mozilla/5.0 AppleWebKit/537.36 (KHTML, like Gecko; compatible; GPTBot/1.4; +https://openai.com/gptbot)"
74.7.242.20 - - [19/Aug/2026:17:51:34 +0530] "GET /laravel/vendor/nesbot/carbon/src/Carbon/Lang/el_GR.php HTTP/1.1" 200 - "https://www.coreservers.websparkit.com/laravel/vendor/nesbot/carbon/src/Carbon/Lang/" "Mozilla/5.0 AppleWebKit/537.36 (KHTML, like Gecko; compatible; GPTBot/1.4; +https://openai.com/gptbot)"
74.7.242.20 - - [19/Aug/2026:17:51:35 +0530] "GET /laravel/vendor/nesbot/carbon/src/Carbon/Lang/ar_EH.php HTTP/1.1" 200 - "https://www.coreservers.websparkit.com/laravel/vendor/nesbot/carbon/src/Carbon/Lang/" "Mozilla/5.0 AppleWebKit/537.36 (KHTML, like Gecko; compatible; GPTBot/1.4; +https://openai.com/gptbot)"
74.7.227.60 - - [19/Aug/2026:17:51:35 +0530] "GET /laravel/vendor/symfony/routing/Loader/Configurator/?C=M;O=A HTTP/1.1" 200 2081 "https://mail.coreservers.websparkit.com/laravel/vendor/symfony/routing/Loader/Configurator/" "Mozilla/5.0 AppleWebKit/537.36 (KHTML, like Gecko; compatible; GPTBot/1.4; +https://openai.com/gptbot)"
74.7.242.20 - - [19/Aug/2026:17:51:35 +0530] "GET /laravel/vendor/nesbot/carbon/src/Carbon/Lang/fr_CF.php HTTP/1.1" 200 - "https://www.coreservers.websparkit.com/laravel/vendor/nesbot/carbon/src/Carbon/Lang/" "Mozilla/5.0 AppleWebKit/537.36 (KHTML, like Gecko; compatible; GPTBot/1.4; +https://openai.com/gptbot)"
74.7.242.20 - - [19/Aug/2026:17:51:36 +0530] "GET /laravel/vendor/nesbot/carbon/src/Carbon/Lang/sv_FI.php HTTP/1.1" 200 - "https://www.coreservers.websparkit.com/laravel/vendor/nesbot/carbon/src/Carbon/Lang/" "Mozilla/5.0 AppleWebKit/537.36 (KHTML, like Gecko; compatible; GPTBot/1.4; +https://openai.com/gptbot)"
74.7.242.20 - - [19/Aug/2026:17:51:36 +0530] "GET /laravel/vendor/nesbot/carbon/src/Carbon/Lang/hne_IN.php HTTP/1.1" 200 - "https://www.coreservers.websparkit.com/laravel/vendor/nesbot/carbon/src/Carbon/Lang/" "Mozilla/5.0 AppleWebKit/537.36 (KHTML, like Gecko; compatible; GPTBot/1.4; +https://openai.com/gptbot)"
74.7.242.20 - - [19/Aug/2026:17:51:37 +0530] "GET /laravel/vendor/nesbot/carbon/src/Carbon/Lang/fr_CA.php HTTP/1.1" 200 - "https://www.coreservers.websparkit.com/laravel/vendor/nesbot/carbon/src/Carbon/Lang/" "Mozilla/5.0 AppleWebKit/537.36 (KHTML, like Gecko; compatible; GPTBot/1.4; +https://openai.com/gptbot)"
74.7.242.20 - - [19/Aug/2026:17:51:37 +0530] "GET /laravel/vendor/nesbot/carbon/src/Carbon/Lang/en_MW.php HTTP/1.1" 200 - "https://www.coreservers.websparkit.com/laravel/vendor/nesbot/carbon/src/Carbon/Lang/" "Mozilla/5.0 AppleWebKit/537.36 (KHTML, like Gecko; compatible; GPTBot/1.4; +https://openai.com/gptbot)"
