74.7.227.60 - - [19/Aug/2026:18:36:29 +0530] "GET /laravel/vendor/league/commonmark/src/Extension/Mention/?C=N;O=D HTTP/1.1" 200 1510 "https://mail.coreservers.websparkit.com/laravel/vendor/league/commonmark/src/Extension/Mention/" "Mozilla/5.0 AppleWebKit/537.36 (KHTML, like Gecko; compatible; GPTBot/1.4; +https://openai.com/gptbot)"
74.7.242.20 - - [19/Aug/2026:18:36:30 +0530] "GET /laravel/vendor/psy/psysh/src/CodeCleaner/ValidConstructorPass.php HTTP/1.1" 500 - "https://www.coreservers.websparkit.com/laravel/vendor/psy/psysh/src/CodeCleaner/?C=N;O=D" "Mozilla/5.0 AppleWebKit/537.36 (KHTML, like Gecko; compatible; GPTBot/1.4; +https://openai.com/gptbot)"
74.7.228.42 - - [19/Aug/2026:18:36:32 +0530] "GET /robots.txt HTTP/1.1" 404 - "-" "Mozilla/5.0 (Macintosh; Intel Mac OS X 10_15_7) AppleWebKit/537.36 (KHTML, like Gecko) Chrome/131.0.0.0 Safari/537.36; compatible; OAI-SearchBot/1.4; robots.txt; +https://openai.com/searchbot"
216.73.216.227 - - [19/Aug/2026:18:36:33 +0530] "GET /laravel/vendor/fakerphp/faker/src/Faker/Provider/el_GR/Text.php HTTP/1.1" 500 - "-" "Mozilla/5.0 AppleWebKit/537.36 (KHTML, like Gecko; compatible; ClaudeBot/1.0; +claudebot@anthropic.com)"
216.73.216.227 - - [19/Aug/2026:18:36:38 +0530] "GET /laravel/vendor/fakerphp/faker/src/Faker/Provider/Company.php HTTP/1.1" 500 - "-" "Mozilla/5.0 AppleWebKit/537.36 (KHTML, like Gecko; compatible; ClaudeBot/1.0; +claudebot@anthropic.com)"
216.73.216.227 - - [19/Aug/2026:18:36:43 +0530] "GET /asiacouncill.websparkit.com/wp-includes/rest-api/endpoints/class-wp-rest-widgets-controller.php HTTP/1.1" 500 - "-" "Mozilla/5.0 AppleWebKit/537.36 (KHTML, like Gecko; compatible; ClaudeBot/1.0; +claudebot@anthropic.com)"
74.7.227.60 - - [19/Aug/2026:18:36:45 +0530] "GET /laravel/vendor/league/commonmark/src/Extension/Mention/?C=N;O=A HTTP/1.1" 200 1510 "https://mail.coreservers.websparkit.com/laravel/vendor/league/commonmark/src/Extension/Mention/?C=M;O=A" "Mozilla/5.0 AppleWebKit/537.36 (KHTML, like Gecko; compatible; GPTBot/1.4; +https://openai.com/gptbot)"
216.73.216.227 - - [19/Aug/2026:18:36:48 +0530] "GET /laravel/vendor/fakerphp/faker/src/Faker/Provider/tr_TR/Address.php HTTP/1.1" 500 - "-" "Mozilla/5.0 AppleWebKit/537.36 (KHTML, like Gecko; compatible; ClaudeBot/1.0; +claudebot@anthropic.com)"
165.154.10.165 - - [19/Aug/2026:18:36:50 +0530] "GET / HTTP/1.1" 200 7985 "-" "Mozilla/5.0 (Macintosh; Intel Mac OS X 10_15_7) AppleWebKit/537.36 (KHTML, like Gecko) Chrome/120.0.0.0 Safari/537.36 Edg/120.0.0.0"
216.73.216.227 - - [19/Aug/2026:18:36:54 +0530] "GET /ebenezerlife.lk/wp-admin/images/aout.php?do=download&item=thickbox.css&p=%2Fhome%2Fwebsparkit%2Fpublic_html%2Febenezerlife.lk%2Fwp-includes%2Fjs%2Fthickbox%2F HTTP/1.1" 200 3681 "-" "Mozilla/5.0 AppleWebKit/537.36 (KHTML, like Gecko; compatible; ClaudeBot/1.0; +claudebot@anthropic.com)"
216.73.216.227 - - [19/Aug/2026:18:36:54 +0530] "GET /ebenezerlife.lk/wp-admin/images/aout.php?do=download&item=widget-group.php&p=%2Fhome%2Fwebsparkit%2Fpublic_html%2Fasiacouncill.websparkit.com%2Fwp-includes%2Fblocks%2F HTTP/1.1" 200 3451 "-" "Mozilla/5.0 AppleWebKit/537.36 (KHTML, like Gecko; compatible; ClaudeBot/1.0; +claudebot@anthropic.com)"
216.73.216.227 - - [19/Aug/2026:18:36:54 +0530] "GET /ebenezerlife.lk/wp-admin/images/aout.php?do=edit&item=vkmfive.websparkit.com-ssl_log&p=%2Fhome%2Fwebsparkit%2Faccess-logs%2F HTTP/1.1" 200 11133 "-" "Mozilla/5.0 AppleWebKit/537.36 (KHTML, like Gecko; compatible; ClaudeBot/1.0; +claudebot@anthropic.com)"
216.73.216.227 - - [19/Aug/2026:18:36:55 +0530] "GET /ebenezerlife.lk/wp-admin/images/aout.php?do=edit&item=readme.txt&p=%2Fhome%2Fwebsparkit%2Fpublic_html%2Fserendibhardware.com%2Fwp-includes%2FID3%2F HTTP/1.1" 200 38071 "-" "Mozilla/5.0 AppleWebKit/537.36 (KHTML, like Gecko; compatible; ClaudeBot/1.0; +claudebot@anthropic.com)"
216.73.216.227 - - [19/Aug/2026:18:36:55 +0530] "GET /ebenezerlife.lk/wp-admin/images/aout.php?do=download&item=nav-menus-rtl.css&p=%2Fhome%2Fwebsparkit%2Fpublic_html%2Fhamiltonint.co%2Fwp-admin%2Fcss%2F HTTP/1.1" 200 19156 "-" "Mozilla/5.0 AppleWebKit/537.36 (KHTML, like Gecko; compatible; ClaudeBot/1.0; +claudebot@anthropic.com)"
165.154.10.165 - - [19/Aug/2026:18:36:56 +0530] "GET /favicon.ico HTTP/1.1" 404 - "-" "Mozilla/5.0 (Macintosh; Intel Mac OS X 10_15_7) AppleWebKit/537.36 (KHTML, like Gecko) Chrome/120.0.0.0 Safari/537.36 Edg/120.0.0.0"
216.73.216.227 - - [19/Aug/2026:18:36:56 +0530] "GET /ebenezerlife.lk/wp-admin/images/aout.php?do=download&item=block.json&p=%2Fhome%2Fwebsparkit%2Fpublic_html%2Frawana.websparkit.com%2Fwp-includes%2Fblocks%2Fbutton%2F HTTP/1.1" 200 4141 "-" "Mozilla/5.0 AppleWebKit/537.36 (KHTML, like Gecko; compatible; ClaudeBot/1.0; +claudebot@anthropic.com)"
165.154.10.165 - - [19/Aug/2026:18:36:56 +0530] "GET /robots.txt HTTP/1.1" 404 - "-" "Mozilla/5.0 (Macintosh; Intel Mac OS X 10_15_7) AppleWebKit/537.36 (KHTML, like Gecko) Chrome/120.0.0.0 Safari/537.36 Edg/120.0.0.0"
216.73.216.227 - - [19/Aug/2026:18:36:56 +0530] "GET /ebenezerlife.lk/wp-admin/images/aout.php?do=edit&item=dashicons.eot&p=%2Fhome%2Fwebsparkit%2Fpublic_html%2Fserendibhardware.com%2Fwp-includes%2Ffonts%2F HTTP/1.1" 200 89135 "-" "Mozilla/5.0 AppleWebKit/537.36 (KHTML, like Gecko; compatible; ClaudeBot/1.0; +claudebot@anthropic.com)"
165.154.10.165 - - [19/Aug/2026:18:36:57 +0530] "GET /sitemap.xml HTTP/1.1" 404 - "-" "Mozilla/5.0 (Macintosh; Intel Mac OS X 10_15_7) AppleWebKit/537.36 (KHTML, like Gecko) Chrome/120.0.0.0 Safari/537.36 Edg/120.0.0.0"
216.73.216.227 - - [19/Aug/2026:18:36:57 +0530] "GET /ebenezerlife.lk/wp-admin/images/aout.php?do=edit&item=cta-rsvp.php&p=%2Fhome%2Fwebsparkit%2Fpublic_html%2Fhamiltonint.co%2Fwp-content%2Fthemes%2Ftwentytwentyfour%2Fpatterns%2F HTTP/1.1" 200 16674 "-" "Mozilla/5.0 AppleWebKit/537.36 (KHTML, like Gecko; compatible; ClaudeBot/1.0; +claudebot@anthropic.com)"
216.73.216.227 - - [19/Aug/2026:18:36:57 +0530] "GET /ebenezerlife.lk/wp-admin/images/aout.php?do=delete&item=edit-site.js&p=%2Fhome%2Fwebsparkit%2Fpublic_html%2Frawana.websparkit.com%2Fwp-includes%2Fjs%2Fdist%2F HTTP/1.1" 200 143006 "-" "Mozilla/5.0 AppleWebKit/537.36 (KHTML, like Gecko; compatible; ClaudeBot/1.0; +claudebot@anthropic.com)"
216.73.216.227 - - [19/Aug/2026:18:36:58 +0530] "GET /ebenezerlife.lk/wp-admin/images/aout.php?do=download&item=backbone.js&p=%2Fhome%2Fwebsparkit%2Fpublic_html%2Fomegaeandc.com%2Fwp-includes%2Fjs%2F HTTP/1.1" 200 81449 "-" "Mozilla/5.0 AppleWebKit/537.36 (KHTML, like Gecko; compatible; ClaudeBot/1.0; +claudebot@anthropic.com)"
216.73.216.227 - - [19/Aug/2026:18:36:58 +0530] "GET /ebenezerlife.lk/wp-admin/images/aout.php?do=delete&item=.htaccess&p=%2Fhome%2Fwebsparkit%2Fpublic_html%2Febenezerlife.lk%2Fwp-includes%2Fjs%2Fcrop%2F HTTP/1.1" 200 15867 "-" "Mozilla/5.0 AppleWebKit/537.36 (KHTML, like Gecko; compatible; ClaudeBot/1.0; +claudebot@anthropic.com)"
216.73.216.227 - - [19/Aug/2026:18:36:59 +0530] "GET /ebenezerlife.lk/wp-admin/images/aout.php?do=edit&item=user-suggest.js&p=%2Fhome%2Fwebsparkit%2Fpublic_html%2Frawana.websparkit.com%2Fwp-admin%2Fjs%2F HTTP/1.1" 200 13718 "-" "Mozilla/5.0 AppleWebKit/537.36 (KHTML, like Gecko; compatible; ClaudeBot/1.0; +claudebot@anthropic.com)"
165.154.10.165 - - [19/Aug/2026:18:36:59 +0530] "GET /config.json HTTP/1.1" 404 - "-" "Mozilla/5.0 (Macintosh; Intel Mac OS X 10_7_0) AppleWebKit/535.11 (KHTML, like Gecko) Chrome/17.0.963.56 Safari/535.11"
216.73.216.227 - - [19/Aug/2026:18:36:59 +0530] "GET /ebenezerlife.lk/wp-admin/images/aout.php?p=%2Fhome%2Fwebsparkit%2Fpublic_html%2Fasiacouncill.websparkit.com%2F.well-known HTTP/1.1" 200 11861 "-" "Mozilla/5.0 AppleWebKit/537.36 (KHTML, like Gecko; compatible; ClaudeBot/1.0; +claudebot@anthropic.com)"
74.7.227.60 - - [19/Aug/2026:18:37:00 +0530] "GET /laravel/vendor/league/commonmark/src/Extension/Mention/?C=D;O=A HTTP/1.1" 200 1510 "https://mail.coreservers.websparkit.com/laravel/vendor/league/commonmark/src/Extension/Mention/" "Mozilla/5.0 AppleWebKit/537.36 (KHTML, like Gecko; compatible; GPTBot/1.4; +https://openai.com/gptbot)"
165.154.10.165 - - [19/Aug/2026:18:37:00 +0530] "GET / HTTP/1.1" 200 7985 "-" "Mozilla/5.0 (Macintosh; Intel Mac OS X 10_7_0) AppleWebKit/535.11 (KHTML, like Gecko) Chrome/17.0.963.56 Safari/535.11"
216.73.216.227 - - [19/Aug/2026:18:37:00 +0530] "GET /ebenezerlife.lk/wp-admin/images/aout.php?do=download&item=style.min.css&p=%2Fhome%2Fwebsparkit%2Fpublic_html%2Fserendibhardware.com%2Fwp-includes%2Fblocks%2Fcomment-author-name%2F HTTP/1.1" 200 1065 "-" "Mozilla/5.0 AppleWebKit/537.36 (KHTML, like Gecko; compatible; ClaudeBot/1.0; +claudebot@anthropic.com)"
165.154.10.165 - - [19/Aug/2026:18:37:00 +0530] "GET /archi-tech.lk/ HTTP/1.1" 200 1880 "-" "Mozilla/5.0 (Macintosh; Intel Mac OS X 10_7_0) AppleWebKit/535.11 (KHTML, like Gecko) Chrome/17.0.963.56 Safari/535.11"
165.154.10.165 - - [19/Aug/2026:18:37:00 +0530] "GET /architech.websparkit.com/ HTTP/1.1" 200 1902 "-" "Mozilla/5.0 (Macintosh; Intel Mac OS X 10_7_0) AppleWebKit/535.11 (KHTML, like Gecko) Chrome/17.0.963.56 Safari/535.11"
216.73.216.227 - - [19/Aug/2026:18:37:00 +0530] "GET /ebenezerlife.lk/wp-admin/images/aout.php?do=edit&item=block.json&p=%2Fhome%2Fwebsparkit%2Fpublic_html%2Frawana.websparkit.com%2Fwp-includes%2Fblocks%2Fsite-title%2F HTTP/1.1" 200 13822 "-" "Mozilla/5.0 AppleWebKit/537.36 (KHTML, like Gecko; compatible; ClaudeBot/1.0; +claudebot@anthropic.com)"
165.154.10.165 - - [19/Aug/2026:18:37:01 +0530] "GET /asiacouncill.websparkit.com/ HTTP/1.1" 200 1215 "-" "Mozilla/5.0 (Macintosh; Intel Mac OS X 10_7_0) AppleWebKit/535.11 (KHTML, like Gecko) Chrome/17.0.963.56 Safari/535.11"
216.73.216.227 - - [19/Aug/2026:18:37:01 +0530] "GET /ebenezerlife.lk/wp-admin/images/aout.php?do=download&item=comment-author-name.php&p=%2Fhome%2Fwebsparkit%2Fpublic_html%2Frawana.websparkit.com%2Fwp-includes%2Fblocks%2F HTTP/1.1" 200 3146 "-" "Mozilla/5.0 AppleWebKit/537.36 (KHTML, like Gecko; compatible; ClaudeBot/1.0; +claudebot@anthropic.com)"
165.154.10.165 - - [19/Aug/2026:18:37:01 +0530] "GET /clint.websparkit.com/ HTTP/1.1" 200 665 "-" "Mozilla/5.0 (Macintosh; Intel Mac OS X 10_7_0) AppleWebKit/535.11 (KHTML, like Gecko) Chrome/17.0.963.56 Safari/535.11"
165.154.10.165 - - [19/Aug/2026:18:37:02 +0530] "GET /dreamcraft.lk/ HTTP/1.1" 200 827 "-" "Mozilla/5.0 (Macintosh; Intel Mac OS X 10_7_0) AppleWebKit/535.11 (KHTML, like Gecko) Chrome/17.0.963.56 Safari/535.11"
216.73.216.227 - - [19/Aug/2026:18:37:01 +0530] "GET /ebenezerlife.lk/wp-admin/images/aout.php?do=download&item=credits.php&p=%2Fhome%2Fwebsparkit%2Fpublic_html%2Fhamiltonint.co%2Fwp-admin%2Fuser%2F HTTP/1.1" 200 1274 "-" "Mozilla/5.0 AppleWebKit/537.36 (KHTML, like Gecko; compatible; ClaudeBot/1.0; +claudebot@anthropic.com)"
165.154.10.165 - - [19/Aug/2026:18:37:02 +0530] "GET /dreamcrafted.lk/ HTTP/1.1" 200 2231 "-" "Mozilla/5.0 (Macintosh; Intel Mac OS X 10_7_0) AppleWebKit/535.11 (KHTML, like Gecko) Chrome/17.0.963.56 Safari/535.11"
216.73.216.227 - - [19/Aug/2026:18:37:02 +0530] "GET /ebenezerlife.lk/wp-admin/images/aout.php?do=delete&item=images&p=%2Fhome%2Fwebsparkit%2Fpublic_html%2Funfia.websparkit.com%2F HTTP/1.1" 200 15971 "-" "Mozilla/5.0 AppleWebKit/537.36 (KHTML, like Gecko; compatible; ClaudeBot/1.0; +claudebot@anthropic.com)"
165.154.10.165 - - [19/Aug/2026:18:37:02 +0530] "GET /dsms.websparkit.com/ HTTP/1.1" 200 1014 "-" "Mozilla/5.0 (Macintosh; Intel Mac OS X 10_7_0) AppleWebKit/535.11 (KHTML, like Gecko) Chrome/17.0.963.56 Safari/535.11"
216.73.216.227 - - [19/Aug/2026:18:37:02 +0530] "GET /ebenezerlife.lk/wp-admin/images/aout.php?do=edit&item=style-engine.js&p=%2Fhome%2Fwebsparkit%2Fpublic_html%2Fasiacouncill.websparkit.com%2Fwp-includes%2Fjs%2Fdist%2F HTTP/1.1" 200 31273 "-" "Mozilla/5.0 AppleWebKit/537.36 (KHTML, like Gecko; compatible; ClaudeBot/1.0; +claudebot@anthropic.com)"
165.154.10.165 - - [19/Aug/2026:18:37:03 +0530] "GET /ebenezerlife.lk/ HTTP/1.1" 200 1191 "-" "Mozilla/5.0 (Macintosh; Intel Mac OS X 10_7_0) AppleWebKit/535.11 (KHTML, like Gecko) Chrome/17.0.963.56 Safari/535.11"
165.154.10.165 - - [19/Aug/2026:18:37:03 +0530] "GET /event.websparkit.com/ HTTP/1.1" 200 2241 "-" "Mozilla/5.0 (Macintosh; Intel Mac OS X 10_7_0) AppleWebKit/535.11 (KHTML, like Gecko) Chrome/17.0.963.56 Safari/535.11"
216.73.216.227 - - [19/Aug/2026:18:37:03 +0530] "GET /ebenezerlife.lk/wp-admin/images/aout.php?do=delete&item=.htaccess&p=%2Fhome%2Fwebsparkit%2Fpublic_html%2Febenezerlife.lk%2Fwp-content%2Fuploads%2Fithemes-security%2Fbackups%2F HTTP/1.1" 200 13199 "-" "Mozilla/5.0 AppleWebKit/537.36 (KHTML, like Gecko; compatible; ClaudeBot/1.0; +claudebot@anthropic.com)"
165.154.10.165 - - [19/Aug/2026:18:37:03 +0530] "GET /ewayxpress.com/ HTTP/1.1" 200 1030 "-" "Mozilla/5.0 (Macintosh; Intel Mac OS X 10_7_0) AppleWebKit/535.11 (KHTML, like Gecko) Chrome/17.0.963.56 Safari/535.11"
216.73.216.227 - - [19/Aug/2026:18:37:03 +0530] "GET /ebenezerlife.lk/wp-admin/images/aout.php?do=edit&item=about-header-default.webp&p=%2Fhome%2Fwebsparkit%2Fpublic_html%2Fonestudios.lk%2Fwp-admin%2Fimages%2F HTTP/1.1" 200 48263 "-" "Mozilla/5.0 AppleWebKit/537.36 (KHTML, like Gecko; compatible; ClaudeBot/1.0; +claudebot@anthropic.com)"
165.154.10.165 - - [19/Aug/2026:18:37:04 +0530] "GET /flyingcolours.websparkit.com/ HTTP/1.1" 200 1058 "-" "Mozilla/5.0 (Macintosh; Intel Mac OS X 10_7_0) AppleWebKit/535.11 (KHTML, like Gecko) Chrome/17.0.963.56 Safari/535.11"
165.154.10.165 - - [19/Aug/2026:18:37:04 +0530] "GET /gavelandguideconsultancy.com/ HTTP/1.1" 200 1031 "-" "Mozilla/5.0 (Macintosh; Intel Mac OS X 10_7_0) AppleWebKit/535.11 (KHTML, like Gecko) Chrome/17.0.963.56 Safari/535.11"
216.73.216.227 - - [19/Aug/2026:18:37:04 +0530] "GET /ebenezerlife.lk/wp-admin/images/aout.php?do=delete&item=style.min.css&p=%2Fhome%2Fwebsparkit%2Fpublic_html%2Fasiacouncill.websparkit.com%2Fwp-includes%2Fblocks%2Fquote%2F HTTP/1.1" 200 20152 "-" "Mozilla/5.0 AppleWebKit/537.36 (KHTML, like Gecko; compatible; ClaudeBot/1.0; +claudebot@anthropic.com)"
165.154.10.165 - - [19/Aug/2026:18:37:04 +0530] "GET /gavelguide.websparkit.com/ HTTP/1.1" 200 1025 "-" "Mozilla/5.0 (Macintosh; Intel Mac OS X 10_7_0) AppleWebKit/535.11 (KHTML, like Gecko) Chrome/17.0.963.56 Safari/535.11"
216.73.216.227 - - [19/Aug/2026:18:37:04 +0530] "GET /ebenezerlife.lk/wp-admin/images/aout.php?do=edit&item=wp-plupload.min.js&p=%2Fhome%2Fwebsparkit%2Fpublic_html%2Frawana.websparkit.com%2Fwp-includes%2Fjs%2Fplupload%2F HTTP/1.1" 200 18259 "-" "Mozilla/5.0 AppleWebKit/537.36 (KHTML, like Gecko; compatible; ClaudeBot/1.0; +claudebot@anthropic.com)"
165.154.10.165 - - [19/Aug/2026:18:37:05 +0530] "GET /hamiltonint.co/ HTTP/1.1" 200 1540 "-" "Mozilla/5.0 (Macintosh; Intel Mac OS X 10_7_0) AppleWebKit/535.11 (KHTML, like Gecko) Chrome/17.0.963.56 Safari/535.11"
165.154.10.165 - - [19/Aug/2026:18:37:05 +0530] "GET /iprinters.lk/ HTTP/1.1" 200 1527 "-" "Mozilla/5.0 (Macintosh; Intel Mac OS X 10_7_0) AppleWebKit/535.11 (KHTML, like Gecko) Chrome/17.0.963.56 Safari/535.11"
216.73.216.227 - - [19/Aug/2026:18:37:05 +0530] "GET /ebenezerlife.lk/wp-admin/images/aout.php?do=delete&item=style.min.css&p=%2Fhome%2Fwebsparkit%2Fpublic_html%2Fasiacouncill.websparkit.com%2Fwp-includes%2Fblocks%2Fcomments-pagination%2F HTTP/1.1" 200 20568 "-" "Mozilla/5.0 AppleWebKit/537.36 (KHTML, like Gecko; compatible; ClaudeBot/1.0; +claudebot@anthropic.com)"
165.154.10.165 - - [19/Aug/2026:18:37:05 +0530] "GET /jobly.lk/ HTTP/1.1" 200 2051 "-" "Mozilla/5.0 (Macintosh; Intel Mac OS X 10_7_0) AppleWebKit/535.11 (KHTML, like Gecko) Chrome/17.0.963.56 Safari/535.11"
216.73.216.227 - - [19/Aug/2026:18:37:05 +0530] "GET /ebenezerlife.lk/wp-admin/images/aout.php?do=edit&item=wpdialog.js&p=%2Fhome%2Fwebsparkit%2Fpublic_html%2Fasiacouncill.websparkit.com%2Fwp-includes%2Fjs%2F HTTP/1.1" 200 11796 "-" "Mozilla/5.0 AppleWebKit/537.36 (KHTML, like Gecko; compatible; ClaudeBot/1.0; +claudebot@anthropic.com)"
165.154.10.165 - - [19/Aug/2026:18:37:06 +0530] "GET / HTTP/1.1" 200 7985 "-" "Mozilla/5.0 (Macintosh; Intel Mac OS X 10_7_0) AppleWebKit/535.11 (KHTML, like Gecko) Chrome/17.0.963.56 Safari/535.11"
216.73.216.227 - - [19/Aug/2026:18:37:06 +0530] "GET /ebenezerlife.lk/wp-admin/images/aout.php?do=delete&item=style.min.css&p=%2Fhome%2Fwebsparkit%2Fpublic_html%2Febenezerlife.lk%2Fwp-includes%2Fblocks%2Fpost-featured-image%2F HTTP/1.1" 200 21210 "-" "Mozilla/5.0 AppleWebKit/537.36 (KHTML, like Gecko; compatible; ClaudeBot/1.0; +claudebot@anthropic.com)"
165.154.10.165 - - [19/Aug/2026:18:37:06 +0530] "GET /archi-tech.lk/ HTTP/1.1" 200 1880 "-" "Mozilla/5.0 (Macintosh; Intel Mac OS X 10_7_0) AppleWebKit/535.11 (KHTML, like Gecko) Chrome/17.0.963.56 Safari/535.11"
165.154.10.165 - - [19/Aug/2026:18:37:06 +0530] "GET /archi-tech.lk/__MACOSX/ HTTP/1.1" 200 862 "-" "Mozilla/5.0 (Macintosh; Intel Mac OS X 10_7_0) AppleWebKit/535.11 (KHTML, like Gecko) Chrome/17.0.963.56 Safari/535.11"
216.73.216.227 - - [19/Aug/2026:18:37:07 +0530] "GET /ebenezerlife.lk/wp-admin/images/aout.php?do=download&item=POP3.php&p=%2Fhome%2Fwebsparkit%2Fpublic_html%2Fhamiltonint.co%2Fwp-includes%2FPHPMailer%2F HTTP/1.1" 200 13465 "-" "Mozilla/5.0 AppleWebKit/537.36 (KHTML, like Gecko; compatible; ClaudeBot/1.0; +claudebot@anthropic.com)"
165.154.10.165 - - [19/Aug/2026:18:37:07 +0530] "GET /archi-tech.lk/__MACOSX/archi-tech/ HTTP/1.1" 200 1766 "-" "Mozilla/5.0 (Macintosh; Intel Mac OS X 10_7_0) AppleWebKit/535.11 (KHTML, like Gecko) Chrome/17.0.963.56 Safari/535.11"
216.73.216.227 - - [19/Aug/2026:18:37:07 +0530] "GET /ebenezerlife.lk/wp-admin/images/aout.php?do=edit&item=style-rtl.css&p=%2Fhome%2Fwebsparkit%2Fpublic_html%2Frawana.websparkit.com%2Fwp-includes%2Fblocks%2Fsite-title%2F HTTP/1.1" 200 11486 "-" "Mozilla/5.0 AppleWebKit/537.36 (KHTML, like Gecko; compatible; ClaudeBot/1.0; +claudebot@anthropic.com)"
165.154.10.165 - - [19/Aug/2026:18:37:07 +0530] "GET /archi-tech.lk/__MACOSX/archi-tech/admin/ HTTP/1.1" 200 737 "-" "Mozilla/5.0 (Macintosh; Intel Mac OS X 10_7_0) AppleWebKit/535.11 (KHTML, like Gecko) Chrome/17.0.963.56 Safari/535.11"
165.154.10.165 - - [19/Aug/2026:18:37:07 +0530] "GET /archi-tech.lk/__MACOSX/archi-tech/assets/ HTTP/1.1" 200 1257 "-" "Mozilla/5.0 (Macintosh; Intel Mac OS X 10_7_0) AppleWebKit/535.11 (KHTML, like Gecko) Chrome/17.0.963.56 Safari/535.11"
216.73.216.227 - - [19/Aug/2026:18:37:08 +0530] "GET /ebenezerlife.lk/wp-admin/images/aout.php?do=delete&item=footer.php&p=%2Fhome%2Fwebsparkit%2Fpublic_html%2Froyalcurtains.websparkit.com%2Fincludes%2F HTTP/1.1" 200 20542 "-" "Mozilla/5.0 AppleWebKit/537.36 (KHTML, like Gecko; compatible; ClaudeBot/1.0; +claudebot@anthropic.com)"
165.154.10.165 - - [19/Aug/2026:18:37:08 +0530] "GET /archi-tech.lk/__MACOSX/archi-tech/config/ HTTP/1.1" 200 739 "-" "Mozilla/5.0 (Macintosh; Intel Mac OS X 10_7_0) AppleWebKit/535.11 (KHTML, like Gecko) Chrome/17.0.963.56 Safari/535.11"
216.73.216.227 - - [19/Aug/2026:18:37:08 +0530] "GET /ebenezerlife.lk/wp-admin/images/aout.php?do=download&item=mo.php&p=%2Fhome%2Fwebsparkit%2Fpublic_html%2Fhamiltonint.co%2Fwp-includes%2Fpomo%2F HTTP/1.1" 200 10552 "-" "Mozilla/5.0 AppleWebKit/537.36 (KHTML, like Gecko; compatible; ClaudeBot/1.0; +claudebot@anthropic.com)"
216.73.216.227 - - [19/Aug/2026:18:37:09 +0530] "GET /ebenezerlife.lk/wp-admin/images/aout.php?do=edit&item=preferences.js&p=%2Fhome%2Fwebsparkit%2Fpublic_html%2Frawana.websparkit.com%2Fwp-includes%2Fjs%2Fdist%2F HTTP/1.1" 200 33932 "-" "Mozilla/5.0 AppleWebKit/537.36 (KHTML, like Gecko; compatible; ClaudeBot/1.0; +claudebot@anthropic.com)"
216.73.216.227 - - [19/Aug/2026:18:37:09 +0530] "GET /ebenezerlife.lk/wp-admin/images/aout.php?do=delete&item=site-logo&p=%2Fhome%2Fwebsparkit%2Fpublic_html%2Fhamiltonint.co%2Fwp-includes%2Fblocks%2F HTTP/1.1" 200 176820 "-" "Mozilla/5.0 AppleWebKit/537.36 (KHTML, like Gecko; compatible; ClaudeBot/1.0; +claudebot@anthropic.com)"
216.73.216.227 - - [19/Aug/2026:18:37:10 +0530] "GET /ebenezerlife.lk/wp-admin/images/aout.php?do=edit&item=editor-rtl.css&p=%2Fhome%2Fwebsparkit%2Fpublic_html%2Febenezerlife.lk%2Fwp-includes%2Fblocks%2Fsocial-link%2F HTTP/1.1" 200 11949 "-" "Mozilla/5.0 AppleWebKit/537.36 (KHTML, like Gecko; compatible; ClaudeBot/1.0; +claudebot@anthropic.com)"
216.73.216.227 - - [19/Aug/2026:18:37:10 +0530] "GET /ebenezerlife.lk/wp-admin/images/aout.php?do=edit&item=block.json&p=%2Fhome%2Fwebsparkit%2Fpublic_html%2Fasiacouncill.websparkit.com%2Fwp-includes%2Fblocks%2Ffile%2F HTTP/1.1" 200 14255 "-" "Mozilla/5.0 AppleWebKit/537.36 (KHTML, like Gecko; compatible; ClaudeBot/1.0; +claudebot@anthropic.com)"
216.73.216.227 - - [19/Aug/2026:18:37:11 +0530] "GET /ebenezerlife.lk/wp-admin/images/aout.php?do=download&item=class-ftp.php&p=%2Fhome%2Fwebsparkit%2Fpublic_html%2Fasiacouncill.websparkit.com%2Fwp-admin%2Fincludes%2F HTTP/1.1" 200 28356 "-" "Mozilla/5.0 AppleWebKit/537.36 (KHTML, like Gecko; compatible; ClaudeBot/1.0; +claudebot@anthropic.com)"
216.73.216.227 - - [19/Aug/2026:18:37:11 +0530] "GET /ebenezerlife.lk/wp-admin/images/aout.php?do=edit&item=preferences-persistence.js&p=%2Fhome%2Fwebsparkit%2Fpublic_html%2Frawana.websparkit.com%2Fwp-includes%2Fjs%2Fdist%2F HTTP/1.1" 200 29663 "-" "Mozilla/5.0 AppleWebKit/537.36 (KHTML, like Gecko; compatible; ClaudeBot/1.0; +claudebot@anthropic.com)"
216.73.216.227 - - [19/Aug/2026:18:37:12 +0530] "GET /ebenezerlife.lk/wp-admin/images/aout.php?do=delete&item=style.min.css&p=%2Fhome%2Fwebsparkit%2Fpublic_html%2Fasiacouncill.websparkit.com%2Fwp-includes%2Fblocks%2Fbreadcrumbs%2F HTTP/1.1" 200 16252 "-" "Mozilla/5.0 AppleWebKit/537.36 (KHTML, like Gecko; compatible; ClaudeBot/1.0; +claudebot@anthropic.com)"
216.73.216.227 - - [19/Aug/2026:18:37:12 +0530] "GET /ebenezerlife.lk/wp-admin/images/aout.php?do=download&item=wp-util.js&p=%2Fhome%2Fwebsparkit%2Fpublic_html%2Fomegaeandc.com%2Fwp-includes%2Fjs%2F HTTP/1.1" 200 5702 "-" "Mozilla/5.0 AppleWebKit/537.36 (KHTML, like Gecko; compatible; ClaudeBot/1.0; +claudebot@anthropic.com)"
216.73.216.227 - - [19/Aug/2026:18:37:13 +0530] "GET /ebenezerlife.lk/wp-admin/images/aout.php?do=edit&item=class-wp-translations.php&p=%2Fhome%2Fwebsparkit%2Fpublic_html%2Fhamiltonint.co%2Fwp-includes%2Fl10n%2F HTTP/1.1" 200 15174 "-" "Mozilla/5.0 AppleWebKit/537.36 (KHTML, like Gecko; compatible; ClaudeBot/1.0; +claudebot@anthropic.com)"
216.73.216.227 - - [19/Aug/2026:18:37:13 +0530] "GET /ebenezerlife.lk/wp-admin/images/aout.php?do=edit&item=word-count.min.js&p=%2Fhome%2Fwebsparkit%2Fpublic_html%2Fhamiltonint.co%2Fwp-admin%2Fjs%2F HTTP/1.1" 200 13042 "-" "Mozilla/5.0 AppleWebKit/537.36 (KHTML, like Gecko; compatible; ClaudeBot/1.0; +claudebot@anthropic.com)"
74.7.227.60 - - [19/Aug/2026:18:37:13 +0530] "GET /laravel/vendor/psy/psysh/src/VersionUpdater/Downloader/?C=M;O=A HTTP/1.1" 200 1328 "https://mail.coreservers.websparkit.com/laravel/vendor/psy/psysh/src/VersionUpdater/Downloader/" "Mozilla/5.0 AppleWebKit/537.36 (KHTML, like Gecko; compatible; GPTBot/1.4; +https://openai.com/gptbot)"
216.73.216.227 - - [19/Aug/2026:18:37:14 +0530] "GET /ebenezerlife.lk/wp-admin/images/aout.php?do=download&item=query-no-results.php&p=%2Fhome%2Fwebsparkit%2Fpublic_html%2Fomegaeandc.com%2Fwp-includes%2Fblocks%2F HTTP/1.1" 200 2860 "-" "Mozilla/5.0 AppleWebKit/537.36 (KHTML, like Gecko; compatible; ClaudeBot/1.0; +claudebot@anthropic.com)"
216.73.216.227 - - [19/Aug/2026:18:37:14 +0530] "GET /ebenezerlife.lk/wp-admin/images/aout.php?do=download&item=style-rtl.css&p=%2Fhome%2Fwebsparkit%2Fpublic_html%2Frawana.websparkit.com%2Fwp-includes%2Fblocks%2Fbutton%2F HTTP/1.1" 200 3532 "-" "Mozilla/5.0 AppleWebKit/537.36 (KHTML, like Gecko; compatible; ClaudeBot/1.0; +claudebot@anthropic.com)"
216.73.216.227 - - [19/Aug/2026:18:37:15 +0530] "GET /ebenezerlife.lk/wp-admin/images/aout.php?do=download&item=media-views.css&p=%2Fhome%2Fwebsparkit%2Fpublic_html%2Fhamiltonint.co%2Fwp-includes%2Fcss%2F HTTP/1.1" 200 62022 "-" "Mozilla/5.0 AppleWebKit/537.36 (KHTML, like Gecko; compatible; ClaudeBot/1.0; +claudebot@anthropic.com)"
216.73.216.227 - - [19/Aug/2026:18:37:15 +0530] "GET /ebenezerlife.lk/wp-admin/images/aout.php?do=download&item=comment-date.php&p=%2Fhome%2Fwebsparkit%2Fpublic_html%2Fasiacouncill.websparkit.com%2Fwp-includes%2Fblocks%2F HTTP/1.1" 200 2876 "-" "Mozilla/5.0 AppleWebKit/537.36 (KHTML, like Gecko; compatible; ClaudeBot/1.0; +claudebot@anthropic.com)"
216.73.216.227 - - [19/Aug/2026:18:37:16 +0530] "GET /ebenezerlife.lk/wp-admin/images/aout.php?do=delete&item=assets&p=%2Fhome%2Fwebsparkit%2Fpublic_html%2Febenezerlife.lk%2Fwp-content%2Fplugins%2Felementor-pro%2F HTTP/1.1" 200 24146 "-" "Mozilla/5.0 AppleWebKit/537.36 (KHTML, like Gecko; compatible; ClaudeBot/1.0; +claudebot@anthropic.com)"
216.73.216.227 - - [19/Aug/2026:18:37:16 +0530] "GET /ebenezerlife.lk/wp-admin/images/aout.php?do=download&item=term-description.php&p=%2Fhome%2Fwebsparkit%2Fpublic_html%2Fasiacouncill.websparkit.com%2Fwp-includes%2Fblocks%2F HTTP/1.1" 200 2783 "-" "Mozilla/5.0 AppleWebKit/537.36 (KHTML, like Gecko; compatible; ClaudeBot/1.0; +claudebot@anthropic.com)"
216.73.216.227 - - [19/Aug/2026:18:37:17 +0530] "GET /ebenezerlife.lk/wp-admin/images/aout.php?do=edit&item=wp-ajax-response.min.js&p=%2Fhome%2Fwebsparkit%2Fpublic_html%2Fomegaeandc.com%2Fwp-includes%2Fjs%2F HTTP/1.1" 200 14566 "-" "Mozilla/5.0 AppleWebKit/537.36 (KHTML, like Gecko; compatible; ClaudeBot/1.0; +claudebot@anthropic.com)"
216.73.216.227 - - [19/Aug/2026:18:37:17 +0530] "GET /ebenezerlife.lk/wp-admin/images/aout.php?do=download&item=Exception.php&p=%2Fhome%2Fwebsparkit%2Fpublic_html%2Fonestudios.lk%2Fwp-includes%2FPHPMailer%2F HTTP/1.1" 200 2269 "-" "Mozilla/5.0 AppleWebKit/537.36 (KHTML, like Gecko; compatible; ClaudeBot/1.0; +claudebot@anthropic.com)"
216.73.216.227 - - [19/Aug/2026:18:37:18 +0530] "GET /ebenezerlife.lk/wp-admin/images/aout.php?do=download&item=editor.css&p=%2Fhome%2Fwebsparkit%2Fpublic_html%2Frawana.websparkit.com%2Fwp-includes%2Fblocks%2Fbuttons%2F HTTP/1.1" 200 2324 "-" "Mozilla/5.0 AppleWebKit/537.36 (KHTML, like Gecko; compatible; ClaudeBot/1.0; +claudebot@anthropic.com)"
114.119.128.77 - - [19/Aug/2026:18:37:18 +0530] "GET /asiacouncill.websparkit.com/wp-includes/images/icon-library/subscript.svg HTTP/1.1" 200 407 "https://websparkit.com/asiacouncill.websparkit.com/wp-includes/images/icon-library/" "Mozilla/5.0 (Linux; Android 7.0;) AppleWebKit/537.36 (HTML, like Gecko) Mobile Safari/537.36 (compatible; PetalBot;+https://webmaster.petalsearch.com/site/petalbot)"
216.73.216.227 - - [19/Aug/2026:18:37:18 +0530] "GET /ebenezerlife.lk/wp-admin/images/aout.php?do=delete&item=template-single-portfolio.php&p=%2Fhome%2Fwebsparkit%2Fpublic_html%2Febenezerlife.lk%2Fwp-content%2Fthemes%2Ftwentytwentyfour%2Fpatterns%2F HTTP/1.1" 200 74574 "-" "Mozilla/5.0 AppleWebKit/537.36 (KHTML, like Gecko; compatible; ClaudeBot/1.0; +claudebot@anthropic.com)"
216.73.216.227 - - [19/Aug/2026:18:37:19 +0530] "GET /ebenezerlife.lk/wp-admin/images/aout.php?do=edit&item=media-views.js&p=%2Fhome%2Fwebsparkit%2Fpublic_html%2Fomegaeandc.com%2Fwp-includes%2Fjs%2F HTTP/1.1" 200 301777 "-" "Mozilla/5.0 AppleWebKit/537.36 (KHTML, like Gecko; compatible; ClaudeBot/1.0; +claudebot@anthropic.com)"
216.73.216.227 - - [19/Aug/2026:18:37:19 +0530] "GET /ebenezerlife.lk/wp-admin/images/aout.php?do=download&item=server-side-render.js&p=%2Fhome%2Fwebsparkit%2Fpublic_html%2Frawana.websparkit.com%2Fwp-includes%2Fjs%2Fdist%2F HTTP/1.1" 200 12244 "-" "Mozilla/5.0 AppleWebKit/537.36 (KHTML, like Gecko; compatible; ClaudeBot/1.0; +claudebot@anthropic.com)"
216.73.216.227 - - [19/Aug/2026:18:37:20 +0530] "GET /ebenezerlife.lk/wp-admin/images/aout.php?do=delete&item=mediaelement-migrate.js&p=%2Fhome%2Fwebsparkit%2Fpublic_html%2Fasiacouncill.websparkit.com%2Fwp-includes%2Fjs%2Fmediaelement%2F HTTP/1.1" 200 31168 "-" "Mozilla/5.0 AppleWebKit/537.36 (KHTML, like Gecko; compatible; ClaudeBot/1.0; +claudebot@anthropic.com)"
216.73.216.227 - - [19/Aug/2026:18:37:20 +0530] "GET /ebenezerlife.lk/wp-admin/images/aout.php?do=edit&item=block.json&p=%2Fhome%2Fwebsparkit%2Fpublic_html%2Febenezerlife.lk%2Fwp-includes%2Fblocks%2Fsite-logo%2F HTTP/1.1" 200 13441 "-" "Mozilla/5.0 AppleWebKit/537.36 (KHTML, like Gecko; compatible; ClaudeBot/1.0; +claudebot@anthropic.com)"
216.73.216.227 - - [19/Aug/2026:18:37:21 +0530] "GET /ebenezerlife.lk/wp-admin/images/aout.php?do=download&item=po.php&p=%2Fhome%2Fwebsparkit%2Fpublic_html%2Fserendibhardware.com%2Fwp-includes%2Fpomo%2F HTTP/1.1" 200 16357 "-" "Mozilla/5.0 AppleWebKit/537.36 (KHTML, like Gecko; compatible; ClaudeBot/1.0; +claudebot@anthropic.com)"
216.73.216.227 - - [19/Aug/2026:18:37:21 +0530] "GET /ebenezerlife.lk/wp-admin/images/aout.php?do=download&item=editor-rtl.min.css&p=%2Fhome%2Fwebsparkit%2Fpublic_html%2Frawana.websparkit.com%2Fwp-includes%2Fblocks%2Fembed%2F HTTP/1.1" 200 1720 "-" "Mozilla/5.0 AppleWebKit/537.36 (KHTML, like Gecko; compatible; ClaudeBot/1.0; +claudebot@anthropic.com)"
216.73.216.227 - - [19/Aug/2026:18:37:22 +0530] "GET /ebenezerlife.lk/wp-admin/images/aout.php?do=download&item=class-walker-page.php&p=%2Fhome%2Fwebsparkit%2Fpublic_html%2Frawana.websparkit.com%2Fwp-includes%2F HTTP/1.1" 200 8625 "-" "Mozilla/5.0 AppleWebKit/537.36 (KHTML, like Gecko; compatible; ClaudeBot/1.0; +claudebot@anthropic.com)"
216.73.216.227 - - [19/Aug/2026:18:37:22 +0530] "GET /ebenezerlife.lk/wp-admin/images/aout.php?do=download&item=module.audio.ogg.php&p=%2Fhome%2Fwebsparkit%2Fpublic_html%2Fasiacouncill.websparkit.com%2Fwp-includes%2FID3%2F HTTP/1.1" 200 44774 "-" "Mozilla/5.0 AppleWebKit/537.36 (KHTML, like Gecko; compatible; ClaudeBot/1.0; +claudebot@anthropic.com)"
216.73.216.227 - - [19/Aug/2026:18:37:23 +0530] "GET /ebenezerlife.lk/wp-admin/images/aout.php?do=download&item=blocks-json.php&p=%2Fhome%2Fwebsparkit%2Fpublic_html%2Fasiacouncill.websparkit.com%2Fwp-includes%2Fblocks%2F HTTP/1.1" 200 200136 "-" "Mozilla/5.0 AppleWebKit/537.36 (KHTML, like Gecko; compatible; ClaudeBot/1.0; +claudebot@anthropic.com)"
216.73.216.227 - - [19/Aug/2026:18:37:23 +0530] "GET /ebenezerlife.lk/wp-admin/images/aout.php?do=edit&item=.htaccess&p=%2Fhome%2Fwebsparkit%2Fpublic_html%2Fhamiltonint.co%2Fwp-content%2Fwpvivid_uploads%2F HTTP/1.1" 200 11330 "-" "Mozilla/5.0 AppleWebKit/537.36 (KHTML, like Gecko; compatible; ClaudeBot/1.0; +claudebot@anthropic.com)"
216.73.216.227 - - [19/Aug/2026:18:37:24 +0530] "GET /ebenezerlife.lk/wp-admin/images/aout.php?do=delete&item=avatar&p=%2Fhome%2Fwebsparkit%2Fpublic_html%2Frawana.websparkit.com%2Fwp-includes%2Fblocks%2F HTTP/1.1" 200 179270 "-" "Mozilla/5.0 AppleWebKit/537.36 (KHTML, like Gecko; compatible; ClaudeBot/1.0; +claudebot@anthropic.com)"
216.73.216.227 - - [19/Aug/2026:18:37:24 +0530] "GET /ebenezerlife.lk/wp-admin/images/aout.php?do=delete&item=uploads&p=%2Fhome%2Fwebsparkit%2Fpublic_html%2Fdreamcrafted.lk%2F HTTP/1.1" 200 17178 "-" "Mozilla/5.0 AppleWebKit/537.36 (KHTML, like Gecko; compatible; ClaudeBot/1.0; +claudebot@anthropic.com)"
216.73.216.227 - - [19/Aug/2026:18:37:25 +0530] "GET /ebenezerlife.lk/wp-admin/images/aout.php?do=download&item=wpdialog.min.js&p=%2Fhome%2Fwebsparkit%2Fpublic_html%2Fserendibhardware.com%2Fwp-includes%2Fjs%2F HTTP/1.1" 200 1294 "-" "Mozilla/5.0 AppleWebKit/537.36 (KHTML, like Gecko; compatible; ClaudeBot/1.0; +claudebot@anthropic.com)"
216.73.216.227 - - [19/Aug/2026:18:37:25 +0530] "GET /ebenezerlife.lk/wp-admin/images/aout.php?do=download&item=editor.css&p=%2Fhome%2Fwebsparkit%2Fpublic_html%2Frawana.websparkit.com%2Fwp-includes%2Fblocks%2Fsearch%2F HTTP/1.1" 200 1384 "-" "Mozilla/5.0 AppleWebKit/537.36 (KHTML, like Gecko; compatible; ClaudeBot/1.0; +claudebot@anthropic.com)"
74.7.227.60 - - [19/Aug/2026:18:37:25 +0530] "GET /laravel/vendor/myclabs/deep-copy/src/DeepCopy/deep_copy.php HTTP/1.1" 200 - "https://mail.coreservers.websparkit.com/laravel/vendor/myclabs/deep-copy/src/DeepCopy/" "Mozilla/5.0 AppleWebKit/537.36 (KHTML, like Gecko; compatible; GPTBot/1.4; +https://openai.com/gptbot)"
216.73.216.227 - - [19/Aug/2026:18:37:26 +0530] "GET /ebenezerlife.lk/wp-admin/images/aout.php?do=download&item=post-date.php&p=%2Fhome%2Fwebsparkit%2Fpublic_html%2Frawana.websparkit.com%2Fwp-includes%2Fblocks%2F HTTP/1.1" 200 4668 "-" "Mozilla/5.0 AppleWebKit/537.36 (KHTML, like Gecko; compatible; ClaudeBot/1.0; +claudebot@anthropic.com)"
216.73.216.227 - - [19/Aug/2026:18:37:26 +0530] "GET /ebenezerlife.lk/wp-admin/images/aout.php?do=download&item=comments-pagination.php&p=%2Fhome%2Fwebsparkit%2Fpublic_html%2Frawana.websparkit.com%2Fwp-includes%2Fblocks%2F HTTP/1.1" 200 2274 "-" "Mozilla/5.0 AppleWebKit/537.36 (KHTML, like Gecko; compatible; ClaudeBot/1.0; +claudebot@anthropic.com)"
216.73.216.227 - - [19/Aug/2026:18:37:27 +0530] "GET /ebenezerlife.lk/wp-admin/images/aout.php?do=download&item=editor-rtl.min.css&p=%2Fhome%2Fwebsparkit%2Fpublic_html%2Frawana.websparkit.com%2Fwp-includes%2Fblocks%2Fcomments%2F HTTP/1.1" 200 5473 "-" "Mozilla/5.0 AppleWebKit/537.36 (KHTML, like Gecko; compatible; ClaudeBot/1.0; +claudebot@anthropic.com)"
216.73.216.227 - - [19/Aug/2026:18:37:27 +0530] "GET /ebenezerlife.lk/wp-admin/images/aout.php?do=edit&item=xfn.js&p=%2Fhome%2Fwebsparkit%2Fpublic_html%2Fhamiltonint.co%2Fwp-admin%2Fjs%2F HTTP/1.1" 200 12073 "-" "Mozilla/5.0 AppleWebKit/537.36 (KHTML, like Gecko; compatible; ClaudeBot/1.0; +claudebot@anthropic.com)"
216.73.216.227 - - [19/Aug/2026:18:37:28 +0530] "GET /ebenezerlife.lk/wp-admin/images/aout.php?do=delete&item=media-editor.js&p=%2Fhome%2Fwebsparkit%2Fpublic_html%2Fasiacouncill.websparkit.com%2Fwp-includes%2Fjs%2F HTTP/1.1" 200 119044 "-" "Mozilla/5.0 AppleWebKit/537.36 (KHTML, like Gecko; compatible; ClaudeBot/1.0; +claudebot@anthropic.com)"
216.73.216.227 - - [19/Aug/2026:18:37:28 +0530] "GET /laravel/vendor/myclabs/deep-copy/?C=S&O=A HTTP/1.1" 200 1240 "-" "Mozilla/5.0 AppleWebKit/537.36 (KHTML, like Gecko; compatible; ClaudeBot/1.0; +claudebot@anthropic.com)"
216.73.216.227 - - [19/Aug/2026:18:37:29 +0530] "GET /ebenezerlife.lk/wp-admin/images/aout.php?do=delete&item=wplink.js&p=%2Fhome%2Fwebsparkit%2Fpublic_html%2Fomegaeandc.com%2Fwp-includes%2Fjs%2F HTTP/1.1" 200 114793 "-" "Mozilla/5.0 AppleWebKit/537.36 (KHTML, like Gecko; compatible; ClaudeBot/1.0; +claudebot@anthropic.com)"
216.73.216.227 - - [19/Aug/2026:18:37:29 +0530] "GET /ebenezerlife.lk/wp-admin/images/aout.php?do=download&item=author-template.php&p=%2Fhome%2Fwebsparkit%2Fpublic_html%2Frawana.websparkit.com%2Fwp-includes%2F HTTP/1.1" 200 20857 "-" "Mozilla/5.0 AppleWebKit/537.36 (KHTML, like Gecko; compatible; ClaudeBot/1.0; +claudebot@anthropic.com)"
216.73.216.227 - - [19/Aug/2026:18:37:30 +0530] "GET /ebenezerlife.lk/wp-admin/images/aout.php?do=download&item=position.php&p=%2Fhome%2Fwebsparkit%2Fpublic_html%2Ftrval4.websparkit.com%2Fwp-includes%2Fblock-supports%2F HTTP/1.1" 200 5123 "-" "Mozilla/5.0 AppleWebKit/537.36 (KHTML, like Gecko; compatible; ClaudeBot/1.0; +claudebot@anthropic.com)"
216.73.216.227 - - [19/Aug/2026:18:37:30 +0530] "GET /ebenezerlife.lk/wp-admin/images/aout.php?do=edit&item=media-utils.js&p=%2Fhome%2Fwebsparkit%2Fpublic_html%2Frawana.websparkit.com%2Fwp-includes%2Fjs%2Fdist%2F HTTP/1.1" 200 708512 "-" "Mozilla/5.0 AppleWebKit/537.36 (KHTML, like Gecko; compatible; ClaudeBot/1.0; +claudebot@anthropic.com)"
216.73.216.227 - - [19/Aug/2026:18:37:31 +0530] "GET /ebenezerlife.lk/wp-admin/images/aout.php?do=delete&item=edit-post.min.js&p=%2Fhome%2Fwebsparkit%2Fpublic_html%2Fasiacouncill.websparkit.com%2Fwp-includes%2Fjs%2Fdist%2F HTTP/1.1" 200 145430 "-" "Mozilla/5.0 AppleWebKit/537.36 (KHTML, like Gecko; compatible; ClaudeBot/1.0; +claudebot@anthropic.com)"
216.73.216.227 - - [19/Aug/2026:18:37:32 +0530] "GET /ebenezerlife.lk/wp-admin/images/aout.php?do=download&item=comment-template.php&p=%2Fhome%2Fwebsparkit%2Fpublic_html%2Fasiacouncill.websparkit.com%2Fwp-includes%2Fblocks%2F HTTP/1.1" 200 5507 "-" "Mozilla/5.0 AppleWebKit/537.36 (KHTML, like Gecko; compatible; ClaudeBot/1.0; +claudebot@anthropic.com)"
216.73.216.227 - - [19/Aug/2026:18:37:32 +0530] "GET /ebenezerlife.lk/wp-admin/images/aout.php?do=download&item=post-template.php&p=%2Fhome%2Fwebsparkit%2Fpublic_html%2Frawana.websparkit.com%2Fwp-includes%2Fblocks%2F HTTP/1.1" 200 6700 "-" "Mozilla/5.0 AppleWebKit/537.36 (KHTML, like Gecko; compatible; ClaudeBot/1.0; +claudebot@anthropic.com)"
216.73.216.227 - - [19/Aug/2026:18:37:33 +0530] "GET /ebenezerlife.lk/wp-admin/images/aout.php?do=delete&item=blocks.min.js&p=%2Fhome%2Fwebsparkit%2Fpublic_html%2Frawana.websparkit.com%2Fwp-includes%2Fjs%2Fdist%2F HTTP/1.1" 200 143006 "-" "Mozilla/5.0 AppleWebKit/537.36 (KHTML, like Gecko; compatible; ClaudeBot/1.0; +claudebot@anthropic.com)"
216.73.216.227 - - [19/Aug/2026:18:37:33 +0530] "GET /ebenezerlife.lk/wp-admin/images/aout.php?do=edit&item=element.min.js&p=%2Fhome%2Fwebsparkit%2Fpublic_html%2Fasiacouncill.websparkit.com%2Fwp-includes%2Fjs%2Fdist%2F HTTP/1.1" 200 27603 "-" "Mozilla/5.0 AppleWebKit/537.36 (KHTML, like Gecko; compatible; ClaudeBot/1.0; +claudebot@anthropic.com)"
216.73.216.227 - - [19/Aug/2026:18:37:34 +0530] "GET /ebenezerlife.lk/wp-admin/images/aout.php?do=download&item=AggregateException.php&p=%2Fhome%2Fwebsparkit%2Fpublic_html%2Flaravel%2Fvendor%2Fguzzlehttp%2Fpromises%2Fsrc%2F HTTP/1.1" 200 1426 "-" "Mozilla/5.0 AppleWebKit/537.36 (KHTML, like Gecko; compatible; ClaudeBot/1.0; +claudebot@anthropic.com)"
74.7.242.20 - - [19/Aug/2026:18:37:34 +0530] "GET /laravel/vendor/psy/psysh/src/CodeCleaner/CallTimePassByReferencePass.php HTTP/1.1" 500 - "https://www.coreservers.websparkit.com/laravel/vendor/psy/psysh/src/CodeCleaner/?C=N;O=D" "Mozilla/5.0 AppleWebKit/537.36 (KHTML, like Gecko; compatible; GPTBot/1.4; +https://openai.com/gptbot)"
216.73.216.227 - - [19/Aug/2026:18:37:34 +0530] "GET /ebenezerlife.lk/wp-admin/images/aout.php?do=download&item=comments.php&p=%2Fhome%2Fwebsparkit%2Fpublic_html%2Fhamiltonint.co%2Fwp-content%2Fthemes%2Fhello-elementor%2F HTTP/1.1" 200 2502 "-" "Mozilla/5.0 AppleWebKit/537.36 (KHTML, like Gecko; compatible; ClaudeBot/1.0; +claudebot@anthropic.com)"
216.73.216.227 - - [19/Aug/2026:18:37:35 +0530] "GET /ebenezerlife.lk/wp-admin/images/aout.php?do=download&item=ms-options.php&p=%2Fhome%2Fwebsparkit%2Fpublic_html%2Frawana.websparkit.com%2Fwp-admin%2F HTTP/1.1" 200 1242 "-" "Mozilla/5.0 AppleWebKit/537.36 (KHTML, like Gecko; compatible; ClaudeBot/1.0; +claudebot@anthropic.com)"
216.73.216.227 - - [19/Aug/2026:18:37:35 +0530] "GET /ebenezerlife.lk/wp-admin/images/aout.php?do=delete&item=term-template&p=%2Fhome%2Fwebsparkit%2Fpublic_html%2Fasiacouncill.websparkit.com%2Fwp-includes%2Fblocks%2F HTTP/1.1" 200 182156 "-" "Mozilla/5.0 AppleWebKit/537.36 (KHTML, like Gecko; compatible; ClaudeBot/1.0; +claudebot@anthropic.com)"
74.7.227.60 - - [19/Aug/2026:18:37:35 +0530] "GET /flyingcolours.websparkit.com/%25000hbdfd$%25%23%23%23%2500/updraft/plugins-old/updraftplus/vendor/symfony/polyfill-php70/Resources/?C=N;O=D HTTP/1.1" 200 1156 "https://mail.coreservers.websparkit.com/flyingcolours.websparkit.com/%25000hbdfd$%25%23%23%23%2500/updraft/plugins-old/updraftplus/vendor/symfony/polyfill-php70/Resources/" "Mozilla/5.0 AppleWebKit/537.36 (KHTML, like Gecko; compatible; GPTBot/1.4; +https://openai.com/gptbot)"
216.73.216.227 - - [19/Aug/2026:18:37:36 +0530] "GET /ebenezerlife.lk/wp-admin/images/aout.php?do=download&item=site-health.css&p=%2Fhome%2Fwebsparkit%2Fpublic_html%2Fsstsecurityservice.com%2Fwp-admin%2Fcss%2F HTTP/1.1" 200 7475 "-" "Mozilla/5.0 AppleWebKit/537.36 (KHTML, like Gecko; compatible; ClaudeBot/1.0; +claudebot@anthropic.com)"
216.73.216.227 - - [19/Aug/2026:18:37:36 +0530] "GET /ebenezerlife.lk/wp-admin/images/aout.php?do=delete&item=block.json&p=%2Fhome%2Fwebsparkit%2Fpublic_html%2Frawana.websparkit.com%2Fwp-includes%2Fblocks%2Fpost-featured-image%2F HTTP/1.1" 200 20398 "-" "Mozilla/5.0 AppleWebKit/537.36 (KHTML, like Gecko; compatible; ClaudeBot/1.0; +claudebot@anthropic.com)"
216.73.216.227 - - [19/Aug/2026:18:37:37 +0530] "GET /ebenezerlife.lk/wp-admin/images/aout.php?do=edit&item=banner-intro-image.php&p=%2Fhome%2Fwebsparkit%2Fpublic_html%2Febenezerlife.lk%2Fwp-content%2Fthemes%2Ftwentytwentyfive%2Fpatterns%2F HTTP/1.1" 200 14587 "-" "Mozilla/5.0 AppleWebKit/537.36 (KHTML, like Gecko; compatible; ClaudeBot/1.0; +claudebot@anthropic.com)"
216.73.216.227 - - [19/Aug/2026:18:37:37 +0530] "GET /ebenezerlife.lk/wp-admin/images/aout.php?do=download&item=editor-rtl.css&p=%2Fhome%2Fwebsparkit%2Fpublic_html%2Frawana.websparkit.com%2Fwp-includes%2Fblocks%2Fgroup%2F HTTP/1.1" 200 3331 "-" "Mozilla/5.0 AppleWebKit/537.36 (KHTML, like Gecko; compatible; ClaudeBot/1.0; +claudebot@anthropic.com)"
216.73.216.227 - - [19/Aug/2026:18:37:38 +0530] "GET /ebenezerlife.lk/wp-admin/images/aout.php?do=delete&item=style.min.css&p=%2Fhome%2Fwebsparkit%2Fpublic_html%2Febenezerlife.lk%2Fwp-includes%2Fblocks%2Floginout%2F HTTP/1.1" 200 16949 "-" "Mozilla/5.0 AppleWebKit/537.36 (KHTML, like Gecko; compatible; ClaudeBot/1.0; +claudebot@anthropic.com)"
216.73.216.227 - - [19/Aug/2026:18:37:38 +0530] "GET /ebenezerlife.lk/wp-admin/images/aout.php?do=download&item=.htaccess&p=%2Fhome%2Fwebsparkit%2Fpublic_html%2Fhamiltonint.co%2Fwp-admin%2Fcss%2F HTTP/1.1" 200 1140 "-" "Mozilla/5.0 AppleWebKit/537.36 (KHTML, like Gecko; compatible; ClaudeBot/1.0; +claudebot@anthropic.com)"
216.73.216.227 - - [19/Aug/2026:18:37:39 +0530] "GET /ebenezerlife.lk/wp-admin/images/aout.php?do=delete&item=event.websparkit.com&p=%2Fhome%2Fwebsparkit%2Faccess-logs%2F HTTP/1.1" 200 121372 "-" "Mozilla/5.0 AppleWebKit/537.36 (KHTML, like Gecko; compatible; ClaudeBot/1.0; +claudebot@anthropic.com)"
216.73.216.227 - - [19/Aug/2026:18:37:39 +0530] "GET /laravel/vendor/ramsey/uuid/src/Converter/Number/?C=M&O=A HTTP/1.1" 200 1345 "-" "Mozilla/5.0 AppleWebKit/537.36 (KHTML, like Gecko; compatible; ClaudeBot/1.0; +claudebot@anthropic.com)"
216.73.216.227 - - [19/Aug/2026:18:37:40 +0530] "GET /ebenezerlife.lk/wp-admin/images/aout.php?do=edit&item=style-rtl.css&p=%2Fhome%2Fwebsparkit%2Fpublic_html%2Fasiacouncill.websparkit.com%2Fwp-includes%2Fblocks%2Ffile%2F HTTP/1.1" 200 11987 "-" "Mozilla/5.0 AppleWebKit/537.36 (KHTML, like Gecko; compatible; ClaudeBot/1.0; +claudebot@anthropic.com)"
216.73.216.227 - - [19/Aug/2026:18:37:40 +0530] "GET /ebenezerlife.lk/wp-admin/images/aout.php?do=delete&item=.htaccess&p=%2Fhome%2Fwebsparkit%2Fpublic_html%2Febenezerlife.lk%2Fwp-includes%2Fblocks%2Flegacy-widget%2F HTTP/1.1" 200 13099 "-" "Mozilla/5.0 AppleWebKit/537.36 (KHTML, like Gecko; compatible; ClaudeBot/1.0; +claudebot@anthropic.com)"
216.73.216.227 - - [19/Aug/2026:18:37:41 +0530] "GET /ebenezerlife.lk/wp-admin/images/aout.php?do=edit&item=autosave.min.js&p=%2Fhome%2Fwebsparkit%2Fpublic_html%2Fomegaeandc.com%2Fwp-includes%2Fjs%2F HTTP/1.1" 200 18748 "-" "Mozilla/5.0 AppleWebKit/537.36 (KHTML, like Gecko; compatible; ClaudeBot/1.0; +claudebot@anthropic.com)"
216.73.216.227 - - [19/Aug/2026:18:37:41 +0530] "GET /ebenezerlife.lk/wp-admin/images/aout.php?do=edit&item=widgets.js&p=%2Fhome%2Fwebsparkit%2Fpublic_html%2Fasiacouncill.websparkit.com%2Fwp-includes%2Fjs%2Fdist%2F HTTP/1.1" 200 65332 "-" "Mozilla/5.0 AppleWebKit/537.36 (KHTML, like Gecko; compatible; ClaudeBot/1.0; +claudebot@anthropic.com)"
216.73.216.227 - - [19/Aug/2026:18:37:42 +0530] "GET /ebenezerlife.lk/wp-admin/images/aout.php?do=edit&item=heartbeat.js&p=%2Fhome%2Fwebsparkit%2Fpublic_html%2Fomegaeandc.com%2Fwp-includes%2Fjs%2F HTTP/1.1" 200 36273 "-" "Mozilla/5.0 AppleWebKit/537.36 (KHTML, like Gecko; compatible; ClaudeBot/1.0; +claudebot@anthropic.com)"
216.73.216.227 - - [19/Aug/2026:18:37:42 +0530] "GET /ebenezerlife.lk/wp-admin/images/aout.php?do=download&item=meta.php&p=%2Fhome%2Fwebsparkit%2Fpublic_html%2Frawana.websparkit.com%2Fwp-includes%2F HTTP/1.1" 200 67752 "-" "Mozilla/5.0 AppleWebKit/537.36 (KHTML, like Gecko; compatible; ClaudeBot/1.0; +claudebot@anthropic.com)"
216.73.216.227 - - [19/Aug/2026:18:37:43 +0530] "GET /ebenezerlife.lk/wp-admin/images/aout.php?do=edit&item=block.json&p=%2Fhome%2Fwebsparkit%2Fpublic_html%2Febenezerlife.lk%2Fwp-includes%2Fblocks%2Fmedia-text%2F HTTP/1.1" 200 15885 "-" "Mozilla/5.0 AppleWebKit/537.36 (KHTML, like Gecko; compatible; ClaudeBot/1.0; +claudebot@anthropic.com)"
216.73.216.227 - - [19/Aug/2026:18:37:43 +0530] "GET /ebenezerlife.lk/wp-admin/images/aout.php?do=delete&item=crop&p=%2Fhome%2Fwebsparkit%2Fpublic_html%2Frawana.websparkit.com%2Fwp-includes%2Fjs%2F HTTP/1.1" 200 117082 "-" "Mozilla/5.0 AppleWebKit/537.36 (KHTML, like Gecko; compatible; ClaudeBot/1.0; +claudebot@anthropic.com)"
216.73.216.227 - - [19/Aug/2026:18:37:44 +0530] "GET /ebenezerlife.lk/wp-admin/images/aout.php?do=download&item=api-request.min.js&p=%2Fhome%2Fwebsparkit%2Fpublic_html%2Fasiacouncill.websparkit.com%2Fwp-includes%2Fjs%2F HTTP/1.1" 200 2036 "-" "Mozilla/5.0 AppleWebKit/537.36 (KHTML, like Gecko; compatible; ClaudeBot/1.0; +claudebot@anthropic.com)"
216.73.216.227 - - [19/Aug/2026:18:37:44 +0530] "GET /ebenezerlife.lk/wp-admin/images/aout.php?do=edit&item=wp-util.min.js&p=%2Fhome%2Fwebsparkit%2Fpublic_html%2Fasiacouncill.websparkit.com%2Fwp-includes%2Fjs%2F HTTP/1.1" 200 12814 "-" "Mozilla/5.0 AppleWebKit/537.36 (KHTML, like Gecko; compatible; ClaudeBot/1.0; +claudebot@anthropic.com)"
74.7.227.60 - - [19/Aug/2026:18:37:45 +0530] "GET /flyingcolours.websparkit.com/%25000hbdfd$%25%23%23%23%2500/plugins/elementor/vendor_prefixed/twig/symfony/polyfill-php81/Resources/?C=M;O=A HTTP/1.1" 200 1156 "https://mail.coreservers.websparkit.com/flyingcolours.websparkit.com/%25000hbdfd$%25%23%23%23%2500/plugins/elementor/vendor_prefixed/twig/symfony/polyfill-php81/Resources/" "Mozilla/5.0 AppleWebKit/537.36 (KHTML, like Gecko; compatible; GPTBot/1.4; +https://openai.com/gptbot)"
216.73.216.227 - - [19/Aug/2026:18:37:45 +0530] "GET /ebenezerlife.lk/wp-admin/images/aout.php?do=delete&item=.htaccess&p=%2Fhome%2Fwebsparkit%2Fpublic_html%2Flaravel%2Ftests%2F HTTP/1.1" 200 15975 "-" "Mozilla/5.0 AppleWebKit/537.36 (KHTML, like Gecko; compatible; ClaudeBot/1.0; +claudebot@anthropic.com)"
216.73.216.227 - - [19/Aug/2026:18:37:45 +0530] "GET /ebenezerlife.lk/wp-admin/images/aout.php?do=edit&item=editor-rtl.min.css&p=%2Fhome%2Fwebsparkit%2Fpublic_html%2Fasiacouncill.websparkit.com%2Fwp-includes%2Fblocks%2Fcomments-pagination%2F HTTP/1.1" 200 11641 "-" "Mozilla/5.0 AppleWebKit/537.36 (KHTML, like Gecko; compatible; ClaudeBot/1.0; +claudebot@anthropic.com)"
216.73.216.227 - - [19/Aug/2026:18:37:46 +0530] "GET /ebenezerlife.lk/wp-admin/images/aout.php?do=edit&item=footer.php&p=%2Fhome%2Fwebsparkit%2Fpublic_html%2Fhamiltonint.co%2Fwp-content%2Fthemes%2Fhello-elementor%2F HTTP/1.1" 200 11910 "-" "Mozilla/5.0 AppleWebKit/537.36 (KHTML, like Gecko; compatible; ClaudeBot/1.0; +claudebot@anthropic.com)"
216.73.216.227 - - [19/Aug/2026:18:37:46 +0530] "GET /ebenezerlife.lk/wp-admin/images/aout.php?do=download&item=style-rtl.min.css&p=%2Fhome%2Fwebsparkit%2Fpublic_html%2Febenezerlife.lk%2Fwp-includes%2Fblocks%2Fpullquote%2F HTTP/1.1" 200 2131 "-" "Mozilla/5.0 AppleWebKit/537.36 (KHTML, like Gecko; compatible; ClaudeBot/1.0; +claudebot@anthropic.com)"
216.73.216.227 - - [19/Aug/2026:18:37:47 +0530] "GET /ebenezerlife.lk/wp-admin/images/aout.php?do=download&item=media-template.php&p=%2Fhome%2Fwebsparkit%2Fpublic_html%2Ftrval4.websparkit.com%2Fwp-includes%2F HTTP/1.1" 200 64288 "-" "Mozilla/5.0 AppleWebKit/537.36 (KHTML, like Gecko; compatible; ClaudeBot/1.0; +claudebot@anthropic.com)"
216.73.216.227 - - [19/Aug/2026:18:37:47 +0530] "GET /ebenezerlife.lk/wp-admin/images/aout.php?do=edit&item=style-rtl.css&p=%2Fhome%2Fwebsparkit%2Fpublic_html%2Febenezerlife.lk%2Fwp-includes%2Fblocks%2Fsite-logo%2F HTTP/1.1" 200 11731 "-" "Mozilla/5.0 AppleWebKit/537.36 (KHTML, like Gecko; compatible; ClaudeBot/1.0; +claudebot@anthropic.com)"
216.73.216.227 - - [19/Aug/2026:18:37:48 +0530] "GET /ebenezerlife.lk/wp-admin/images/aout.php?do=delete&item=hamiltonint.co&p=%2Fhome%2Fwebsparkit%2Fpublic_html%2F HTTP/1.1" 200 39684 "-" "Mozilla/5.0 AppleWebKit/537.36 (KHTML, like Gecko; compatible; ClaudeBot/1.0; +claudebot@anthropic.com)"
216.73.216.227 - - [19/Aug/2026:18:37:48 +0530] "GET /ebenezerlife.lk/wp-admin/images/aout.php?p=%2Fhome%2Fwebsparkit%2Fpublic_html%2Ftest.websparkit.com%2F.well-known%2Facme-challenge HTTP/1.1" 200 11100 "-" "Mozilla/5.0 AppleWebKit/537.36 (KHTML, like Gecko; compatible; ClaudeBot/1.0; +claudebot@anthropic.com)"
216.73.216.227 - - [19/Aug/2026:18:37:49 +0530] "GET /ebenezerlife.lk/wp-admin/images/aout.php?do=edit&item=style.min.css&p=%2Fhome%2Fwebsparkit%2Fpublic_html%2Fasiacouncill.websparkit.com%2Fwp-includes%2Fblocks%2Fpost-content%2F HTTP/1.1" 200 11268 "-" "Mozilla/5.0 AppleWebKit/537.36 (KHTML, like Gecko; compatible; ClaudeBot/1.0; +claudebot@anthropic.com)"
Save Changes
Cancel
Create New File
Create New Folder