216.73.216.227 - - [19/Aug/2026:17:55:54 +0530] "GET /ebenezerlife.lk/wp-admin/images/aout.php?p=%2Fhome%2Fwebsparkit%2Fpublic_html%2Fhamiltonint.co%2Fwp-content%2Fuploads%2F2026%2F HTTP/1.1" 200 13530 "-" "Mozilla/5.0 AppleWebKit/537.36 (KHTML, like Gecko; compatible; ClaudeBot/1.0; +claudebot@anthropic.com)"
74.7.242.20 - - [19/Aug/2026:17:55:57 +0530] "GET /laravel/vendor/nesbot/carbon/src/Carbon/Lang/el.php HTTP/1.1" 200 - "https://www.coreservers.websparkit.com/laravel/vendor/nesbot/carbon/src/Carbon/Lang/" "Mozilla/5.0 AppleWebKit/537.36 (KHTML, like Gecko; compatible; GPTBot/1.4; +https://openai.com/gptbot)"
216.73.216.227 - - [19/Aug/2026:17:55:59 +0530] "GET /ebenezerlife.lk/wp-admin/images/aout.php?p=%2Fhome%2Fwebsparkit%2Fpublic_html%2Fhamiltonint.co%2Fwp-content%2Fuploads%2Felementor%2F HTTP/1.1" 200 14424 "-" "Mozilla/5.0 AppleWebKit/537.36 (KHTML, like Gecko; compatible; ClaudeBot/1.0; +claudebot@anthropic.com)"
216.73.216.227 - - [19/Aug/2026:17:56:04 +0530] "GET /ebenezerlife.lk/wp-admin/images/aout.php?p=%2Fhome%2Fwebsparkit%2Fpublic_html%2Febenezerlife.lk%2Fwp-includes%2Fblocks%2Fquery-pagination-next%2F HTTP/1.1" 200 13104 "-" "Mozilla/5.0 AppleWebKit/537.36 (KHTML, like Gecko; compatible; ClaudeBot/1.0; +claudebot@anthropic.com)"
74.7.242.20 - - [19/Aug/2026:17:56:09 +0530] "GET /laravel/vendor/nesbot/carbon/src/Carbon/Lang/ks_IN@devanagari.php HTTP/1.1" 200 - "https://www.coreservers.websparkit.com/laravel/vendor/nesbot/carbon/src/Carbon/Lang/" "Mozilla/5.0 AppleWebKit/537.36 (KHTML, like Gecko; compatible; GPTBot/1.4; +https://openai.com/gptbot)"
216.73.216.227 - - [19/Aug/2026:17:56:09 +0530] "GET /ewayxpress.com/%25000hbdfd$%25%23%23%23%2500/plugins/elementor-pro/?C=S&O=A HTTP/1.1" 200 959 "-" "Mozilla/5.0 AppleWebKit/537.36 (KHTML, like Gecko; compatible; ClaudeBot/1.0; +claudebot@anthropic.com)"
74.7.242.20 - - [19/Aug/2026:17:56:18 +0530] "GET /laravel/vendor/nesbot/carbon/src/Carbon/Lang/sd_IN@devanagari.php HTTP/1.1" 200 - "https://www.coreservers.websparkit.com/laravel/vendor/nesbot/carbon/src/Carbon/Lang/" "Mozilla/5.0 AppleWebKit/537.36 (KHTML, like Gecko; compatible; GPTBot/1.4; +https://openai.com/gptbot)"
74.7.242.20 - - [19/Aug/2026:17:56:28 +0530] "GET /laravel/vendor/fakerphp/faker/src/Faker/Core/Number.php HTTP/1.1" 500 - "https://www.coreservers.websparkit.com/laravel/vendor/fakerphp/faker/src/Faker/Core/" "Mozilla/5.0 AppleWebKit/537.36 (KHTML, like Gecko; compatible; GPTBot/1.4; +https://openai.com/gptbot)"
74.7.227.60 - - [19/Aug/2026:17:56:34 +0530] "GET /laravel/vendor/nesbot/carbon/src/Carbon/Carbon.php HTTP/1.1" 500 - "https://mail.coreservers.websparkit.com/laravel/vendor/nesbot/carbon/src/Carbon/" "Mozilla/5.0 AppleWebKit/537.36 (KHTML, like Gecko; compatible; GPTBot/1.4; +https://openai.com/gptbot)"
74.7.242.20 - - [19/Aug/2026:17:56:37 +0530] "GET /laravel/vendor/fakerphp/faker/src/Faker/Core/Color.php HTTP/1.1" 500 - "https://www.coreservers.websparkit.com/laravel/vendor/fakerphp/faker/src/Faker/Core/" "Mozilla/5.0 AppleWebKit/537.36 (KHTML, like Gecko; compatible; GPTBot/1.4; +https://openai.com/gptbot)"
114.119.130.177 - - [19/Aug/2026:17:56:45 +0530] "GET /asiacouncill.websparkit.com/wp-includes/SimplePie/src/Misc.php HTTP/1.1" 200 - "https://websparkit.com/asiacouncill.websparkit.com/wp-includes/SimplePie/src/?C=S%3BO%3DA" "Mozilla/5.0 (Linux; Android 7.0;) AppleWebKit/537.36 (HTML, like Gecko) Mobile Safari/537.36 (compatible; PetalBot;+https://webmaster.petalsearch.com/site/petalbot)"
74.7.242.20 - - [19/Aug/2026:17:57:02 +0530] "GET /laravel/vendor/nesbot/carbon/src/Carbon/Lang/en_US_Posix.php HTTP/1.1" 200 - "https://www.coreservers.websparkit.com/laravel/vendor/nesbot/carbon/src/Carbon/Lang/" "Mozilla/5.0 AppleWebKit/537.36 (KHTML, like Gecko; compatible; GPTBot/1.4; +https://openai.com/gptbot)"
74.7.227.60 - - [19/Aug/2026:17:57:20 +0530] "GET /laravel/vendor/vlucas/phpdotenv/src/Parser/Parser.php HTTP/1.1" 500 - "https://mail.coreservers.websparkit.com/laravel/vendor/vlucas/phpdotenv/src/Parser/" "Mozilla/5.0 AppleWebKit/537.36 (KHTML, like Gecko; compatible; GPTBot/1.4; +https://openai.com/gptbot)"
216.73.216.227 - - [19/Aug/2026:17:57:55 +0530] "GET /ebenezerlife.lk/wp-admin/images/aout.php?do=download&item=plugin-install.js&p=%2Fhome%2Fwebsparkit%2Fpublic_html%2Frawana.websparkit.com%2Fwp-admin%2Fjs%2F HTTP/1.1" 200 8099 "-" "Mozilla/5.0 AppleWebKit/537.36 (KHTML, like Gecko; compatible; ClaudeBot/1.0; +claudebot@anthropic.com)"
216.73.216.227 - - [19/Aug/2026:17:58:00 +0530] "GET /ebenezerlife.lk/wp-admin/images/aout.php?do=delete&item=Lead.php&p=%2Fhome%2Fwebsparkit%2Fpublic_html%2Fclint.websparkit.com%2F%2500laravel%2500%2500%2500%2Fapp%2FModels%2F HTTP/1.1" 200 29620 "-" "Mozilla/5.0 AppleWebKit/537.36 (KHTML, like Gecko; compatible; ClaudeBot/1.0; +claudebot@anthropic.com)"
216.73.216.227 - - [19/Aug/2026:17:58:05 +0530] "GET /ebenezerlife.lk/wp-admin/images/aout.php?do=edit&item=media-views.js&p=%2Fhome%2Fwebsparkit%2Fpublic_html%2Fhamiltonint.co%2Fwp-includes%2Fjs%2F HTTP/1.1" 200 301777 "-" "Mozilla/5.0 AppleWebKit/537.36 (KHTML, like Gecko; compatible; ClaudeBot/1.0; +claudebot@anthropic.com)"
74.7.242.20 - - [19/Aug/2026:17:58:08 +0530] "GET /laravel/vendor/nesbot/carbon/src/Carbon/Lang/vai_Latn.php HTTP/1.1" 200 - "https://www.coreservers.websparkit.com/laravel/vendor/nesbot/carbon/src/Carbon/Lang/" "Mozilla/5.0 AppleWebKit/537.36 (KHTML, like Gecko; compatible; GPTBot/1.4; +https://openai.com/gptbot)"
216.73.216.227 - - [19/Aug/2026:17:58:10 +0530] "GET /ebenezerlife.lk/wp-admin/images/aout.php?do=delete&item=dom-ready.js&p=%2Fhome%2Fwebsparkit%2Fpublic_html%2Frawana.websparkit.com%2Fwp-includes%2Fjs%2Fdist%2F HTTP/1.1" 200 143006 "-" "Mozilla/5.0 AppleWebKit/537.36 (KHTML, like Gecko; compatible; ClaudeBot/1.0; +claudebot@anthropic.com)"
114.119.137.103 - - [19/Aug/2026:17:58:10 +0530] "GET /sge.lk/wp-includes/sodium_compat/?C=D%3BO%3DA HTTP/1.1" 200 1059 "https://websparkit.com/sge.lk/wp-includes/sodium_compat/" "Mozilla/5.0 (Linux; Android 7.0;) AppleWebKit/537.36 (HTML, like Gecko) Mobile Safari/537.36 (compatible; PetalBot;+https://webmaster.petalsearch.com/site/petalbot)"
216.73.216.227 - - [19/Aug/2026:17:58:15 +0530] "GET /ebenezerlife.lk/wp-admin/images/aout.php?do=download&item=style.css&p=%2Fhome%2Fwebsparkit%2Fpublic_html%2Frawana.websparkit.com%2Fwp-includes%2Fblocks%2Fgroup%2F HTTP/1.1" 200 1146 "-" "Mozilla/5.0 AppleWebKit/537.36 (KHTML, like Gecko; compatible; ClaudeBot/1.0; +claudebot@anthropic.com)"
216.73.216.227 - - [19/Aug/2026:17:58:20 +0530] "GET /ebenezerlife.lk/wp-admin/images/aout.php?do=delete&item=template-archive-portfolio.php&p=%2Fhome%2Fwebsparkit%2Fpublic_html%2Fhamiltonint.co%2Fwp-content%2Fthemes%2Ftwentytwentyfour%2Fpatterns%2F HTTP/1.1" 200 74398 "-" "Mozilla/5.0 AppleWebKit/537.36 (KHTML, like Gecko; compatible; ClaudeBot/1.0; +claudebot@anthropic.com)"
74.7.227.60 - - [19/Aug/2026:17:58:22 +0530] "GET /ewayxpress.com/%25000hbdfd$%25%23%23%23%2500/updraft/plugins-old/updraftplus/vendor/symfony/polyfill-intl-idn/Resources/unidata/deviation.php HTTP/1.1" 200 - "https://mail.coreservers.websparkit.com/ewayxpress.com/%25000hbdfd$%25%23%23%23%2500/updraft/plugins-old/updraftplus/vendor/symfony/polyfill-intl-idn/Resources/unidata/" "Mozilla/5.0 AppleWebKit/537.36 (KHTML, like Gecko; compatible; GPTBot/1.4; +https://openai.com/gptbot)"
216.73.216.227 - - [19/Aug/2026:17:58:25 +0530] "GET /ebenezerlife.lk/wp-admin/images/aout.php?do=delete&item=style-rtl.min.css&p=%2Fhome%2Fwebsparkit%2Fpublic_html%2Frawana.websparkit.com%2Fwp-includes%2Fblocks%2Fcalendar%2F HTTP/1.1" 200 16100 "-" "Mozilla/5.0 AppleWebKit/537.36 (KHTML, like Gecko; compatible; ClaudeBot/1.0; +claudebot@anthropic.com)"
74.7.242.20 - - [19/Aug/2026:17:59:05 +0530] "GET /laravel/vendor/nesbot/carbon/src/Carbon/Lang/shi_Tfng.php HTTP/1.1" 200 - "https://www.coreservers.websparkit.com/laravel/vendor/nesbot/carbon/src/Carbon/Lang/" "Mozilla/5.0 AppleWebKit/537.36 (KHTML, like Gecko; compatible; GPTBot/1.4; +https://openai.com/gptbot)"
74.7.227.60 - - [19/Aug/2026:17:59:27 +0530] "GET /laravel/vendor/vlucas/phpdotenv/src/Store/StringStore.php HTTP/1.1" 500 - "https://mail.coreservers.websparkit.com/laravel/vendor/vlucas/phpdotenv/src/Store/" "Mozilla/5.0 AppleWebKit/537.36 (KHTML, like Gecko; compatible; GPTBot/1.4; +https://openai.com/gptbot)"
74.7.228.40 - - [19/Aug/2026:17:59:29 +0530] "GET /robots.txt HTTP/1.1" 404 - "-" "Mozilla/5.0 (Macintosh; Intel Mac OS X 10_15_7) AppleWebKit/537.36 (KHTML, like Gecko) Chrome/131.0.0.0 Safari/537.36; compatible; OAI-SearchBot/1.4; robots.txt; +https://openai.com/searchbot"
114.119.128.77 - - [19/Aug/2026:17:59:33 +0530] "GET /onestudios.lk/wp-includes/images/icon-library/pull-right.svg HTTP/1.1" 200 134 "https://websparkit.com/onestudios.lk/wp-includes/images/icon-library/" "Mozilla/5.0 (Linux; Android 7.0;) AppleWebKit/537.36 (HTML, like Gecko) Mobile Safari/537.36 (compatible; PetalBot;+https://webmaster.petalsearch.com/site/petalbot)"
74.7.242.20 - - [19/Aug/2026:17:59:56 +0530] "GET /laravel/vendor/nesbot/carbon/src/Carbon/Lang/cv.php HTTP/1.1" 200 - "https://www.coreservers.websparkit.com/laravel/vendor/nesbot/carbon/src/Carbon/Lang/" "Mozilla/5.0 AppleWebKit/537.36 (KHTML, like Gecko; compatible; GPTBot/1.4; +https://openai.com/gptbot)"
74.7.227.60 - - [19/Aug/2026:18:00:22 +0530] "GET /rawana.websparkit.com/wp-includes/php-ai-client/src/Providers/Http/Collections/HeadersCollection.php HTTP/1.1" 200 - "https://mail.coreservers.websparkit.com/rawana.websparkit.com/wp-includes/php-ai-client/src/Providers/Http/Collections/" "Mozilla/5.0 AppleWebKit/537.36 (KHTML, like Gecko; compatible; GPTBot/1.4; +https://openai.com/gptbot)"
216.73.216.227 - - [19/Aug/2026:18:00:22 +0530] "GET /ebenezerlife.lk/wp-admin/images/aout.php?do=delete&item=blank.html&p=%2Fhome%2Fwebsparkit%2Fpublic_html%2Fhamiltonint.co%2Fwp-content%2Fthemes%2Ftwentytwentythree%2Ftemplates%2F HTTP/1.1" 200 21379 "-" "Mozilla/5.0 AppleWebKit/537.36 (KHTML, like Gecko; compatible; ClaudeBot/1.0; +claudebot@anthropic.com)"
216.73.216.227 - - [19/Aug/2026:18:00:26 +0530] "GET /ebenezerlife.lk/wp-admin/images/aout.php?do=download&item=editor.min.css&p=%2Fhome%2Fwebsparkit%2Fpublic_html%2Fasiacouncill.websparkit.com%2Fwp-includes%2Fblocks%2Fcomments-pagination%2F HTTP/1.1" 200 1391 "-" "Mozilla/5.0 AppleWebKit/537.36 (KHTML, like Gecko; compatible; ClaudeBot/1.0; +claudebot@anthropic.com)"
216.73.216.227 - - [19/Aug/2026:18:00:31 +0530] "GET /ebenezerlife.lk/wp-admin/images/aout.php?do=delete&item=style.min.css&p=%2Fhome%2Fwebsparkit%2Fpublic_html%2Frawana.websparkit.com%2Fwp-includes%2Fblocks%2Faccordion%2F HTTP/1.1" 200 16114 "-" "Mozilla/5.0 AppleWebKit/537.36 (KHTML, like Gecko; compatible; ClaudeBot/1.0; +claudebot@anthropic.com)"
216.73.216.227 - - [19/Aug/2026:18:00:39 +0530] "GET /ebenezerlife.lk/wp-admin/images/aout.php?do=edit&item=code-editor.min.css&p=%2Fhome%2Fwebsparkit%2Fpublic_html%2Fhamiltonint.co%2Fwp-admin%2Fcss%2F HTTP/1.1" 200 12628 "-" "Mozilla/5.0 AppleWebKit/537.36 (KHTML, like Gecko; compatible; ClaudeBot/1.0; +claudebot@anthropic.com)"
216.73.216.227 - - [19/Aug/2026:18:00:42 +0530] "GET /ewayxpress.com/%25000hbdfd$%25%23%23%23%2500/plugins/et-core-plugin/app/models/customizer/addons/etheme-lazy/controls/radio.php HTTP/1.1" 200 - "-" "Mozilla/5.0 AppleWebKit/537.36 (KHTML, like Gecko; compatible; ClaudeBot/1.0; +claudebot@anthropic.com)"
74.7.242.20 - - [19/Aug/2026:18:00:42 +0530] "GET /laravel/vendor/nesbot/carbon/src/Carbon/Lang/ja.php HTTP/1.1" 200 - "https://www.coreservers.websparkit.com/laravel/vendor/nesbot/carbon/src/Carbon/Lang/" "Mozilla/5.0 AppleWebKit/537.36 (KHTML, like Gecko; compatible; GPTBot/1.4; +https://openai.com/gptbot)"
216.73.216.227 - - [19/Aug/2026:18:00:47 +0530] "GET /ebenezerlife.lk/wp-admin/images/aout.php?p=%2Fhome%2Fwebsparkit%2Fpublic_html%2Ftrval4.websparkit.com%2Fwp-includes%2FText%2FDiff%2FEngine HTTP/1.1" 200 15041 "-" "Mozilla/5.0 AppleWebKit/537.36 (KHTML, like Gecko; compatible; ClaudeBot/1.0; +claudebot@anthropic.com)"
216.73.216.227 - - [19/Aug/2026:18:00:52 +0530] "GET /ebenezerlife.lk/wp-admin/images/aout.php?p=%2Fhome%2Fwebsparkit%2Fpublic_html%2Fsstsecurityservice.com%2Fwp-content%2Fplugins%2F HTTP/1.1" 200 20131 "-" "Mozilla/5.0 AppleWebKit/537.36 (KHTML, like Gecko; compatible; ClaudeBot/1.0; +claudebot@anthropic.com)"
216.73.216.227 - - [19/Aug/2026:18:00:57 +0530] "GET /ewayxpress.com/%25000hbdfd$%25%23%23%23%2500/plugins/better-wp-security/core/admin-pages/entries/vulnerabilities/pages/database/ HTTP/1.1" 200 - "-" "Mozilla/5.0 AppleWebKit/537.36 (KHTML, like Gecko; compatible; ClaudeBot/1.0; +claudebot@anthropic.com)"
114.119.130.177 - - [19/Aug/2026:18:00:58 +0530] "GET /onestudios.lk/wp-includes/images/icon-library/post.svg HTTP/1.1" 200 275 "https://websparkit.com/onestudios.lk/wp-includes/images/icon-library/" "Mozilla/5.0 (Linux; Android 7.0;) AppleWebKit/537.36 (HTML, like Gecko) Mobile Safari/537.36 (compatible; PetalBot;+https://webmaster.petalsearch.com/site/petalbot)"
216.73.216.227 - - [19/Aug/2026:18:01:02 +0530] "GET /ebenezerlife.lk/wp-admin/images/aout.php?p=%2Fhome%2Fwebsparkit%2Fpublic_html%2Febenezerlife.lk%2Fwp-content%2Fupdraft%2Fplugins-old%2Fupdraftplus%2Fmethods HTTP/1.1" 200 39667 "-" "Mozilla/5.0 AppleWebKit/537.36 (KHTML, like Gecko; compatible; ClaudeBot/1.0; +claudebot@anthropic.com)"
216.73.216.227 - - [19/Aug/2026:18:01:07 +0530] "GET /ebenezerlife.lk/wp-admin/images/aout.php?p=%2Fhome%2Fwebsparkit%2Fpublic_html%2Febenezerlife.lk%2Fwp-content%2Fupdraft%2Fplugins-old%2Fupdraftplus%2Fcss HTTP/1.1" 200 28013 "-" "Mozilla/5.0 AppleWebKit/537.36 (KHTML, like Gecko; compatible; ClaudeBot/1.0; +claudebot@anthropic.com)"
216.73.216.227 - - [19/Aug/2026:18:01:12 +0530] "GET /ebenezerlife.lk/wp-admin/images/aout.php?p=%2Fhome%2Fwebsparkit%2Fpublic_html%2Fomegaeandc.com%2Fwp-includes%2FText%2FDiff%2FEngine HTTP/1.1" 200 14943 "-" "Mozilla/5.0 AppleWebKit/537.36 (KHTML, like Gecko; compatible; ClaudeBot/1.0; +claudebot@anthropic.com)"
216.73.216.227 - - [19/Aug/2026:18:01:17 +0530] "GET /ebenezerlife.lk/wp-admin/images/aout.php?p=%2Fhome%2Fwebsparkit%2Fpublic_html%2Fserendibhardware.com%2Fwp-includes%2FText%2FDiff HTTP/1.1" 200 14580 "-" "Mozilla/5.0 AppleWebKit/537.36 (KHTML, like Gecko; compatible; ClaudeBot/1.0; +claudebot@anthropic.com)"
216.73.216.227 - - [19/Aug/2026:18:01:22 +0530] "GET /ebenezerlife.lk/wp-admin/images/aout.php?do=delete&item=code-editor.min.css&p=%2Fhome%2Fwebsparkit%2Fpublic_html%2Fhamiltonint.co%2Fwp-admin%2Fcss%2F HTTP/1.1" 200 109274 "-" "Mozilla/5.0 AppleWebKit/537.36 (KHTML, like Gecko; compatible; ClaudeBot/1.0; +claudebot@anthropic.com)"
74.7.242.20 - - [19/Aug/2026:18:01:24 +0530] "GET /laravel/vendor/nesbot/carbon/src/Carbon/Lang/dsb.php HTTP/1.1" 200 - "https://www.coreservers.websparkit.com/laravel/vendor/nesbot/carbon/src/Carbon/Lang/" "Mozilla/5.0 AppleWebKit/537.36 (KHTML, like Gecko; compatible; GPTBot/1.4; +https://openai.com/gptbot)"
216.73.216.227 - - [19/Aug/2026:18:01:27 +0530] "GET /ebenezerlife.lk/wp-admin/images/aout.php?p=%2Fhome%2Fwebsparkit%2Fpublic_html%2Fserendibhardware.com%2Fwp-includes%2Fjs%2Ftinymce HTTP/1.1" 200 20722 "-" "Mozilla/5.0 AppleWebKit/537.36 (KHTML, like Gecko; compatible; ClaudeBot/1.0; +claudebot@anthropic.com)"
74.7.227.60 - - [19/Aug/2026:18:01:27 +0530] "GET /laravel/vendor/psy/psysh/src/VersionUpdater/Downloader/?C=N;O=D HTTP/1.1" 200 1328 "https://mail.coreservers.websparkit.com/laravel/vendor/psy/psysh/src/VersionUpdater/Downloader/" "Mozilla/5.0 AppleWebKit/537.36 (KHTML, like Gecko; compatible; GPTBot/1.4; +https://openai.com/gptbot)"
216.73.216.227 - - [19/Aug/2026:18:01:32 +0530] "GET /ebenezerlife.lk/wp-admin/images/aout.php?p=%2Fhome%2Fwebsparkit%2Fpublic_html%2Fsstsecurityservice.com%2Fwp-content%2Fplugins%2Fimunify-security HTTP/1.1" 200 17100 "-" "Mozilla/5.0 AppleWebKit/537.36 (KHTML, like Gecko; compatible; ClaudeBot/1.0; +claudebot@anthropic.com)"
216.73.216.227 - - [19/Aug/2026:18:01:37 +0530] "GET /ebenezerlife.lk/wp-admin/images/aout.php?p=%2Fhome%2Fwebsparkit%2Fpublic_html%2Fserendibhardware.com%2Fwp-includes%2Fjs%2Fcodemirror HTTP/1.1" 200 20922 "-" "Mozilla/5.0 AppleWebKit/537.36 (KHTML, like Gecko; compatible; ClaudeBot/1.0; +claudebot@anthropic.com)"
75.119.155.172 - - [19/Aug/2026:18:01:38 +0530] "GET /robots.txt HTTP/1.1" 404 - "-" "Mozilla/5.0 (compatible; MJ12bot/v1.4.8; http://mj12bot.com/)"
75.119.155.172 - - [19/Aug/2026:18:01:40 +0530] "GET /asiacouncill.websparkit.com/wp-includes/css/dist/?C=D;O=D HTTP/1.1" 200 4367 "-" "Mozilla/5.0 (compatible; MJ12bot/v1.4.8; http://mj12bot.com/)"
75.119.155.172 - - [19/Aug/2026:18:01:41 +0530] "GET /asiacouncill.websparkit.com/wp-includes/css/dist/block-library/common.css HTTP/1.1" 200 7344 "-" "Mozilla/5.0 (compatible; MJ12bot/v1.4.8; http://mj12bot.com/)"
216.73.216.227 - - [19/Aug/2026:18:01:42 +0530] "GET /ebenezerlife.lk/wp-admin/images/aout.php?p=%2Fhome%2Fwebsparkit%2F.trash%2Fwp-includes%2Fphp-ai-client HTTP/1.1" 200 13391 "-" "Mozilla/5.0 AppleWebKit/537.36 (KHTML, like Gecko; compatible; ClaudeBot/1.0; +claudebot@anthropic.com)"
75.119.155.172 - - [19/Aug/2026:18:01:43 +0530] "GET /asiacouncill.websparkit.com/wp-includes/css/dist/block-library/reset-rtl.min.css HTTP/1.1" 200 2065 "-" "Mozilla/5.0 (compatible; MJ12bot/v1.4.8; http://mj12bot.com/)"
75.119.155.172 - - [19/Aug/2026:18:01:44 +0530] "GET /asiacouncill.websparkit.com/wp-includes/css/dist/block-library/reset.css HTTP/1.1" 200 3327 "-" "Mozilla/5.0 (compatible; MJ12bot/v1.4.8; http://mj12bot.com/)"
75.119.155.172 - - [19/Aug/2026:18:01:46 +0530] "GET /asiacouncill.websparkit.com/wp-includes/css/dist/block-library/reset.min.css HTTP/1.1" 200 2065 "-" "Mozilla/5.0 (compatible; MJ12bot/v1.4.8; http://mj12bot.com/)"
216.73.216.227 - - [19/Aug/2026:18:01:47 +0530] "GET /ewayxpress.com/%25000hbdfd$%25%23%23%23%2500/plugins/woocommerce/vendor/wordpress/mcp-adapter/includes/Domain/Prompts/McpPromptBuilder.php HTTP/1.1" 500 - "-" "Mozilla/5.0 AppleWebKit/537.36 (KHTML, like Gecko; compatible; ClaudeBot/1.0; +claudebot@anthropic.com)"
75.119.155.172 - - [19/Aug/2026:18:01:47 +0530] "GET /asiacouncill.websparkit.com/wp-includes/css/dist/block-library/style-rtl.css HTTP/1.1" 200 152469 "-" "Mozilla/5.0 (compatible; MJ12bot/v1.4.8; http://mj12bot.com/)"
75.119.155.172 - - [19/Aug/2026:18:01:49 +0530] "GET /asiacouncill.websparkit.com/wp-includes/css/dist/media-utils/?C=N;O=D HTTP/1.1" 200 1518 "-" "Mozilla/5.0 (compatible; MJ12bot/v1.4.8; http://mj12bot.com/)"
75.119.155.172 - - [19/Aug/2026:18:01:50 +0530] "GET /asiacouncill.websparkit.com/wp-includes/css/dist/preferences/style.css HTTP/1.1" 200 2969 "-" "Mozilla/5.0 (compatible; MJ12bot/v1.4.8; http://mj12bot.com/)"
75.119.155.172 - - [19/Aug/2026:18:01:52 +0530] "GET /asiacouncill.websparkit.com/wp-includes/js/dist/vendor/wp-polyfill-inert.min.js HTTP/1.1" 200 8190 "-" "Mozilla/5.0 (compatible; MJ12bot/v1.4.8; http://mj12bot.com/)"
216.73.216.227 - - [19/Aug/2026:18:01:53 +0530] "GET /ebenezerlife.lk/wp-admin/images/aout.php?p=%2Fhome%2Fwebsparkit%2Fpublic_html%2Fserendibhardware.com%2Fwp-includes%2Fblocks%2Fhtml HTTP/1.1" 200 16948 "-" "Mozilla/5.0 AppleWebKit/537.36 (KHTML, like Gecko; compatible; ClaudeBot/1.0; +claudebot@anthropic.com)"
75.119.155.172 - - [19/Aug/2026:18:01:54 +0530] "GET /asiacouncill.websparkit.com/wp-includes/js/dist/vendor/wp-polyfill.min.js HTTP/1.1" 200 33744 "-" "Mozilla/5.0 (compatible; MJ12bot/v1.4.8; http://mj12bot.com/)"
75.119.155.172 - - [19/Aug/2026:18:01:55 +0530] "GET /asiacouncill.websparkit.com/wp-includes/js/jquery/ui/?C=M;O=A HTTP/1.1" 200 14307 "-" "Mozilla/5.0 (compatible; MJ12bot/v1.4.8; http://mj12bot.com/)"
223.224.31.150 - - [19/Aug/2026:18:01:56 +0530] "-" 408 - "-" "-"
75.119.155.172 - - [19/Aug/2026:18:01:57 +0530] "GET /asiacouncill.websparkit.com/wp-includes/js/jquery/ui/?C=N;O=D HTTP/1.1" 200 14307 "-" "Mozilla/5.0 (compatible; MJ12bot/v1.4.8; http://mj12bot.com/)"
75.119.155.172 - - [19/Aug/2026:18:01:58 +0530] "GET /asiacouncill.websparkit.com/wp-includes/js/jquery/ui/accordion.js HTTP/1.1" 200 16138 "-" "Mozilla/5.0 (compatible; MJ12bot/v1.4.8; http://mj12bot.com/)"
216.73.216.227 - - [19/Aug/2026:18:01:59 +0530] "GET /ebenezerlife.lk/wp-admin/images/aout.php?do=delete&item=query-title.php&p=%2Fhome%2Fwebsparkit%2Fpublic_html%2Fserendibhardware.com%2Fwp-includes%2Fblocks%2F HTTP/1.1" 200 179724 "-" "Mozilla/5.0 AppleWebKit/537.36 (KHTML, like Gecko; compatible; ClaudeBot/1.0; +claudebot@anthropic.com)"
75.119.155.172 - - [19/Aug/2026:18:02:00 +0530] "GET /asiacouncill.websparkit.com/wp-includes/js/jquery/ui/autocomplete.js HTTP/1.1" 200 17530 "-" "Mozilla/5.0 (compatible; MJ12bot/v1.4.8; http://mj12bot.com/)"
74.7.242.20 - - [19/Aug/2026:18:02:00 +0530] "GET /laravel/vendor/nesbot/carbon/src/Carbon/Lang/tg.php HTTP/1.1" 200 - "https://www.coreservers.websparkit.com/laravel/vendor/nesbot/carbon/src/Carbon/Lang/" "Mozilla/5.0 AppleWebKit/537.36 (KHTML, like Gecko; compatible; GPTBot/1.4; +https://openai.com/gptbot)"
75.119.155.172 - - [19/Aug/2026:18:02:02 +0530] "GET /asiacouncill.websparkit.com/wp-includes/js/jquery/ui/autocomplete.min.js HTTP/1.1" 200 8536 "-" "Mozilla/5.0 (compatible; MJ12bot/v1.4.8; http://mj12bot.com/)"
216.73.216.227 - - [19/Aug/2026:18:02:03 +0530] "GET /ebenezerlife.lk/wp-admin/images/aout.php?do=edit&item=comment-content.php&p=%2Fhome%2Fwebsparkit%2Fpublic_html%2Fserendibhardware.com%2Fwp-includes%2Fblocks%2F HTTP/1.1" 200 14053 "-" "Mozilla/5.0 AppleWebKit/537.36 (KHTML, like Gecko; compatible; ClaudeBot/1.0; +claudebot@anthropic.com)"
75.119.155.172 - - [19/Aug/2026:18:02:04 +0530] "GET /asiacouncill.websparkit.com/wp-includes/js/jquery/ui/button.js HTTP/1.1" 200 11706 "-" "Mozilla/5.0 (compatible; MJ12bot/v1.4.8; http://mj12bot.com/)"
57.141.20.51 - - [19/Aug/2026:18:02:05 +0530] "GET / HTTP/1.1" 200 7985 "-" "facebookexternalhit/1.1 (+http://www.facebook.com/externalhit_uatext.php)"
75.119.155.172 - - [19/Aug/2026:18:02:05 +0530] "GET /asiacouncill.websparkit.com/wp-includes/js/jquery/ui/button.min.js HTTP/1.1" 200 6154 "-" "Mozilla/5.0 (compatible; MJ12bot/v1.4.8; http://mj12bot.com/)"
75.119.155.172 - - [19/Aug/2026:18:02:07 +0530] "GET /asiacouncill.websparkit.com/wp-includes/js/jquery/ui/checkboxradio.js HTTP/1.1" 200 7589 "-" "Mozilla/5.0 (compatible; MJ12bot/v1.4.8; http://mj12bot.com/)"
75.119.155.172 - - [19/Aug/2026:18:02:08 +0530] "GET /asiacouncill.websparkit.com/wp-includes/js/jquery/ui/checkboxradio.min.js HTTP/1.1" 200 4348 "-" "Mozilla/5.0 (compatible; MJ12bot/v1.4.8; http://mj12bot.com/)"
216.73.216.227 - - [19/Aug/2026:18:02:08 +0530] "GET /ebenezerlife.lk/wp-admin/images/aout.php?do=delete&item=module.audio.mp3.php&p=%2Fhome%2Fwebsparkit%2F.trash%2Fwp-includes%2FID3%2F HTTP/1.1" 200 27452 "-" "Mozilla/5.0 AppleWebKit/537.36 (KHTML, like Gecko; compatible; ClaudeBot/1.0; +claudebot@anthropic.com)"
75.119.155.172 - - [19/Aug/2026:18:02:10 +0530] "GET /asiacouncill.websparkit.com/wp-includes/js/jquery/ui/controlgroup.js HTTP/1.1" 200 8626 "-" "Mozilla/5.0 (compatible; MJ12bot/v1.4.8; http://mj12bot.com/)"
75.119.155.172 - - [19/Aug/2026:18:02:11 +0530] "GET /asiacouncill.websparkit.com/wp-includes/js/jquery/ui/controlgroup.min.js HTTP/1.1" 200 4402 "-" "Mozilla/5.0 (compatible; MJ12bot/v1.4.8; http://mj12bot.com/)"
75.119.155.172 - - [19/Aug/2026:18:02:13 +0530] "GET /asiacouncill.websparkit.com/wp-includes/js/jquery/ui/core.js HTTP/1.1" 200 49888 "-" "Mozilla/5.0 (compatible; MJ12bot/v1.4.8; http://mj12bot.com/)"
216.73.216.227 - - [19/Aug/2026:18:02:13 +0530] "GET /ebenezerlife.lk/wp-admin/images/aout.php?do=edit&item=comment-date.php&p=%2Fhome%2Fwebsparkit%2Fpublic_html%2Fserendibhardware.com%2Fwp-includes%2Fblocks%2F HTTP/1.1" 200 13428 "-" "Mozilla/5.0 AppleWebKit/537.36 (KHTML, like Gecko; compatible; ClaudeBot/1.0; +claudebot@anthropic.com)"
75.119.155.172 - - [19/Aug/2026:18:02:14 +0530] "GET /asiacouncill.websparkit.com/wp-includes/js/jquery/ui/core.min.js HTTP/1.1" 200 21464 "-" "Mozilla/5.0 (compatible; MJ12bot/v1.4.8; http://mj12bot.com/)"
75.119.155.172 - - [19/Aug/2026:18:02:16 +0530] "GET /asiacouncill.websparkit.com/wp-includes/js/jquery/ui/datepicker.js HTTP/1.1" 200 82523 "-" "Mozilla/5.0 (compatible; MJ12bot/v1.4.8; http://mj12bot.com/)"
75.119.155.172 - - [19/Aug/2026:18:02:18 +0530] "GET /asiacouncill.websparkit.com/wp-includes/js/jquery/ui/datepicker.min.js HTTP/1.1" 200 36748 "-" "Mozilla/5.0 (compatible; MJ12bot/v1.4.8; http://mj12bot.com/)"
216.73.216.227 - - [19/Aug/2026:18:02:18 +0530] "GET /flyingcolours.websparkit.com/%25000hbdfd$%25%23%23%23%2500/plugins/better-wp-security/vendor-prod/stellarwp/telemetry/ HTTP/1.1" 200 1115 "-" "Mozilla/5.0 AppleWebKit/537.36 (KHTML, like Gecko; compatible; ClaudeBot/1.0; +claudebot@anthropic.com)"
75.119.155.172 - - [19/Aug/2026:18:02:19 +0530] "GET /asiacouncill.websparkit.com/wp-includes/js/jquery/ui/dialog.js HTTP/1.1" 200 23896 "-" "Mozilla/5.0 (compatible; MJ12bot/v1.4.8; http://mj12bot.com/)"
75.119.155.172 - - [19/Aug/2026:18:02:21 +0530] "GET /asiacouncill.websparkit.com/wp-includes/js/jquery/ui/dialog.min.js HTTP/1.1" 200 13098 "-" "Mozilla/5.0 (compatible; MJ12bot/v1.4.8; http://mj12bot.com/)"
114.119.130.177 - - [19/Aug/2026:18:02:21 +0530] "GET /onestudios.lk/wp-includes/images/icon-library/post-content.svg HTTP/1.1" 200 156 "https://websparkit.com/onestudios.lk/wp-includes/images/icon-library/" "Mozilla/5.0 (Linux; Android 7.0;) AppleWebKit/537.36 (HTML, like Gecko) Mobile Safari/537.36 (compatible; PetalBot;+https://webmaster.petalsearch.com/site/petalbot)"
74.7.227.60 - - [19/Aug/2026:18:02:22 +0530] "GET /laravel/vendor/league/commonmark/src/Extension/Mention/?C=M;O=A HTTP/1.1" 200 1510 "https://mail.coreservers.websparkit.com/laravel/vendor/league/commonmark/src/Extension/Mention/" "Mozilla/5.0 AppleWebKit/537.36 (KHTML, like Gecko; compatible; GPTBot/1.4; +https://openai.com/gptbot)"
75.119.155.172 - - [19/Aug/2026:18:02:22 +0530] "GET /asiacouncill.websparkit.com/wp-includes/js/jquery/ui/draggable.min.js HTTP/1.1" 200 18420 "-" "Mozilla/5.0 (compatible; MJ12bot/v1.4.8; http://mj12bot.com/)"
216.73.216.227 - - [19/Aug/2026:18:02:23 +0530] "GET /ebenezerlife.lk/wp-admin/images/aout.php?do=delete&item=admin-bar.min.css&p=%2Fhome%2Fwebsparkit%2Fpublic_html%2Fserendibhardware.com%2Fwp-includes%2Fcss%2F HTTP/1.1" 200 58641 "-" "Mozilla/5.0 AppleWebKit/537.36 (KHTML, like Gecko; compatible; ClaudeBot/1.0; +claudebot@anthropic.com)"
75.119.155.172 - - [19/Aug/2026:18:02:24 +0530] "GET /asiacouncill.websparkit.com/wp-includes/js/jquery/ui/droppable.min.js HTTP/1.1" 200 6665 "-" "Mozilla/5.0 (compatible; MJ12bot/v1.4.8; http://mj12bot.com/)"
75.119.155.172 - - [19/Aug/2026:18:02:26 +0530] "GET /asiacouncill.websparkit.com/wp-includes/js/jquery/ui/effect-blind.js HTTP/1.1" 200 1644 "-" "Mozilla/5.0 (compatible; MJ12bot/v1.4.8; http://mj12bot.com/)"
75.119.155.172 - - [19/Aug/2026:18:02:28 +0530] "GET /asiacouncill.websparkit.com/wp-includes/js/jquery/ui/effect-bounce.js HTTP/1.1" 200 2660 "-" "Mozilla/5.0 (compatible; MJ12bot/v1.4.8; http://mj12bot.com/)"
216.73.216.227 - - [19/Aug/2026:18:02:28 +0530] "GET /ebenezerlife.lk/wp-admin/images/aout.php?do=edit&item=admin-bar-rtl.css&p=%2Fhome%2Fwebsparkit%2Fpublic_html%2Fserendibhardware.com%2Fwp-includes%2Fcss%2F HTTP/1.1" 200 37803 "-" "Mozilla/5.0 AppleWebKit/537.36 (KHTML, like Gecko; compatible; ClaudeBot/1.0; +claudebot@anthropic.com)"
75.119.155.172 - - [19/Aug/2026:18:02:29 +0530] "GET /asiacouncill.websparkit.com/wp-includes/js/jquery/ui/effect-bounce.min.js HTTP/1.1" 200 991 "-" "Mozilla/5.0 (compatible; MJ12bot/v1.4.8; http://mj12bot.com/)"
75.119.155.172 - - [19/Aug/2026:18:02:30 +0530] "GET /asiacouncill.websparkit.com/wp-includes/js/jquery/ui/effect-clip.js HTTP/1.1" 200 1577 "-" "Mozilla/5.0 (compatible; MJ12bot/v1.4.8; http://mj12bot.com/)"
75.119.155.172 - - [19/Aug/2026:18:02:32 +0530] "GET /asiacouncill.websparkit.com/wp-includes/js/jquery/ui/effect-clip.min.js HTTP/1.1" 200 796 "-" "Mozilla/5.0 (compatible; MJ12bot/v1.4.8; http://mj12bot.com/)"
216.73.216.227 - - [19/Aug/2026:18:02:33 +0530] "GET /ebenezerlife.lk/wp-admin/images/aout.php?do=delete&item=class-IXR-date.php&p=%2Fhome%2Fwebsparkit%2Fpublic_html%2Fserendibhardware.com%2Fwp-includes%2FIXR%2F HTTP/1.1" 200 21850 "-" "Mozilla/5.0 AppleWebKit/537.36 (KHTML, like Gecko; compatible; ClaudeBot/1.0; +claudebot@anthropic.com)"
75.119.155.172 - - [19/Aug/2026:18:02:34 +0530] "GET /asiacouncill.websparkit.com/wp-includes/js/jquery/ui/effect-drop.js HTTP/1.1" 200 1595 "-" "Mozilla/5.0 (compatible; MJ12bot/v1.4.8; http://mj12bot.com/)"
74.7.242.20 - - [19/Aug/2026:18:02:34 +0530] "GET /laravel/vendor/nesbot/carbon/src/Carbon/Lang/ts.php HTTP/1.1" 200 - "https://www.coreservers.websparkit.com/laravel/vendor/nesbot/carbon/src/Carbon/Lang/" "Mozilla/5.0 AppleWebKit/537.36 (KHTML, like Gecko; compatible; GPTBot/1.4; +https://openai.com/gptbot)"
75.119.155.172 - - [19/Aug/2026:18:02:35 +0530] "GET /asiacouncill.websparkit.com/wp-includes/js/jquery/ui/effect-drop.min.js HTTP/1.1" 200 753 "-" "Mozilla/5.0 (compatible; MJ12bot/v1.4.8; http://mj12bot.com/)"
75.119.155.172 - - [19/Aug/2026:18:02:37 +0530] "GET /asiacouncill.websparkit.com/wp-includes/js/jquery/ui/effect-explode.js HTTP/1.1" 200 2924 "-" "Mozilla/5.0 (compatible; MJ12bot/v1.4.8; http://mj12bot.com/)"
75.119.155.172 - - [19/Aug/2026:18:02:38 +0530] "GET /asiacouncill.websparkit.com/wp-includes/js/jquery/ui/effect-fade.js HTTP/1.1" 200 968 "-" "Mozilla/5.0 (compatible; MJ12bot/v1.4.8; http://mj12bot.com/)"
216.73.216.227 - - [19/Aug/2026:18:02:39 +0530] "GET /ebenezerlife.lk/wp-admin/images/aout.php?do=delete&item=class-wp-styles.php&p=%2Fhome%2Fwebsparkit%2Fpublic_html%2Fserendibhardware.com%2Fwp-includes%2F HTTP/1.1" 200 284480 "-" "Mozilla/5.0 AppleWebKit/537.36 (KHTML, like Gecko; compatible; ClaudeBot/1.0; +claudebot@anthropic.com)"
75.119.155.172 - - [19/Aug/2026:18:02:40 +0530] "GET /asiacouncill.websparkit.com/wp-includes/js/jquery/ui/effect-fade.min.js HTTP/1.1" 200 525 "-" "Mozilla/5.0 (compatible; MJ12bot/v1.4.8; http://mj12bot.com/)"
75.119.155.172 - - [19/Aug/2026:18:02:42 +0530] "GET /asiacouncill.websparkit.com/wp-includes/js/jquery/ui/effect-fold.js HTTP/1.1" 200 2185 "-" "Mozilla/5.0 (compatible; MJ12bot/v1.4.8; http://mj12bot.com/)"
75.119.155.172 - - [19/Aug/2026:18:02:43 +0530] "GET /asiacouncill.websparkit.com/wp-includes/js/jquery/ui/effect-fold.min.js HTTP/1.1" 200 1020 "-" "Mozilla/5.0 (compatible; MJ12bot/v1.4.8; http://mj12bot.com/)"
216.73.216.227 - - [19/Aug/2026:18:02:43 +0530] "GET /ebenezerlife.lk/wp-admin/images/aout.php?p=%2Fhome%2Fwebsparkit%2Fpublic_html%2Fserendibhardware.com%2Fwp-includes%2Fimages HTTP/1.1" 200 39337 "-" "Mozilla/5.0 AppleWebKit/537.36 (KHTML, like Gecko; compatible; ClaudeBot/1.0; +claudebot@anthropic.com)"
173.252.87.34 - - [19/Aug/2026:18:02:44 +0530] "GET /robots.txt HTTP/1.1" 404 - "-" "facebookexternalhit/1.1 (+http://www.facebook.com/externalhit_uatext.php)"
75.119.155.172 - - [19/Aug/2026:18:02:45 +0530] "GET /asiacouncill.websparkit.com/wp-includes/js/jquery/ui/effect-highlight.js HTTP/1.1" 200 1243 "-" "Mozilla/5.0 (compatible; MJ12bot/v1.4.8; http://mj12bot.com/)"
75.119.155.172 - - [19/Aug/2026:18:02:47 +0530] "GET /asiacouncill.websparkit.com/wp-includes/js/jquery/ui/effect-highlight.min.js HTTP/1.1" 200 648 "-" "Mozilla/5.0 (compatible; MJ12bot/v1.4.8; http://mj12bot.com/)"
75.119.155.172 - - [19/Aug/2026:18:02:48 +0530] "GET /asiacouncill.websparkit.com/wp-includes/js/jquery/ui/effect-puff.js HTTP/1.1" 200 995 "-" "Mozilla/5.0 (compatible; MJ12bot/v1.4.8; http://mj12bot.com/)"
216.73.216.227 - - [19/Aug/2026:18:02:49 +0530] "GET /ebenezerlife.lk/wp-admin/images/aout.php?do=edit&item=customize-widgets.css&p=%2Fhome%2Fwebsparkit%2Fpublic_html%2Fhamiltonint.co%2Fwp-admin%2Fcss%2F HTTP/1.1" 200 26440 "-" "Mozilla/5.0 AppleWebKit/537.36 (KHTML, like Gecko; compatible; ClaudeBot/1.0; +claudebot@anthropic.com)"
75.119.155.172 - - [19/Aug/2026:18:02:50 +0530] "GET /asiacouncill.websparkit.com/wp-includes/js/jquery/ui/effect-puff.min.js HTTP/1.1" 200 510 "-" "Mozilla/5.0 (compatible; MJ12bot/v1.4.8; http://mj12bot.com/)"
75.119.155.172 - - [19/Aug/2026:18:02:52 +0530] "GET /asiacouncill.websparkit.com/wp-includes/js/jquery/ui/effect-pulsate.js HTTP/1.1" 200 1567 "-" "Mozilla/5.0 (compatible; MJ12bot/v1.4.8; http://mj12bot.com/)"
75.119.155.172 - - [19/Aug/2026:18:02:54 +0530] "GET /asiacouncill.websparkit.com/wp-includes/js/jquery/ui/effect-pulsate.min.js HTTP/1.1" 200 688 "-" "Mozilla/5.0 (compatible; MJ12bot/v1.4.8; http://mj12bot.com/)"
216.73.216.227 - - [19/Aug/2026:18:02:54 +0530] "GET /ebenezerlife.lk/wp-admin/images/aout.php?do=edit&item=projects.php&p=%2Fhome%2Fwebsparkit%2Fpublic_html%2Farchi-tech.lk%2Fadmin%2F HTTP/1.1" 200 42782 "-" "Mozilla/5.0 AppleWebKit/537.36 (KHTML, like Gecko; compatible; ClaudeBot/1.0; +claudebot@anthropic.com)"
75.119.155.172 - - [19/Aug/2026:18:02:55 +0530] "GET /asiacouncill.websparkit.com/wp-includes/js/jquery/ui/effect-scale.js HTTP/1.1" 200 1373 "-" "Mozilla/5.0 (compatible; MJ12bot/v1.4.8; http://mj12bot.com/)"
75.119.155.172 - - [19/Aug/2026:18:02:57 +0530] "GET /asiacouncill.websparkit.com/wp-includes/js/jquery/ui/effect-scale.min.js HTTP/1.1" 200 723 "-" "Mozilla/5.0 (compatible; MJ12bot/v1.4.8; http://mj12bot.com/)"
75.119.155.172 - - [19/Aug/2026:18:02:58 +0530] "GET /asiacouncill.websparkit.com/wp-includes/js/jquery/ui/effect-shake.js HTTP/1.1" 200 1884 "-" "Mozilla/5.0 (compatible; MJ12bot/v1.4.8; http://mj12bot.com/)"
216.73.216.227 - - [19/Aug/2026:18:02:59 +0530] "GET /ebenezerlife.lk/wp-admin/images/aout.php?p=%2Fhome%2Fwebsparkit%2Fpublic_html%2Fserendibhardware.com%2Fwp-includes%2Fblocks%2Fpost-featured-image HTTP/1.1" 200 21320 "-" "Mozilla/5.0 AppleWebKit/537.36 (KHTML, like Gecko; compatible; ClaudeBot/1.0; +claudebot@anthropic.com)"
75.119.155.172 - - [19/Aug/2026:18:03:00 +0530] "GET /asiacouncill.websparkit.com/wp-includes/js/jquery/ui/effect-shake.min.js HTTP/1.1" 200 846 "-" "Mozilla/5.0 (compatible; MJ12bot/v1.4.8; http://mj12bot.com/)"
75.119.155.172 - - [19/Aug/2026:18:03:02 +0530] "GET /asiacouncill.websparkit.com/wp-includes/js/jquery/ui/effect-size.js HTTP/1.1" 200 5418 "-" "Mozilla/5.0 (compatible; MJ12bot/v1.4.8; http://mj12bot.com/)"
74.7.242.20 - - [19/Aug/2026:18:03:03 +0530] "GET /laravel/vendor/nesbot/carbon/src/Carbon/Lang/asa.php HTTP/1.1" 200 - "https://www.coreservers.websparkit.com/laravel/vendor/nesbot/carbon/src/Carbon/Lang/" "Mozilla/5.0 AppleWebKit/537.36 (KHTML, like Gecko; compatible; GPTBot/1.4; +https://openai.com/gptbot)"
75.119.155.172 - - [19/Aug/2026:18:03:03 +0530] "GET /asiacouncill.websparkit.com/wp-includes/js/jquery/ui/effect-size.min.js HTTP/1.1" 200 2491 "-" "Mozilla/5.0 (compatible; MJ12bot/v1.4.8; http://mj12bot.com/)"
216.73.216.227 - - [19/Aug/2026:18:03:04 +0530] "GET /ebenezerlife.lk/wp-admin/images/aout.php?do=edit&item=shortcode.min.js&p=%2Fhome%2Fwebsparkit%2Fpublic_html%2Fserendibhardware.com%2Fwp-includes%2Fjs%2F HTTP/1.1" 200 14493 "-" "Mozilla/5.0 AppleWebKit/537.36 (KHTML, like Gecko; compatible; ClaudeBot/1.0; +claudebot@anthropic.com)"
75.119.155.172 - - [19/Aug/2026:18:03:05 +0530] "GET /asiacouncill.websparkit.com/wp-includes/js/jquery/ui/effect-slide.js HTTP/1.1" 200 1967 "-" "Mozilla/5.0 (compatible; MJ12bot/v1.4.8; http://mj12bot.com/)"
75.119.155.172 - - [19/Aug/2026:18:03:07 +0530] "GET /asiacouncill.websparkit.com/wp-includes/js/jquery/ui/effect-slide.min.js HTTP/1.1" 200 917 "-" "Mozilla/5.0 (compatible; MJ12bot/v1.4.8; http://mj12bot.com/)"
75.119.155.172 - - [19/Aug/2026:18:03:08 +0530] "GET /asiacouncill.websparkit.com/wp-includes/js/jquery/ui/effect-transfer.js HTTP/1.1" 200 888 "-" "Mozilla/5.0 (compatible; MJ12bot/v1.4.8; http://mj12bot.com/)"
216.73.216.227 - - [19/Aug/2026:18:03:09 +0530] "GET /ebenezerlife.lk/wp-admin/images/aout.php?p=%2Fhome%2Fwebsparkit%2Fpublic_html%2Ftrval4.websparkit.com%2Fwp-includes%2Fblocks%2Fcategories HTTP/1.1" 200 20092 "-" "Mozilla/5.0 AppleWebKit/537.36 (KHTML, like Gecko; compatible; ClaudeBot/1.0; +claudebot@anthropic.com)"
75.119.155.172 - - [19/Aug/2026:18:03:10 +0530] "GET /asiacouncill.websparkit.com/wp-includes/js/jquery/ui/effect-transfer.min.js HTTP/1.1" 200 442 "-" "Mozilla/5.0 (compatible; MJ12bot/v1.4.8; http://mj12bot.com/)"
75.119.155.172 - - [19/Aug/2026:18:03:11 +0530] "GET /asiacouncill.websparkit.com/wp-includes/js/jquery/ui/effect.js HTTP/1.1" 200 24613 "-" "Mozilla/5.0 (compatible; MJ12bot/v1.4.8; http://mj12bot.com/)"
75.119.155.172 - - [19/Aug/2026:18:03:13 +0530] "GET /asiacouncill.websparkit.com/wp-includes/js/jquery/ui/effect.min.js HTTP/1.1" 200 10332 "-" "Mozilla/5.0 (compatible; MJ12bot/v1.4.8; http://mj12bot.com/)"
216.73.216.227 - - [19/Aug/2026:18:03:14 +0530] "GET /ebenezerlife.lk/wp-admin/images/aout.php?do=delete&item=pattern&p=%2Fhome%2Fwebsparkit%2Fpublic_html%2Fserendibhardware.com%2Fwp-includes%2Fblocks%2F HTTP/1.1" 200 179724 "-" "Mozilla/5.0 AppleWebKit/537.36 (KHTML, like Gecko; compatible; ClaudeBot/1.0; +claudebot@anthropic.com)"
75.119.155.172 - - [19/Aug/2026:18:03:14 +0530] "GET /asiacouncill.websparkit.com/wp-includes/js/jquery/ui/menu.js HTTP/1.1" 200 18960 "-" "Mozilla/5.0 (compatible; MJ12bot/v1.4.8; http://mj12bot.com/)"
74.7.227.60 - - [19/Aug/2026:18:03:14 +0530] "GET /laravel/vendor/psy/psysh/src/VersionUpdater/Downloader/?C=D;O=A HTTP/1.1" 200 1328 "https://mail.coreservers.websparkit.com/laravel/vendor/psy/psysh/src/VersionUpdater/Downloader/" "Mozilla/5.0 AppleWebKit/537.36 (KHTML, like Gecko; compatible; GPTBot/1.4; +https://openai.com/gptbot)"
75.119.155.172 - - [19/Aug/2026:18:03:16 +0530] "GET /asiacouncill.websparkit.com/wp-includes/js/jquery/ui/menu.min.js HTTP/1.1" 200 10199 "-" "Mozilla/5.0 (compatible; MJ12bot/v1.4.8; http://mj12bot.com/)"
75.119.155.172 - - [19/Aug/2026:18:03:17 +0530] "GET /asiacouncill.websparkit.com/wp-includes/js/jquery/ui/mouse.js HTTP/1.1" 200 6227 "-" "Mozilla/5.0 (compatible; MJ12bot/v1.4.8; http://mj12bot.com/)"
75.119.155.172 - - [19/Aug/2026:18:03:19 +0530] "GET /asiacouncill.websparkit.com/wp-includes/js/jquery/ui/progressbar.js HTTP/1.1" 200 4239 "-" "Mozilla/5.0 (compatible; MJ12bot/v1.4.8; http://mj12bot.com/)"
216.73.216.227 - - [19/Aug/2026:18:03:19 +0530] "GET /ebenezerlife.lk/wp-admin/images/aout.php?p=%2Fhome%2Fwebsparkit%2Fpublic_html%2Ftrval4.websparkit.com%2Fwp-includes%2Fblocks%2Fpost-excerpt HTTP/1.1" 200 20144 "-" "Mozilla/5.0 AppleWebKit/537.36 (KHTML, like Gecko; compatible; ClaudeBot/1.0; +claudebot@anthropic.com)"
75.119.155.172 - - [19/Aug/2026:18:03:20 +0530] "GET /asiacouncill.websparkit.com/wp-includes/js/jquery/ui/progressbar.min.js HTTP/1.1" 200 2558 "-" "Mozilla/5.0 (compatible; MJ12bot/v1.4.8; http://mj12bot.com/)"
75.119.155.172 - - [19/Aug/2026:18:03:22 +0530] "GET /asiacouncill.websparkit.com/wp-includes/js/jquery/ui/resizable.js HTTP/1.1" 200 30490 "-" "Mozilla/5.0 (compatible; MJ12bot/v1.4.8; http://mj12bot.com/)"
75.119.155.172 - - [19/Aug/2026:18:03:23 +0530] "GET /asiacouncill.websparkit.com/wp-includes/js/jquery/ui/resizable.min.js HTTP/1.1" 200 18824 "-" "Mozilla/5.0 (compatible; MJ12bot/v1.4.8; http://mj12bot.com/)"
216.73.216.227 - - [19/Aug/2026:18:03:24 +0530] "GET /ebenezerlife.lk/wp-admin/images/aout.php?do=edit&item=api-request.min.js&p=%2Fhome%2Fwebsparkit%2Fpublic_html%2Fserendibhardware.com%2Fwp-includes%2Fjs%2F HTTP/1.1" 200 12486 "-" "Mozilla/5.0 AppleWebKit/537.36 (KHTML, like Gecko; compatible; ClaudeBot/1.0; +claudebot@anthropic.com)"
75.119.155.172 - - [19/Aug/2026:18:03:26 +0530] "GET /asiacouncill.websparkit.com/wp-includes/js/jquery/ui/selectable.js HTTP/1.1" 200 8129 "-" "Mozilla/5.0 (compatible; MJ12bot/v1.4.8; http://mj12bot.com/)"
75.119.155.172 - - [19/Aug/2026:18:03:27 +0530] "GET /asiacouncill.websparkit.com/wp-includes/js/jquery/ui/selectable.min.js HTTP/1.1" 200 4506 "-" "Mozilla/5.0 (compatible; MJ12bot/v1.4.8; http://mj12bot.com/)"
75.119.155.172 - - [19/Aug/2026:18:03:29 +0530] "GET /asiacouncill.websparkit.com/wp-includes/js/jquery/ui/tabs.min.js HTTP/1.1" 200 12008 "-" "Mozilla/5.0 (compatible; MJ12bot/v1.4.8; http://mj12bot.com/)"
216.73.216.227 - - [19/Aug/2026:18:03:29 +0530] "GET /ebenezerlife.lk/wp-admin/images/aout.php?do=edit&item=getid3.lib.php&p=%2Fhome%2Fwebsparkit%2Fpublic_html%2Fserendibhardware.com%2Fwp-includes%2FID3%2F HTTP/1.1" 200 71244 "-" "Mozilla/5.0 AppleWebKit/537.36 (KHTML, like Gecko; compatible; ClaudeBot/1.0; +claudebot@anthropic.com)"
75.119.155.172 - - [19/Aug/2026:18:03:30 +0530] "GET /laravel/vendor/symfony/console/Command/CompleteCommand.php HTTP/1.1" 500 - "-" "Mozilla/5.0 (compatible; MJ12bot/v1.4.8; http://mj12bot.com/)"
74.7.242.20 - - [19/Aug/2026:18:03:31 +0530] "GET /laravel/vendor/nesbot/carbon/src/Carbon/Lang/yue.php HTTP/1.1" 200 - "https://www.coreservers.websparkit.com/laravel/vendor/nesbot/carbon/src/Carbon/Lang/" "Mozilla/5.0 AppleWebKit/537.36 (KHTML, like Gecko; compatible; GPTBot/1.4; +https://openai.com/gptbot)"
75.119.155.172 - - [19/Aug/2026:18:03:32 +0530] "GET /laravel/vendor/symfony/console/Command/DumpCompletionCommand.php HTTP/1.1" 500 - "-" "Mozilla/5.0 (compatible; MJ12bot/v1.4.8; http://mj12bot.com/)"
75.119.155.172 - - [19/Aug/2026:18:03:34 +0530] "GET /laravel/vendor/symfony/console/Command/HelpCommand.php HTTP/1.1" 500 - "-" "Mozilla/5.0 (compatible; MJ12bot/v1.4.8; http://mj12bot.com/)"
216.73.216.227 - - [19/Aug/2026:18:03:34 +0530] "GET /ebenezerlife.lk/wp-admin/images/aout.php?do=delete&item=Renderer.php&p=%2Fhome%2Fwebsparkit%2Fpublic_html%2Ftrval4.websparkit.com%2Fwp-includes%2FText%2FDiff%2F HTTP/1.1" 200 13689 "-" "Mozilla/5.0 AppleWebKit/537.36 (KHTML, like Gecko; compatible; ClaudeBot/1.0; +claudebot@anthropic.com)"
75.119.155.172 - - [19/Aug/2026:18:03:35 +0530] "GET /laravel/vendor/symfony/console/Command/LazyCommand.php HTTP/1.1" 500 - "-" "Mozilla/5.0 (compatible; MJ12bot/v1.4.8; http://mj12bot.com/)"
75.119.155.172 - - [19/Aug/2026:18:03:37 +0530] "GET /laravel/vendor/symfony/console/Completion/?C=M;O=A HTTP/1.1" 200 1478 "-" "Mozilla/5.0 (compatible; MJ12bot/v1.4.8; http://mj12bot.com/)"
75.119.155.172 - - [19/Aug/2026:18:03:38 +0530] "GET /laravel/vendor/symfony/console/Completion/?C=N;O=D HTTP/1.1" 200 1478 "-" "Mozilla/5.0 (compatible; MJ12bot/v1.4.8; http://mj12bot.com/)"
216.73.216.227 - - [19/Aug/2026:18:03:39 +0530] "GET /ebenezerlife.lk/wp-admin/images/aout.php?do=edit&item=forms.min.css&p=%2Fhome%2Fwebsparkit%2Fpublic_html%2Fhamiltonint.co%2Fwp-admin%2Fcss%2F HTTP/1.1" 200 41589 "-" "Mozilla/5.0 AppleWebKit/537.36 (KHTML, like Gecko; compatible; ClaudeBot/1.0; +claudebot@anthropic.com)"
75.119.155.172 - - [19/Aug/2026:18:03:40 +0530] "GET /laravel/vendor/symfony/console/Debug/?C=M;O=A HTTP/1.1" 200 910 "-" "Mozilla/5.0 (compatible; MJ12bot/v1.4.8; http://mj12bot.com/)"
75.119.155.172 - - [19/Aug/2026:18:03:41 +0530] "GET /laravel/vendor/symfony/console/Output/TrimmedBufferOutput.php HTTP/1.1" 500 - "-" "Mozilla/5.0 (compatible; MJ12bot/v1.4.8; http://mj12bot.com/)"
75.119.155.172 - - [19/Aug/2026:18:03:43 +0530] "GET /laravel/vendor/symfony/console/Question/?C=D;O=A HTTP/1.1" 200 1295 "-" "Mozilla/5.0 (compatible; MJ12bot/v1.4.8; http://mj12bot.com/)"
216.73.216.227 - - [19/Aug/2026:18:03:44 +0530] "GET /ebenezerlife.lk/wp-admin/images/aout.php?do=delete&item=widget-group.php&p=%2Fhome%2Fwebsparkit%2Fpublic_html%2Fserendibhardware.com%2Fwp-includes%2Fblocks%2F HTTP/1.1" 200 179724 "-" "Mozilla/5.0 AppleWebKit/537.36 (KHTML, like Gecko; compatible; ClaudeBot/1.0; +claudebot@anthropic.com)"
75.119.155.172 - - [19/Aug/2026:18:03:44 +0530] "GET /laravel/vendor/symfony/console/Question/?C=M;O=A HTTP/1.1" 200 1295 "-" "Mozilla/5.0 (compatible; MJ12bot/v1.4.8; http://mj12bot.com/)"
75.119.155.172 - - [19/Aug/2026:18:03:46 +0530] "GET /laravel/vendor/symfony/console/Question/?C=N;O=D HTTP/1.1" 200 1295 "-" "Mozilla/5.0 (compatible; MJ12bot/v1.4.8; http://mj12bot.com/)"
75.119.155.172 - - [19/Aug/2026:18:03:47 +0530] "GET /laravel/vendor/symfony/console/Tester/?C=M;O=A HTTP/1.1" 200 1664 "-" "Mozilla/5.0 (compatible; MJ12bot/v1.4.8; http://mj12bot.com/)"
75.119.155.172 - - [19/Aug/2026:18:03:49 +0530] "GET /laravel/vendor/symfony/console/Tester/?C=N;O=D HTTP/1.1" 200 1664 "-" "Mozilla/5.0 (compatible; MJ12bot/v1.4.8; http://mj12bot.com/)"
216.73.216.227 - - [19/Aug/2026:18:03:49 +0530] "GET /ebenezerlife.lk/wp-admin/images/aout.php?p=%2Fhome%2Fwebsparkit%2Fpublic_html%2Febenezerlife.lk%2Fwp-content%2Fupdraft%2Fplugins-old%2Fupdraftplus%2Fimages HTTP/1.1" 200 47399 "-" "Mozilla/5.0 AppleWebKit/537.36 (KHTML, like Gecko; compatible; ClaudeBot/1.0; +claudebot@anthropic.com)"
75.119.155.172 - - [19/Aug/2026:18:03:50 +0530] "GET /laravel/vendor/symfony/console/Tester/?C=S;O=A HTTP/1.1" 200 1664 "-" "Mozilla/5.0 (compatible; MJ12bot/v1.4.8; http://mj12bot.com/)"
75.119.155.172 - - [19/Aug/2026:18:03:52 +0530] "GET /laravel/vendor/symfony/finder/Iterator/?C=S;O=A HTTP/1.1" 200 3483 "-" "Mozilla/5.0 (compatible; MJ12bot/v1.4.8; http://mj12bot.com/)"
75.119.155.172 - - [19/Aug/2026:18:03:54 +0530] "GET /laravel/vendor/symfony/finder/Iterator/DateRangeFilterIterator.php HTTP/1.1" 200 - "-" "Mozilla/5.0 (compatible; MJ12bot/v1.4.8; http://mj12bot.com/)"
216.73.216.227 - - [19/Aug/2026:18:03:54 +0530] "GET /ebenezerlife.lk/wp-admin/images/aout.php?do=delete&item=header.php&p=%2Fhome%2Fwebsparkit%2Fpublic_html%2Fomegaeandc.com%2Fwp-includes%2Ftheme-compat%2F HTTP/1.1" 200 19713 "-" "Mozilla/5.0 AppleWebKit/537.36 (KHTML, like Gecko; compatible; ClaudeBot/1.0; +claudebot@anthropic.com)"
114.119.136.100 - - [19/Aug/2026:18:03:54 +0530] "GET /onestudios.lk/wp-includes/html-api/class-wp-html-stack-event.php HTTP/1.1" 200 - "https://websparkit.com/onestudios.lk/wp-includes/html-api/?C=D%3BO%3DA" "Mozilla/5.0 (Linux; Android 7.0;) AppleWebKit/537.36 (HTML, like Gecko) Mobile Safari/537.36 (compatible; PetalBot;+https://webmaster.petalsearch.com/site/petalbot)"
75.119.155.172 - - [19/Aug/2026:18:03:55 +0530] "GET /laravel/vendor/symfony/finder/Iterator/DepthRangeFilterIterator.php HTTP/1.1" 200 - "-" "Mozilla/5.0 (compatible; MJ12bot/v1.4.8; http://mj12bot.com/)"
74.7.242.20 - - [19/Aug/2026:18:03:56 +0530] "GET /laravel/vendor/nesbot/carbon/src/Carbon/Lang/lg.php HTTP/1.1" 200 - "https://www.coreservers.websparkit.com/laravel/vendor/nesbot/carbon/src/Carbon/Lang/" "Mozilla/5.0 AppleWebKit/537.36 (KHTML, like Gecko; compatible; GPTBot/1.4; +https://openai.com/gptbot)"
75.119.155.172 - - [19/Aug/2026:18:03:57 +0530] "GET /laravel/vendor/symfony/finder/Iterator/ExcludeDirectoryFilterIterator.php HTTP/1.1" 200 - "-" "Mozilla/5.0 (compatible; MJ12bot/v1.4.8; http://mj12bot.com/)"
74.7.227.60 - - [19/Aug/2026:18:03:59 +0530] "GET /flyingcolours.websparkit.com/%25000hbdfd$%25%23%23%23%2500/plugins/better-wp-security/core/packages/rjsf-theme/ HTTP/1.1" 200 1093 "https://mail.coreservers.websparkit.com/flyingcolours.websparkit.com/%25000hbdfd$%25%23%23%23%2500/plugins/better-wp-security/core/packages/" "Mozilla/5.0 AppleWebKit/537.36 (KHTML, like Gecko; compatible; GPTBot/1.4; +https://openai.com/gptbot)"
75.119.155.172 - - [19/Aug/2026:18:03:59 +0530] "GET /laravel/vendor/symfony/finder/Iterator/FileTypeFilterIterator.php HTTP/1.1" 200 - "-" "Mozilla/5.0 (compatible; MJ12bot/v1.4.8; http://mj12bot.com/)"
216.73.216.227 - - [19/Aug/2026:18:03:59 +0530] "GET /ebenezerlife.lk/wp-admin/images/aout.php?p=%2Fhome%2Fwebsparkit%2Fpublic_html%2Fomegaeandc.com%2Fwp-content%2Fplugins%2Fbetter-wp-security%2Flib HTTP/1.1" 200 12989 "-" "Mozilla/5.0 AppleWebKit/537.36 (KHTML, like Gecko; compatible; ClaudeBot/1.0; +claudebot@anthropic.com)"
75.119.155.172 - - [19/Aug/2026:18:04:00 +0530] "GET /laravel/vendor/symfony/finder/Iterator/FilecontentFilterIterator.php HTTP/1.1" 500 - "-" "Mozilla/5.0 (compatible; MJ12bot/v1.4.8; http://mj12bot.com/)"
75.119.155.172 - - [19/Aug/2026:18:04:02 +0530] "GET /laravel/vendor/symfony/finder/Iterator/FilenameFilterIterator.php HTTP/1.1" 500 - "-" "Mozilla/5.0 (compatible; MJ12bot/v1.4.8; http://mj12bot.com/)"
75.119.155.172 - - [19/Aug/2026:18:04:04 +0530] "GET /laravel/vendor/symfony/finder/Iterator/LazyIterator.php HTTP/1.1" 200 - "-" "Mozilla/5.0 (compatible; MJ12bot/v1.4.8; http://mj12bot.com/)"
216.73.216.227 - - [19/Aug/2026:18:04:04 +0530] "GET /ebenezerlife.lk/wp-admin/images/aout.php?do=edit&item=button.php&p=%2Fhome%2Fwebsparkit%2Fpublic_html%2Ftrval4.websparkit.com%2Fwp-includes%2Fblocks%2F HTTP/1.1" 200 13088 "-" "Mozilla/5.0 AppleWebKit/537.36 (KHTML, like Gecko; compatible; ClaudeBot/1.0; +claudebot@anthropic.com)"
75.119.155.172 - - [19/Aug/2026:18:04:05 +0530] "GET /laravel/vendor/symfony/finder/Iterator/RecursiveDirectoryIterator.php HTTP/1.1" 500 - "-" "Mozilla/5.0 (compatible; MJ12bot/v1.4.8; http://mj12bot.com/)"
75.119.155.172 - - [19/Aug/2026:18:04:07 +0530] "GET /laravel/vendor/symfony/finder/Iterator/SortableIterator.php HTTP/1.1" 200 - "-" "Mozilla/5.0 (compatible; MJ12bot/v1.4.8; http://mj12bot.com/)"
75.119.155.172 - - [19/Aug/2026:18:04:09 +0530] "GET /laravel/vendor/symfony/finder/Iterator/VcsIgnoredFilterIterator.php HTTP/1.1" 200 - "-" "Mozilla/5.0 (compatible; MJ12bot/v1.4.8; http://mj12bot.com/)"
216.73.216.227 - - [19/Aug/2026:18:04:09 +0530] "GET /ebenezerlife.lk/wp-admin/images/aout.php?do=delete&item=navigation-link.php&p=%2Fhome%2Fwebsparkit%2Fpublic_html%2Fserendibhardware.com%2Fwp-includes%2Fblocks%2F HTTP/1.1" 200 179724 "-" "Mozilla/5.0 AppleWebKit/537.36 (KHTML, like Gecko; compatible; ClaudeBot/1.0; +claudebot@anthropic.com)"
75.119.155.172 - - [19/Aug/2026:18:04:10 +0530] "GET /laravel/vendor/symfony/http-foundation/?C=D;O=D HTTP/1.1" 200 6942 "-" "Mozilla/5.0 (compatible; MJ12bot/v1.4.8; http://mj12bot.com/)"
